

--
-- Name: pg_trgm; Type: EXTENSION; Schema: -; Owner: -
--

CREATE EXTENSION IF NOT EXISTS pg_trgm WITH SCHEMA public;


--
-- Name: EXTENSION pg_trgm; Type: COMMENT; Schema: -; Owner: 
--

COMMENT ON EXTENSION pg_trgm IS 'text similarity measurement and index searching based on trigrams';


--
-- Name: uuid-ossp; Type: EXTENSION; Schema: -; Owner: -
--

CREATE EXTENSION IF NOT EXISTS "uuid-ossp" WITH SCHEMA public;


--
-- Name: EXTENSION "uuid-ossp"; Type: COMMENT; Schema: -; Owner: 
--

COMMENT ON EXTENSION "uuid-ossp" IS 'generate universally unique identifiers (UUIDs)';


--
-- Name: delivery_outcome; Type: TYPE; Schema: public; Owner: mmegsi_user
--

CREATE TYPE public.delivery_outcome AS ENUM (
    'delivered',
    'undelivered'
);


ALTER TYPE public.delivery_outcome OWNER TO mmegsi_user;

--
-- Name: import_batch_status; Type: TYPE; Schema: public; Owner: mmegsi_user
--

CREATE TYPE public.import_batch_status AS ENUM (
    'processing',
    'pending_review',
    'committed',
    'failed'
);


ALTER TYPE public.import_batch_status OWNER TO mmegsi_user;

--
-- Name: staging_status; Type: TYPE; Schema: public; Owner: mmegsi_user
--

CREATE TYPE public.staging_status AS ENUM (
    'pending',
    'valid',
    'duplicate',
    'error'
);


ALTER TYPE public.staging_status OWNER TO mmegsi_user;

--
-- Name: user_role; Type: TYPE; Schema: public; Owner: mmegsi_user
--

CREATE TYPE public.user_role AS ENUM (
    'SuperAdmin',
    'Manager',
    'Supervisor',
    'Admin',
    'Owner',
    'Messenger'
);


ALTER TYPE public.user_role OWNER TO mmegsi_user;


ALTER FUNCTION public.fn_bill_recipients_employee_must_be_messenger() OWNER TO mmegsi_user;


ALTER FUNCTION public.fn_messenger_branch_priorities_must_be_messenger() OWNER TO mmegsi_user;


ALTER FUNCTION public.fn_messenger_coverage_must_be_messengers() OWNER TO mmegsi_user;



--
-- Name: _migrations; Type: TABLE; Schema: public; Owner: mmegsi_user
--

CREATE TABLE public._migrations (
    name character varying(255) NOT NULL,
    run_at timestamp with time zone DEFAULT now() NOT NULL
);


ALTER TABLE public._migrations OWNER TO mmegsi_user;

--
-- Name: app_content; Type: TABLE; Schema: public; Owner: mmegsi_user
--

CREATE TABLE public.app_content (
    id uuid DEFAULT public.uuid_generate_v4() NOT NULL,
    type character varying(20) NOT NULL,
    title character varying(200) NOT NULL,
    body text NOT NULL,
    is_active boolean DEFAULT true NOT NULL,
    sort_order integer DEFAULT 0 NOT NULL,
    created_by uuid,
    created_at timestamp with time zone DEFAULT now() NOT NULL,
    updated_at timestamp with time zone DEFAULT now() NOT NULL,
    slug character varying(100),
    CONSTRAINT app_content_type_check CHECK (((type)::text = ANY ((ARRAY['Help'::character varying, 'FAQ'::character varying, 'Announcement'::character varying, 'Directory'::character varying])::text[])))
);


ALTER TABLE public.app_content OWNER TO mmegsi_user;

--
-- Name: COLUMN app_content.slug; Type: COMMENT; Schema: public; Owner: mmegsi_user
--

COMMENT ON COLUMN public.app_content.slug IS 'Unique key for singleton pages (e.g. directory). NULL for list-type content.';


--
-- Name: audit_log; Type: TABLE; Schema: public; Owner: mmegsi_user
--

CREATE TABLE public.audit_log (
    id bigint NOT NULL,
    user_id uuid,
    action character varying(100) NOT NULL,
    table_name character varying(100) NOT NULL,
    record_id character varying(50),
    old_values jsonb,
    new_values jsonb,
    ip_address character varying(45),
    created_at timestamp with time zone DEFAULT now() NOT NULL
);


ALTER TABLE public.audit_log OWNER TO mmegsi_user;

--
-- Name: audit_log_id_seq; Type: SEQUENCE; Schema: public; Owner: mmegsi_user
--

CREATE SEQUENCE public.audit_log_id_seq
    START WITH 1
    INCREMENT BY 1
    NO MINVALUE
    NO MAXVALUE
    CACHE 1;


ALTER SEQUENCE public.audit_log_id_seq OWNER TO mmegsi_user;

--
-- Name: audit_log_id_seq; Type: SEQUENCE OWNED BY; Schema: public; Owner: mmegsi_user
--

ALTER SEQUENCE public.audit_log_id_seq OWNED BY public.audit_log.id;


--
-- Name: bill_recipient_deliveries; Type: TABLE; Schema: public; Owner: mmegsi_user
--

CREATE TABLE public.bill_recipient_deliveries (
    id uuid DEFAULT public.uuid_generate_v4() NOT NULL,
    client_uuid uuid NOT NULL,
    bill_recipient_id uuid NOT NULL,
    messenger_id uuid NOT NULL,
    status public.delivery_outcome NOT NULL,
    undelivered_reason character varying(150),
    notes text,
    checkin_lat numeric(10,7),
    checkin_lng numeric(10,7),
    gps_accuracy_m numeric(8,2),
    delivered_at timestamp with time zone NOT NULL,
    proof_photo_url character varying(500),
    synced_at timestamp with time zone DEFAULT now() NOT NULL,
    created_at timestamp with time zone DEFAULT now() NOT NULL
);


ALTER TABLE public.bill_recipient_deliveries OWNER TO mmegsi_user;

--
-- Name: bill_recipients; Type: TABLE; Schema: public; Owner: mmegsi_user
--

CREATE TABLE public.bill_recipients (
    id uuid DEFAULT public.uuid_generate_v4() NOT NULL,
    name character varying(255) NOT NULL,
    address text NOT NULL,
    source_batch uuid,
    created_at timestamp with time zone DEFAULT now() NOT NULL,
    sin_number character varying(50),
    meter_no character varying(50),
    branch_id uuid,
    zone_id uuid,
    employee_id uuid,
    route character varying(100),
    sequence integer
);


ALTER TABLE public.bill_recipients OWNER TO mmegsi_user;

--
-- Name: COLUMN bill_recipients.sin_number; Type: COMMENT; Schema: public; Owner: mmegsi_user
--

COMMENT ON COLUMN public.bill_recipients.sin_number IS 'Service Identification Number';


--
-- Name: COLUMN bill_recipients.meter_no; Type: COMMENT; Schema: public; Owner: mmegsi_user
--

COMMENT ON COLUMN public.bill_recipients.meter_no IS 'Meter number';


--
-- Name: branch_clients; Type: TABLE; Schema: public; Owner: mmegsi_user
--

CREATE TABLE public.branch_clients (
    branch_id uuid NOT NULL,
    client_id uuid NOT NULL
);


ALTER TABLE public.branch_clients OWNER TO mmegsi_user;

--
-- Name: branch_photos; Type: TABLE; Schema: public; Owner: mmegsi_user
--

CREATE TABLE public.branch_photos (
    id uuid DEFAULT public.uuid_generate_v4() NOT NULL,
    branch_id uuid NOT NULL,
    file_name character varying(255) NOT NULL,
    file_url character varying(500) NOT NULL,
    file_size_kb integer NOT NULL,
    caption character varying(255),
    uploaded_by uuid NOT NULL,
    created_at timestamp with time zone DEFAULT now() NOT NULL
);


ALTER TABLE public.branch_photos OWNER TO mmegsi_user;

--
-- Name: branch_zones; Type: TABLE; Schema: public; Owner: mmegsi_user
--

CREATE TABLE public.branch_zones (
    id uuid DEFAULT public.uuid_generate_v4() NOT NULL,
    branch_id uuid NOT NULL,
    name character varying(100) NOT NULL,
    assigned_messenger_id uuid,
    assigned_messenger_name character varying(150),
    subscriber_count integer DEFAULT 0 NOT NULL,
    is_active boolean DEFAULT true NOT NULL,
    created_at timestamp with time zone DEFAULT now() NOT NULL,
    updated_at timestamp with time zone DEFAULT now() NOT NULL
);


ALTER TABLE public.branch_zones OWNER TO mmegsi_user;

--
-- Name: branches; Type: TABLE; Schema: public; Owner: mmegsi_user
--

CREATE TABLE public.branches (
    id uuid DEFAULT public.uuid_generate_v4() NOT NULL,
    name character varying(100) NOT NULL,
    address character varying(255) NOT NULL,
    supervisor_id uuid,
    admin_id uuid,
    contact character varying(20) NOT NULL,
    employees integer DEFAULT 0 NOT NULL,
    years_in_service integer DEFAULT 0 NOT NULL,
    latitude numeric(10,7),
    longitude numeric(10,7),
    is_active boolean DEFAULT true NOT NULL,
    created_at timestamp with time zone DEFAULT now() NOT NULL,
    updated_at timestamp with time zone DEFAULT now() NOT NULL,
    google_map_link text
);


ALTER TABLE public.branches OWNER TO mmegsi_user;

--
-- Name: clients; Type: TABLE; Schema: public; Owner: mmegsi_user
--

CREATE TABLE public.clients (
    id uuid DEFAULT public.uuid_generate_v4() NOT NULL,
    name character varying(100) NOT NULL,
    hotline character varying(30),
    email character varying(150),
    is_active boolean DEFAULT true NOT NULL,
    created_at timestamp with time zone DEFAULT now() NOT NULL
);


ALTER TABLE public.clients OWNER TO mmegsi_user;

--
-- Name: delivery_items; Type: TABLE; Schema: public; Owner: mmegsi_user
--

CREATE TABLE public.delivery_items (
    id uuid DEFAULT public.uuid_generate_v4() NOT NULL,
    delivery_run_id uuid NOT NULL,
    subscriber_id uuid NOT NULL,
    status character varying(20) DEFAULT 'pending'::character varying NOT NULL,
    delivered_at timestamp with time zone,
    proof_photo_url character varying(500),
    checkin_lat numeric(10,7),
    checkin_lng numeric(10,7),
    notes text,
    created_at timestamp with time zone DEFAULT now() NOT NULL,
    updated_at timestamp with time zone DEFAULT now() NOT NULL,
    CONSTRAINT delivery_items_status_check CHECK (((status)::text = ANY ((ARRAY['pending'::character varying, 'delivered'::character varying, 'undelivered'::character varying])::text[])))
);


ALTER TABLE public.delivery_items OWNER TO mmegsi_user;

--
-- Name: delivery_proof_photos; Type: TABLE; Schema: public; Owner: mmegsi_user
--

CREATE TABLE public.delivery_proof_photos (
    id uuid DEFAULT public.uuid_generate_v4() NOT NULL,
    delivery_item_id uuid NOT NULL,
    file_name character varying(255) NOT NULL,
    file_url character varying(500) NOT NULL,
    file_size_kb integer DEFAULT 0 NOT NULL,
    mime_type character varying(100) DEFAULT 'image/jpeg'::character varying NOT NULL,
    uploaded_by uuid,
    created_at timestamp with time zone DEFAULT now() NOT NULL
);


ALTER TABLE public.delivery_proof_photos OWNER TO mmegsi_user;

--
-- Name: delivery_runs; Type: TABLE; Schema: public; Owner: mmegsi_user
--

CREATE TABLE public.delivery_runs (
    id uuid DEFAULT public.uuid_generate_v4() NOT NULL,
    branch_id uuid NOT NULL,
    parcel_type_id uuid NOT NULL,
    messenger_id uuid,
    created_by uuid,
    run_date date NOT NULL,
    period_month character(7) NOT NULL,
    total_items integer DEFAULT 0 NOT NULL,
    delivered integer DEFAULT 0 NOT NULL,
    undelivered integer DEFAULT 0 NOT NULL,
    for_return integer DEFAULT 0 NOT NULL,
    status character varying(20) DEFAULT 'Pending'::character varying NOT NULL,
    created_at timestamp with time zone DEFAULT now() NOT NULL,
    updated_at timestamp with time zone DEFAULT now() NOT NULL,
    CONSTRAINT chk_run_counts CHECK ((((delivered + undelivered) + for_return) <= total_items)),
    CONSTRAINT delivery_runs_status_check CHECK (((status)::text = ANY ((ARRAY['Pending'::character varying, 'In Progress'::character varying, 'Completed'::character varying, 'Cancelled'::character varying])::text[])))
);


ALTER TABLE public.delivery_runs OWNER TO mmegsi_user;

--
-- Name: delivery_undelivered_log; Type: TABLE; Schema: public; Owner: mmegsi_user
--

CREATE TABLE public.delivery_undelivered_log (
    id uuid DEFAULT public.uuid_generate_v4() NOT NULL,
    delivery_item_id uuid NOT NULL,
    reason_id uuid NOT NULL,
    logged_at timestamp with time zone DEFAULT now() NOT NULL,
    notes text
);


ALTER TABLE public.delivery_undelivered_log OWNER TO mmegsi_user;

--
-- Name: import_batches; Type: TABLE; Schema: public; Owner: mmegsi_user
--

CREATE TABLE public.import_batches (
    id uuid DEFAULT public.uuid_generate_v4() NOT NULL,
    file_name character varying(255) NOT NULL,
    uploaded_by uuid,
    status public.import_batch_status DEFAULT 'processing'::public.import_batch_status NOT NULL,
    total_rows integer DEFAULT 0 NOT NULL,
    valid_rows integer DEFAULT 0 NOT NULL,
    duplicate_rows integer DEFAULT 0 NOT NULL,
    error_rows integer DEFAULT 0 NOT NULL,
    error_detail text,
    created_at timestamp with time zone DEFAULT now() NOT NULL,
    updated_at timestamp with time zone DEFAULT now() NOT NULL,
    file_size_mb numeric(8,2),
    error_message text,
    branch_id uuid,
    assigned_messenger_id uuid,
    assigned_messenger_name character varying(150)
);


ALTER TABLE public.import_batches OWNER TO mmegsi_user;

--
-- Name: import_staging; Type: TABLE; Schema: public; Owner: mmegsi_user
--

CREATE TABLE public.import_staging (
    id uuid DEFAULT public.uuid_generate_v4() NOT NULL,
    batch_id uuid NOT NULL,
    sheet_name character varying(100) NOT NULL,
    row_number integer,
    sequence_no bigint,
    raw_name character varying(255),
    raw_address text,
    status public.staging_status DEFAULT 'pending'::public.staging_status NOT NULL,
    error_note character varying(255),
    created_at timestamp with time zone DEFAULT now() NOT NULL,
    sin_number character varying(50),
    meter_no character varying(50),
    route character varying(100)
);


ALTER TABLE public.import_staging OWNER TO mmegsi_user;

--
-- Name: COLUMN import_staging.sin_number; Type: COMMENT; Schema: public; Owner: mmegsi_user
--

COMMENT ON COLUMN public.import_staging.sin_number IS 'Service Identification Number from Excel';


--
-- Name: COLUMN import_staging.meter_no; Type: COMMENT; Schema: public; Owner: mmegsi_user
--

COMMENT ON COLUMN public.import_staging.meter_no IS 'Meter number from Excel';


--
-- Name: login_history; Type: TABLE; Schema: public; Owner: mmegsi_user
--

CREATE TABLE public.login_history (
    id bigint NOT NULL,
    user_id uuid,
    username character varying(50) NOT NULL,
    ip_address character varying(45),
    user_agent character varying(500),
    success boolean NOT NULL,
    fail_reason character varying(100),
    logged_at timestamp with time zone DEFAULT now() NOT NULL
);


ALTER TABLE public.login_history OWNER TO mmegsi_user;

--
-- Name: login_history_id_seq; Type: SEQUENCE; Schema: public; Owner: mmegsi_user
--

CREATE SEQUENCE public.login_history_id_seq
    START WITH 1
    INCREMENT BY 1
    NO MINVALUE
    NO MAXVALUE
    CACHE 1;


ALTER SEQUENCE public.login_history_id_seq OWNER TO mmegsi_user;

--
-- Name: login_history_id_seq; Type: SEQUENCE OWNED BY; Schema: public; Owner: mmegsi_user
--

ALTER SEQUENCE public.login_history_id_seq OWNED BY public.login_history.id;


--
-- Name: messenger_branch_priorities; Type: TABLE; Schema: public; Owner: mmegsi_user
--

CREATE TABLE public.messenger_branch_priorities (
    id uuid DEFAULT public.uuid_generate_v4() NOT NULL,
    messenger_id uuid NOT NULL,
    branch_id uuid NOT NULL,
    priority integer NOT NULL,
    created_at timestamp with time zone DEFAULT now() NOT NULL,
    updated_at timestamp with time zone DEFAULT now() NOT NULL
);


ALTER TABLE public.messenger_branch_priorities OWNER TO mmegsi_user;

--
-- Name: messenger_coverage; Type: TABLE; Schema: public; Owner: mmegsi_user
--

CREATE TABLE public.messenger_coverage (
    id uuid DEFAULT public.uuid_generate_v4() NOT NULL,
    branch_id uuid NOT NULL,
    absent_messenger_id uuid NOT NULL,
    absent_messenger_name character varying(150) NOT NULL,
    covering_messenger_id uuid NOT NULL,
    covering_messenger_name character varying(150) NOT NULL,
    effective_from date NOT NULL,
    effective_to date NOT NULL,
    reason character varying(255),
    assigned_by uuid,
    assigned_by_name character varying(150),
    created_at timestamp with time zone DEFAULT now() NOT NULL,
    CONSTRAINT chk_messenger_coverage_dates CHECK ((effective_to >= effective_from))
);


ALTER TABLE public.messenger_coverage OWNER TO mmegsi_user;

--
-- Name: parcel_photos; Type: TABLE; Schema: public; Owner: mmegsi_user
--

CREATE TABLE public.parcel_photos (
    id uuid DEFAULT public.uuid_generate_v4() NOT NULL,
    parcel_type_id uuid NOT NULL,
    file_name character varying(255) NOT NULL,
    file_url character varying(500) NOT NULL,
    file_size_kb integer NOT NULL,
    uploaded_by uuid NOT NULL,
    created_at timestamp with time zone DEFAULT now() NOT NULL
);


ALTER TABLE public.parcel_photos OWNER TO mmegsi_user;

--
-- Name: parcel_types; Type: TABLE; Schema: public; Owner: mmegsi_user
--

CREATE TABLE public.parcel_types (
    id uuid DEFAULT public.uuid_generate_v4() NOT NULL,
    type character varying(150) NOT NULL,
    client_id uuid NOT NULL,
    material character varying(150) NOT NULL,
    penalty_if_lost character varying(50) NOT NULL,
    hotline character varying(30) NOT NULL,
    contract_end date NOT NULL,
    status character varying(20) DEFAULT 'Active'::character varying NOT NULL,
    created_at timestamp with time zone DEFAULT now() NOT NULL,
    updated_at timestamp with time zone DEFAULT now() NOT NULL,
    CONSTRAINT parcel_types_status_check CHECK (((status)::text = ANY ((ARRAY['Active'::character varying, 'Inactive'::character varying])::text[])))
);


ALTER TABLE public.parcel_types OWNER TO mmegsi_user;

--
-- Name: subscribers; Type: TABLE; Schema: public; Owner: mmegsi_user
--

CREATE TABLE public.subscribers (
    id uuid DEFAULT public.uuid_generate_v4() NOT NULL,
    full_name character varying(150) NOT NULL,
    branch_id uuid NOT NULL,
    client_id uuid NOT NULL,
    sin character varying(50) NOT NULL,
    meter_no character varying(50) NOT NULL,
    address character varying(255),
    latitude numeric(10,7),
    longitude numeric(10,7),
    is_active boolean DEFAULT true NOT NULL,
    created_at timestamp with time zone DEFAULT now() NOT NULL,
    updated_at timestamp with time zone DEFAULT now() NOT NULL
);


ALTER TABLE public.subscribers OWNER TO mmegsi_user;

--
-- Name: token_blacklist_id_seq; Type: SEQUENCE; Schema: public; Owner: mmegsi_user
--

CREATE SEQUENCE public.token_blacklist_id_seq
    START WITH 1
    INCREMENT BY 1
    NO MINVALUE
    NO MAXVALUE
    CACHE 1;


ALTER SEQUENCE public.token_blacklist_id_seq OWNER TO mmegsi_user;

--
-- Name: token_blacklist_id_seq; Type: SEQUENCE OWNED BY; Schema: public; Owner: mmegsi_user
--

ALTER SEQUENCE public.token_blacklist_id_seq OWNED BY public.token_blacklist.id;


--
-- Name: undelivered_reasons; Type: TABLE; Schema: public; Owner: mmegsi_user
--

CREATE TABLE public.undelivered_reasons (
    id uuid DEFAULT public.uuid_generate_v4() NOT NULL,
    reason character varying(200) NOT NULL,
    client_id uuid NOT NULL,
    status character varying(20) DEFAULT 'Active'::character varying NOT NULL,
    created_at timestamp with time zone DEFAULT now() NOT NULL,
    updated_at timestamp with time zone DEFAULT now() NOT NULL,
    CONSTRAINT undelivered_reasons_status_check CHECK (((status)::text = ANY ((ARRAY['Active'::character varying, 'Inactive'::character varying])::text[])))
);


ALTER TABLE public.undelivered_reasons OWNER TO mmegsi_user;

--
-- Name: user_token_cutoff; Type: TABLE; Schema: public; Owner: mmegsi_user
--

CREATE TABLE public.user_token_cutoff (
    user_id uuid NOT NULL,
    cutoff_at timestamp with time zone DEFAULT now() NOT NULL
);


ALTER TABLE public.user_token_cutoff OWNER TO mmegsi_user;


ALTER VIEW public.v_branch_summary OWNER TO mmegsi_user;

--
-- Name: v_branch_zones; Type: VIEW; Schema: public; Owner: mmegsi_user
--

CREATE VIEW public.v_branch_zones AS
 SELECT bz.id,
    bz.branch_id,
    b.name AS branch_name,
    bz.name AS zone_name,
    bz.assigned_messenger_id,
    bz.assigned_messenger_name,
    (COALESCE(( SELECT count(*) AS count
           FROM public.bill_recipients br
          WHERE (br.zone_id = bz.id)), (bz.subscriber_count)::bigint))::integer AS subscriber_count,
    bz.is_active,
    bz.created_at,
    bz.updated_at
   FROM (public.branch_zones bz
     JOIN public.branches b ON ((b.id = bz.branch_id)));


ALTER VIEW public.v_branch_zones OWNER TO mmegsi_user;


ALTER VIEW public.v_dashboard_stats OWNER TO mmegsi_user;

--
-- Name: v_delivery_report; Type: VIEW; Schema: public; Owner: mmegsi_user
--

CREATE VIEW public.v_delivery_report AS
 WITH combined AS (
         SELECT b.id AS branch_id,
            b.name AS branch_name,
            dr.period_month,
            dr.delivered,
            dr.undelivered,
            dr.total_items
           FROM (public.delivery_runs dr
             JOIN public.branches b ON ((b.id = dr.branch_id)))
        UNION ALL
         SELECT br.branch_id,
            b2.name AS branch_name,
            (to_char(brd.delivered_at, 'YYYY-MM'::text))::character(7) AS period_month,
                CASE
                    WHEN (brd.status = 'delivered'::public.delivery_outcome) THEN 1
                    ELSE 0
                END AS delivered,
                CASE
                    WHEN (brd.status = 'undelivered'::public.delivery_outcome) THEN 1
                    ELSE 0
                END AS undelivered,
            1 AS total_items
           FROM ((public.bill_recipient_deliveries brd
             JOIN public.bill_recipients br ON ((br.id = brd.bill_recipient_id)))
             JOIN public.branches b2 ON ((b2.id = br.branch_id)))
        )
 SELECT branch_id,
    branch_name,
    period_month,
    sum(delivered) AS delivered,
    sum(undelivered) AS undelivered,
    sum(total_items) AS total_items
   FROM combined
  GROUP BY branch_id, branch_name, period_month;


ALTER VIEW public.v_delivery_report OWNER TO mmegsi_user;


ALTER VIEW public.v_messenger_performance OWNER TO mmegsi_user;

--
-- Name: v_reason_frequency; Type: VIEW; Schema: public; Owner: mmegsi_user
--

CREATE VIEW public.v_reason_frequency AS
 SELECT r.id AS reason_id,
    r.reason,
    r.status,
    c.id AS client_id,
    c.name AS client_name,
    count(ul.id) AS usage_count
   FROM ((public.undelivered_reasons r
     LEFT JOIN public.clients c ON ((c.id = r.client_id)))
     LEFT JOIN public.delivery_undelivered_log ul ON ((ul.reason_id = r.id)))
  GROUP BY r.id, r.reason, r.status, c.id, c.name;


ALTER VIEW public.v_reason_frequency OWNER TO mmegsi_user;


ALTER VIEW public.v_subscriber_deliveries OWNER TO mmegsi_user;


ALTER VIEW public.v_user_summary OWNER TO mmegsi_user;

--
-- Name: zone_coverage; Type: TABLE; Schema: public; Owner: mmegsi_user
--

CREATE TABLE public.zone_coverage (
    id uuid DEFAULT public.uuid_generate_v4() NOT NULL,
    zone_id uuid NOT NULL,
    branch_id uuid NOT NULL,
    regular_messenger_id uuid,
    regular_messenger_name character varying(150),
    covering_messenger_id uuid NOT NULL,
    covering_messenger_name character varying(150) NOT NULL,
    effective_from date NOT NULL,
    effective_to date NOT NULL,
    reason character varying(255),
    assigned_by uuid,
    assigned_by_name character varying(150),
    created_at timestamp with time zone DEFAULT now() NOT NULL,
    updated_at timestamp with time zone DEFAULT now() NOT NULL,
    CONSTRAINT chk_coverage_dates CHECK ((effective_to >= effective_from))
);


ALTER TABLE public.zone_coverage OWNER TO mmegsi_user;

--
-- Name: v_zone_coverage_today; Type: VIEW; Schema: public; Owner: mmegsi_user
--

CREATE VIEW public.v_zone_coverage_today AS
 SELECT zc.id,
    zc.zone_id,
    bz.name AS zone_name,
    zc.branch_id,
    b.name AS branch_name,
    zc.regular_messenger_id,
    zc.regular_messenger_name,
    zc.covering_messenger_id,
    zc.covering_messenger_name,
    zc.effective_from,
    zc.effective_to,
    zc.reason,
    zc.assigned_by_name
   FROM ((public.zone_coverage zc
     JOIN public.branch_zones bz ON ((bz.id = zc.zone_id)))
     JOIN public.branches b ON ((b.id = zc.branch_id)))
  WHERE ((CURRENT_DATE >= zc.effective_from) AND (CURRENT_DATE <= zc.effective_to));


ALTER VIEW public.v_zone_coverage_today OWNER TO mmegsi_user;

--
-- Name: audit_log id; Type: DEFAULT; Schema: public; Owner: mmegsi_user
--

ALTER TABLE ONLY public.audit_log ALTER COLUMN id SET DEFAULT nextval('public.audit_log_id_seq'::regclass);


--
-- Name: login_history id; Type: DEFAULT; Schema: public; Owner: mmegsi_user
--

ALTER TABLE ONLY public.login_history ALTER COLUMN id SET DEFAULT nextval('public.login_history_id_seq'::regclass);


--
-- Data for Name: _migrations; Type: TABLE DATA; Schema: public; Owner: mmegsi_user
--

COPY public._migrations (name, run_at) FROM stdin;
001_create_extensions	2026-06-11 14:12:47.798748+00
002_create_clients	2026-06-11 14:12:47.804189+00
003_create_branches	2026-06-11 14:12:47.813726+00
004_create_users	2026-06-11 14:34:44.258895+00
005_branch_fk_users	2026-06-11 14:34:44.353997+00
006_create_branch_clients	2026-06-11 14:34:44.357629+00
007_create_messengers	2026-06-11 14:34:44.366763+00
008_create_subscribers	2026-06-11 14:34:44.380773+00
009_create_parcel_types	2026-06-11 14:34:44.403515+00
010_create_undelivered_reasons	2026-06-11 14:34:44.426408+00
011_create_delivery_runs	2026-06-11 14:34:44.441004+00
012_create_delivery_items	2026-06-11 14:34:44.469734+00
013_create_delivery_undelivered_log	2026-06-11 14:34:44.495124+00
014_create_photos	2026-06-11 14:34:44.51131+00
015_create_messenger_performance	2026-06-11 14:34:44.532053+00
016_create_audit_log	2026-06-11 14:34:44.545028+00
017_create_app_content	2026-06-11 14:34:44.566545+00
018_create_migrations_table_and_seed	2026-06-11 14:34:44.579355+00
019_create_import_batches	2026-06-12 13:37:58.375851+00
020_create_import_staging	2026-06-12 13:37:58.472744+00
021_create_bill_recipients	2026-06-12 13:37:58.496869+00
018b_create_refresh_tokens	2026-06-18 15:10:35.750531+00
024_bill_recipients_employee_id	2026-07-06 07:46:49.5547+00
025_fix_dashboard_subscriber_count	2026-07-06 08:33:48.618363+00
026_mobile_app_support	2026-07-06 12:24:27.393245+00
027_mobile_deliveries_in_reports	2026-07-06 16:38:35.795574+00
028_messenger_branch_priorities	2026-07-07 07:21:02.254062+00
\.


--
-- Data for Name: app_content; Type: TABLE DATA; Schema: public; Owner: mmegsi_user
--

COPY public.app_content (id, type, title, body, is_active, sort_order, created_by, created_at, updated_at, slug) FROM stdin;
21977807-6a4a-4a93-8da3-5da4ed5e1bd0	Directory	Parcel Management System Directory	Contact list and system directory...	t	0	\N	2026-06-19 15:45:29.376129+00	2026-06-19 15:52:34.803727+00	directory
55811c85-0338-4f97-89cc-fc89bcd4f0f4	Help	How to mark as delivered	Tap the green check on the item...	t	0	81241023-9bac-4e7f-b200-5617c4567a82	2026-06-19 15:58:57.720094+00	2026-06-19 15:58:57.720094+00	\N
941d313c-8954-4213-9e05-47d6271dec5c	Help	Parcel Information & Guidelines	<h2>Parcel Handling Guidelines</h2>\n<p>This page documents parcel types, client contacts, and handling procedures\nfor MMEGSI messengers and supervisors.</p><p><br></p><p><br></p>\n<h3>Important Notes</h3>\n<ul>\n  <li>Handle all parcels with care. Lost parcels incur penalties per contract.</li>\n  <li>Contact the client hotline immediately if a parcel is damaged or missing.</li>\n  <li>Record undelivered items with the correct reason code.</li><li>Lorem ipsum dolor sit amet</li>\n</ul>	t	1	\N	2026-06-21 06:13:18.373146+00	2026-06-25 14:59:32.081588+00	parcel-content
73850348-faec-40b7-85df-0cfcf676748e	Help	Help & Documentation	<h1 align="left">Welcome to MMEGSI PMS</h1><div><br></div><div><br></div><div align="left">Austin love Ivory</div><div><br></div>\n<p><span style="background-color: rgb(255, 128, 64);">This is the Parcel Management System for MMEGSI. Use this page to document\nhow the system works, FAQs, and guidelines for messengers and supervisors.</span></p><p><br></p><p><br></p>\n<h3>Getting Started</h3><div><br></div>\n<ul>\n  <li>Log in with your assigned credentials.</li>\n  <li>Navigate to your branch from the sidebar.</li>\n  <li>Messengers can view their daily assignments from the mobile app.</li><li>Lorem ipsum dolor sit amet</li><li>Lorem ipsum dolor sit amet</li><li>Lorem ipsum dolor sit amet</li><li>Lorem ipsum dolor sit amet</li><li>Lorem ipsum dolor sit amet</li>\n</ul>	t	0	\N	2026-06-21 06:13:18.373146+00	2026-06-25 15:12:20.364818+00	help
\.


--
-- Data for Name: audit_log; Type: TABLE DATA; Schema: public; Owner: mmegsi_user
--

COPY public.audit_log (id, user_id, action, table_name, record_id, old_values, new_values, ip_address, created_at) FROM stdin;
1	5812b1b1-28bd-4679-856f-0cfe1a635f74	LOGIN	users	5812b1b1-28bd-4679-856f-0cfe1a635f74	\N	\N	::1	2026-06-11 15:59:31.712648+00
2	5812b1b1-28bd-4679-856f-0cfe1a635f74	LOGIN	users	5812b1b1-28bd-4679-856f-0cfe1a635f74	\N	\N	::1	2026-06-11 15:59:38.723305+00
3	5812b1b1-28bd-4679-856f-0cfe1a635f74	LOGIN	users	5812b1b1-28bd-4679-856f-0cfe1a635f74	\N	\N	::1	2026-06-11 15:59:39.738243+00
4	5812b1b1-28bd-4679-856f-0cfe1a635f74	LOGIN	users	5812b1b1-28bd-4679-856f-0cfe1a635f74	\N	\N	::1	2026-06-11 15:59:40.803434+00
5	5812b1b1-28bd-4679-856f-0cfe1a635f74	LOGIN	users	5812b1b1-28bd-4679-856f-0cfe1a635f74	\N	\N	::1	2026-06-11 15:59:41.709127+00
6	5812b1b1-28bd-4679-856f-0cfe1a635f74	LOGIN	users	5812b1b1-28bd-4679-856f-0cfe1a635f74	\N	\N	::1	2026-06-11 15:59:42.465592+00
7	5812b1b1-28bd-4679-856f-0cfe1a635f74	LOGIN	users	5812b1b1-28bd-4679-856f-0cfe1a635f74	\N	\N	::1	2026-06-11 15:59:44.392146+00
8	5812b1b1-28bd-4679-856f-0cfe1a635f74	LOGIN	users	5812b1b1-28bd-4679-856f-0cfe1a635f74	\N	\N	::1	2026-06-11 15:59:45.583567+00
9	5812b1b1-28bd-4679-856f-0cfe1a635f74	LOGIN	users	5812b1b1-28bd-4679-856f-0cfe1a635f74	\N	\N	::1	2026-06-11 16:06:31.853603+00
10	5812b1b1-28bd-4679-856f-0cfe1a635f74	LOGIN	users	5812b1b1-28bd-4679-856f-0cfe1a635f74	\N	\N	::1	2026-06-11 16:06:33.511366+00
11	5812b1b1-28bd-4679-856f-0cfe1a635f74	LOGIN	users	5812b1b1-28bd-4679-856f-0cfe1a635f74	\N	\N	::1	2026-06-11 17:25:03.139717+00
12	5812b1b1-28bd-4679-856f-0cfe1a635f74	LOGIN	users	5812b1b1-28bd-4679-856f-0cfe1a635f74	\N	\N	::ffff:172.19.0.1	2026-06-12 12:36:16.548584+00
13	5812b1b1-28bd-4679-856f-0cfe1a635f74	LOGIN	users	5812b1b1-28bd-4679-856f-0cfe1a635f74	\N	\N	::ffff:172.19.0.1	2026-06-14 12:06:49.938333+00
14	5812b1b1-28bd-4679-856f-0cfe1a635f74	LOGIN	users	5812b1b1-28bd-4679-856f-0cfe1a635f74	\N	\N	::ffff:172.19.0.1	2026-06-14 13:09:29.564028+00
15	5812b1b1-28bd-4679-856f-0cfe1a635f74	LOGIN	users	5812b1b1-28bd-4679-856f-0cfe1a635f74	\N	\N	::1	2026-06-14 16:13:30.035072+00
16	\N	LOGOUT	users	\N	\N	\N	::1	2026-06-14 16:15:00.751208+00
17	\N	LOGOUT	users	\N	\N	\N	::1	2026-06-14 16:15:01.859139+00
18	\N	LOGOUT	users	\N	\N	\N	::1	2026-06-14 16:15:02.543302+00
19	\N	LOGOUT	users	\N	\N	\N	::1	2026-06-14 16:15:02.908699+00
20	\N	LOGOUT	users	\N	\N	\N	::1	2026-06-14 16:15:03.454023+00
21	\N	LOGOUT	users	\N	\N	\N	::1	2026-06-14 16:15:03.895557+00
22	\N	LOGOUT	users	\N	\N	\N	::1	2026-06-14 16:15:04.419861+00
23	\N	LOGOUT	users	\N	\N	\N	::1	2026-06-14 16:15:04.929118+00
24	\N	LOGOUT	users	\N	\N	\N	::1	2026-06-14 16:15:05.387089+00
25	5812b1b1-28bd-4679-856f-0cfe1a635f74	LOGIN	users	5812b1b1-28bd-4679-856f-0cfe1a635f74	\N	\N	::1	2026-06-14 16:15:18.289799+00
26	5812b1b1-28bd-4679-856f-0cfe1a635f74	LOGIN	users	5812b1b1-28bd-4679-856f-0cfe1a635f74	\N	\N	::1	2026-06-14 16:15:19.500553+00
27	5812b1b1-28bd-4679-856f-0cfe1a635f74	LOGIN	users	5812b1b1-28bd-4679-856f-0cfe1a635f74	\N	\N	::1	2026-06-14 16:15:20.291169+00
28	5812b1b1-28bd-4679-856f-0cfe1a635f74	LOGIN	users	5812b1b1-28bd-4679-856f-0cfe1a635f74	\N	\N	::1	2026-06-14 16:15:21.025226+00
29	5812b1b1-28bd-4679-856f-0cfe1a635f74	LOGIN	users	5812b1b1-28bd-4679-856f-0cfe1a635f74	\N	\N	::1	2026-06-14 16:16:13.217421+00
30	5812b1b1-28bd-4679-856f-0cfe1a635f74	LOGOUT_ALL_DEVICES	users	5812b1b1-28bd-4679-856f-0cfe1a635f74	\N	\N	::1	2026-06-14 16:16:25.034079+00
31	5812b1b1-28bd-4679-856f-0cfe1a635f74	LOGOUT_ALL_DEVICES	users	5812b1b1-28bd-4679-856f-0cfe1a635f74	\N	\N	::1	2026-06-14 16:16:25.964392+00
32	5812b1b1-28bd-4679-856f-0cfe1a635f74	LOGOUT_ALL_DEVICES	users	5812b1b1-28bd-4679-856f-0cfe1a635f74	\N	\N	::1	2026-06-14 16:16:26.460912+00
33	5812b1b1-28bd-4679-856f-0cfe1a635f74	LOGOUT_ALL_DEVICES	users	5812b1b1-28bd-4679-856f-0cfe1a635f74	\N	\N	::1	2026-06-14 16:16:26.867927+00
34	5812b1b1-28bd-4679-856f-0cfe1a635f74	LOGOUT_ALL_DEVICES	users	5812b1b1-28bd-4679-856f-0cfe1a635f74	\N	\N	::1	2026-06-14 16:16:27.331856+00
35	5812b1b1-28bd-4679-856f-0cfe1a635f74	LOGOUT_ALL_DEVICES	users	5812b1b1-28bd-4679-856f-0cfe1a635f74	\N	\N	::1	2026-06-14 16:16:27.726638+00
36	5812b1b1-28bd-4679-856f-0cfe1a635f74	LOGIN	users	5812b1b1-28bd-4679-856f-0cfe1a635f74	\N	\N	::1	2026-06-14 16:17:22.240573+00
37	\N	LOGOUT	users	\N	\N	\N	::1	2026-06-14 16:17:37.791337+00
38	5812b1b1-28bd-4679-856f-0cfe1a635f74	LOGOUT_ALL_DEVICES	users	5812b1b1-28bd-4679-856f-0cfe1a635f74	\N	\N	::1	2026-06-14 16:17:53.782495+00
39	5812b1b1-28bd-4679-856f-0cfe1a635f74	LOGIN	users	5812b1b1-28bd-4679-856f-0cfe1a635f74	\N	\N	::1	2026-06-14 16:18:34.460781+00
40	\N	LOGOUT	users	\N	\N	\N	::1	2026-06-14 16:19:06.796356+00
41	5812b1b1-28bd-4679-856f-0cfe1a635f74	LOGIN	users	5812b1b1-28bd-4679-856f-0cfe1a635f74	\N	\N	::1	2026-06-14 16:19:20.692022+00
42	5812b1b1-28bd-4679-856f-0cfe1a635f74	LOGIN	users	5812b1b1-28bd-4679-856f-0cfe1a635f74	\N	\N	::1	2026-06-14 16:20:19.00099+00
43	5812b1b1-28bd-4679-856f-0cfe1a635f74	LOGIN	users	5812b1b1-28bd-4679-856f-0cfe1a635f74	\N	\N	::1	2026-06-14 16:22:16.680474+00
44	\N	LOGOUT	users	\N	\N	\N	::1	2026-06-14 16:22:22.807882+00
45	\N	LOGOUT	users	\N	\N	\N	::1	2026-06-14 16:22:23.850393+00
46	5812b1b1-28bd-4679-856f-0cfe1a635f74	LOGIN	users	5812b1b1-28bd-4679-856f-0cfe1a635f74	\N	\N	::1	2026-06-15 04:26:36.923093+00
47	5812b1b1-28bd-4679-856f-0cfe1a635f74	LOGIN	users	5812b1b1-28bd-4679-856f-0cfe1a635f74	\N	\N	::ffff:127.0.0.1	2026-06-15 04:26:42.939432+00
48	5812b1b1-28bd-4679-856f-0cfe1a635f74	LOGIN	users	5812b1b1-28bd-4679-856f-0cfe1a635f74	\N	\N	::1	2026-06-15 04:40:01.114659+00
49	\N	LOGOUT	users	\N	\N	\N	::1	2026-06-15 04:40:07.31903+00
50	5812b1b1-28bd-4679-856f-0cfe1a635f74	LOGIN	users	5812b1b1-28bd-4679-856f-0cfe1a635f74	\N	\N	::1	2026-06-15 04:40:52.216588+00
51	\N	LOGOUT	users	\N	\N	\N	::1	2026-06-15 04:40:59.118839+00
52	5812b1b1-28bd-4679-856f-0cfe1a635f74	LOGIN	users	5812b1b1-28bd-4679-856f-0cfe1a635f74	\N	\N	::1	2026-06-15 04:41:08.595489+00
53	\N	LOGOUT	users	\N	\N	\N	::1	2026-06-15 04:42:22.798924+00
54	\N	LOGOUT	users	\N	\N	\N	::1	2026-06-15 04:42:43.941467+00
55	\N	LOGOUT	users	\N	\N	\N	::1	2026-06-15 04:43:13.915686+00
56	\N	LOGOUT	users	\N	\N	\N	::1	2026-06-15 04:43:16.090767+00
57	\N	LOGOUT	users	\N	\N	\N	::1	2026-06-15 04:44:01.71941+00
58	\N	LOGOUT	users	\N	\N	\N	::1	2026-06-15 04:44:42.261093+00
59	\N	LOGOUT	users	\N	\N	\N	::1	2026-06-15 04:46:12.996711+00
60	\N	LOGOUT	users	\N	\N	\N	::1	2026-06-15 04:47:56.674672+00
61	\N	LOGOUT	users	\N	\N	\N	::1	2026-06-15 04:47:58.113859+00
62	\N	LOGOUT	users	\N	\N	\N	::1	2026-06-15 04:50:52.521318+00
63	\N	LOGOUT	users	\N	\N	\N	::1	2026-06-15 04:50:54.962392+00
64	\N	LOGOUT	users	\N	\N	\N	::1	2026-06-15 04:51:40.288239+00
65	\N	LOGOUT	users	\N	\N	\N	::1	2026-06-15 04:51:44.435849+00
66	5812b1b1-28bd-4679-856f-0cfe1a635f74	LOGIN	users	5812b1b1-28bd-4679-856f-0cfe1a635f74	\N	\N	::1	2026-06-15 04:56:32.912342+00
67	5812b1b1-28bd-4679-856f-0cfe1a635f74	LOGOUT	users	5812b1b1-28bd-4679-856f-0cfe1a635f74	\N	\N	::1	2026-06-15 04:56:39.355486+00
68	5812b1b1-28bd-4679-856f-0cfe1a635f74	LOGIN	users	5812b1b1-28bd-4679-856f-0cfe1a635f74	\N	\N	::1	2026-06-15 04:58:44.384313+00
69	5812b1b1-28bd-4679-856f-0cfe1a635f74	LOGOUT	users	5812b1b1-28bd-4679-856f-0cfe1a635f74	\N	\N	::1	2026-06-15 04:58:46.442038+00
70	5812b1b1-28bd-4679-856f-0cfe1a635f74	LOGIN	users	5812b1b1-28bd-4679-856f-0cfe1a635f74	\N	\N	::1	2026-06-15 06:29:16.654871+00
71	5812b1b1-28bd-4679-856f-0cfe1a635f74	LOGOUT	users	5812b1b1-28bd-4679-856f-0cfe1a635f74	\N	\N	::1	2026-06-15 06:29:23.940632+00
72	5812b1b1-28bd-4679-856f-0cfe1a635f74	LOGIN	users	5812b1b1-28bd-4679-856f-0cfe1a635f74	\N	\N	::1	2026-06-15 06:30:52.832503+00
73	5812b1b1-28bd-4679-856f-0cfe1a635f74	LOGOUT	users	5812b1b1-28bd-4679-856f-0cfe1a635f74	\N	\N	::1	2026-06-15 06:31:01.324862+00
74	5812b1b1-28bd-4679-856f-0cfe1a635f74	LOGIN	users	5812b1b1-28bd-4679-856f-0cfe1a635f74	\N	\N	::1	2026-06-15 06:32:49.928358+00
75	5812b1b1-28bd-4679-856f-0cfe1a635f74	LOGOUT	users	5812b1b1-28bd-4679-856f-0cfe1a635f74	\N	\N	::1	2026-06-15 06:32:52.974326+00
76	5812b1b1-28bd-4679-856f-0cfe1a635f74	LOGIN	users	5812b1b1-28bd-4679-856f-0cfe1a635f74	\N	\N	::1	2026-06-15 06:33:48.684022+00
77	5812b1b1-28bd-4679-856f-0cfe1a635f74	LOGOUT	users	5812b1b1-28bd-4679-856f-0cfe1a635f74	\N	\N	::1	2026-06-15 06:33:53.325733+00
78	5812b1b1-28bd-4679-856f-0cfe1a635f74	LOGIN	users	5812b1b1-28bd-4679-856f-0cfe1a635f74	\N	\N	::1	2026-06-15 06:34:44.980596+00
79	5812b1b1-28bd-4679-856f-0cfe1a635f74	LOGOUT	users	5812b1b1-28bd-4679-856f-0cfe1a635f74	\N	\N	::1	2026-06-15 06:34:54.612184+00
80	5812b1b1-28bd-4679-856f-0cfe1a635f74	LOGIN	users	5812b1b1-28bd-4679-856f-0cfe1a635f74	\N	\N	::1	2026-06-15 06:35:21.742669+00
81	5812b1b1-28bd-4679-856f-0cfe1a635f74	LOGOUT	users	5812b1b1-28bd-4679-856f-0cfe1a635f74	\N	\N	::1	2026-06-15 06:35:26.166258+00
82	5812b1b1-28bd-4679-856f-0cfe1a635f74	LOGIN	users	5812b1b1-28bd-4679-856f-0cfe1a635f74	\N	\N	::1	2026-06-15 06:36:27.638528+00
83	5812b1b1-28bd-4679-856f-0cfe1a635f74	LOGOUT	users	5812b1b1-28bd-4679-856f-0cfe1a635f74	\N	\N	::1	2026-06-15 06:36:53.019772+00
84	5812b1b1-28bd-4679-856f-0cfe1a635f74	LOGIN	users	5812b1b1-28bd-4679-856f-0cfe1a635f74	\N	\N	::1	2026-06-15 06:45:46.250034+00
85	5812b1b1-28bd-4679-856f-0cfe1a635f74	LOGIN	users	5812b1b1-28bd-4679-856f-0cfe1a635f74	\N	\N	::1	2026-06-15 06:50:35.266954+00
86	5812b1b1-28bd-4679-856f-0cfe1a635f74	LOGOUT	users	5812b1b1-28bd-4679-856f-0cfe1a635f74	\N	\N	::1	2026-06-15 06:50:56.965465+00
87	5812b1b1-28bd-4679-856f-0cfe1a635f74	LOGIN	users	5812b1b1-28bd-4679-856f-0cfe1a635f74	\N	\N	::1	2026-06-15 06:52:15.954998+00
88	5812b1b1-28bd-4679-856f-0cfe1a635f74	LOGIN	users	5812b1b1-28bd-4679-856f-0cfe1a635f74	\N	\N	::1	2026-06-15 06:52:24.464275+00
89	5812b1b1-28bd-4679-856f-0cfe1a635f74	LOGIN	users	5812b1b1-28bd-4679-856f-0cfe1a635f74	\N	\N	::1	2026-06-15 06:52:32.7553+00
90	5812b1b1-28bd-4679-856f-0cfe1a635f74	LOGIN	users	5812b1b1-28bd-4679-856f-0cfe1a635f74	\N	\N	::1	2026-06-15 06:55:34.68006+00
91	5812b1b1-28bd-4679-856f-0cfe1a635f74	LOGIN	users	5812b1b1-28bd-4679-856f-0cfe1a635f74	\N	\N	::1	2026-06-15 06:55:46.306682+00
92	5812b1b1-28bd-4679-856f-0cfe1a635f74	LOGIN	users	5812b1b1-28bd-4679-856f-0cfe1a635f74	\N	\N	::1	2026-06-15 06:56:18.801506+00
93	5812b1b1-28bd-4679-856f-0cfe1a635f74	LOGIN	users	5812b1b1-28bd-4679-856f-0cfe1a635f74	\N	\N	::1	2026-06-15 06:56:37.844507+00
94	5812b1b1-28bd-4679-856f-0cfe1a635f74	LOGIN	users	5812b1b1-28bd-4679-856f-0cfe1a635f74	\N	\N	::1	2026-06-15 06:58:44.960198+00
95	5812b1b1-28bd-4679-856f-0cfe1a635f74	LOGIN	users	5812b1b1-28bd-4679-856f-0cfe1a635f74	\N	\N	::1	2026-06-15 06:59:04.13893+00
96	5812b1b1-28bd-4679-856f-0cfe1a635f74	LOGOUT	users	5812b1b1-28bd-4679-856f-0cfe1a635f74	\N	\N	::1	2026-06-15 06:59:13.66017+00
97	5812b1b1-28bd-4679-856f-0cfe1a635f74	LOGIN	users	5812b1b1-28bd-4679-856f-0cfe1a635f74	\N	\N	::1	2026-06-15 07:16:01.747245+00
98	5812b1b1-28bd-4679-856f-0cfe1a635f74	LOGIN	users	5812b1b1-28bd-4679-856f-0cfe1a635f74	\N	\N	::ffff:127.0.0.1	2026-06-15 07:17:16.426311+00
99	5812b1b1-28bd-4679-856f-0cfe1a635f74	LOGIN	users	5812b1b1-28bd-4679-856f-0cfe1a635f74	\N	\N	::ffff:127.0.0.1	2026-06-15 07:19:01.045443+00
100	5812b1b1-28bd-4679-856f-0cfe1a635f74	LOGIN	users	5812b1b1-28bd-4679-856f-0cfe1a635f74	\N	\N	::1	2026-06-15 07:33:59.331359+00
101	5812b1b1-28bd-4679-856f-0cfe1a635f74	CHANGE_PASSWORD	users	5812b1b1-28bd-4679-856f-0cfe1a635f74	\N	\N	::1	2026-06-15 07:40:31.732274+00
102	5812b1b1-28bd-4679-856f-0cfe1a635f74	CHANGE_PASSWORD	users	5812b1b1-28bd-4679-856f-0cfe1a635f74	\N	\N	::1	2026-06-15 07:40:51.239443+00
103	5812b1b1-28bd-4679-856f-0cfe1a635f74	LOGOUT_ALL_DEVICES	users	5812b1b1-28bd-4679-856f-0cfe1a635f74	\N	\N	::1	2026-06-15 07:44:33.020053+00
104	5812b1b1-28bd-4679-856f-0cfe1a635f74	LOGIN	users	5812b1b1-28bd-4679-856f-0cfe1a635f74	\N	\N	::1	2026-06-15 07:44:46.015554+00
105	5812b1b1-28bd-4679-856f-0cfe1a635f74	LOGOUT_ALL_DEVICES	users	5812b1b1-28bd-4679-856f-0cfe1a635f74	\N	\N	::1	2026-06-15 07:44:54.846454+00
106	5812b1b1-28bd-4679-856f-0cfe1a635f74	LOGIN	users	5812b1b1-28bd-4679-856f-0cfe1a635f74	\N	\N	::1	2026-06-15 07:56:52.261106+00
107	5812b1b1-28bd-4679-856f-0cfe1a635f74	LOGIN	users	5812b1b1-28bd-4679-856f-0cfe1a635f74	\N	\N	::1	2026-06-15 08:02:15.80675+00
108	5812b1b1-28bd-4679-856f-0cfe1a635f74	LOGIN	users	5812b1b1-28bd-4679-856f-0cfe1a635f74	\N	\N	::1	2026-06-15 08:20:33.935254+00
109	5812b1b1-28bd-4679-856f-0cfe1a635f74	LOGIN	users	5812b1b1-28bd-4679-856f-0cfe1a635f74	\N	\N	::1	2026-06-15 08:36:14.700743+00
110	5812b1b1-28bd-4679-856f-0cfe1a635f74	LOGIN	users	5812b1b1-28bd-4679-856f-0cfe1a635f74	\N	\N	::1	2026-06-15 09:01:22.613537+00
111	5812b1b1-28bd-4679-856f-0cfe1a635f74	UPDATE_BRANCH	branches	b09d0517-2877-466c-b7a5-b7df2e7a2d8a	\N	{"name": "string", "address": "string", "contact": "string", "isActive": true, "employees": 0, "supervisorId": "3fa85f64-5717-4562-b3fc-2c963f66afa6"}	::1	2026-06-15 09:01:26.825742+00
112	5812b1b1-28bd-4679-856f-0cfe1a635f74	DEACTIVATE_BRANCH	branches	b09d0517-2877-466c-b7a5-b7df2e7a2d8a	\N	\N	::1	2026-06-15 09:13:34.791824+00
113	5812b1b1-28bd-4679-856f-0cfe1a635f74	DEACTIVATE_BRANCH	branches	b09d0517-2877-466c-b7a5-b7df2e7a2d8a	\N	\N	::1	2026-06-15 09:13:38.042741+00
114	5812b1b1-28bd-4679-856f-0cfe1a635f74	DEACTIVATE_BRANCH	branches	b09d0517-2877-466c-b7a5-b7df2e7a2d8a	\N	\N	::1	2026-06-15 09:13:38.926276+00
115	5812b1b1-28bd-4679-856f-0cfe1a635f74	DEACTIVATE_BRANCH	branches	b09d0517-2877-466c-b7a5-b7df2e7a2d8a	\N	\N	::1	2026-06-15 09:13:39.5322+00
116	5812b1b1-28bd-4679-856f-0cfe1a635f74	DEACTIVATE_BRANCH	branches	b09d0517-2877-466c-b7a5-b7df2e7a2d8a	\N	\N	::1	2026-06-15 09:13:39.992445+00
117	5812b1b1-28bd-4679-856f-0cfe1a635f74	UPDATE_BRANCH	branches	b09d0517-2877-466c-b7a5-b7df2e7a2d8a	\N	{"name": "string", "address": "string", "contact": "string", "isActive": true, "employees": 0, "supervisorId": "2022a81a-68c4-4df2-a6c0-0f1f218d0942"}	::1	2026-06-15 09:14:39.93471+00
118	5812b1b1-28bd-4679-856f-0cfe1a635f74	LOGIN	users	5812b1b1-28bd-4679-856f-0cfe1a635f74	\N	\N	::1	2026-06-18 15:30:26.842362+00
119	5812b1b1-28bd-4679-856f-0cfe1a635f74	LOGIN	users	5812b1b1-28bd-4679-856f-0cfe1a635f74	\N	\N	::1	2026-06-18 15:45:38.247644+00
120	5812b1b1-28bd-4679-856f-0cfe1a635f74	REGISTER_USER	users	27fc4ed1-3ca4-45b8-8ecd-da328fae3913	\N	{"role": "SuperAdmin", "username": "asdasdsdsadd"}	::1	2026-06-18 15:49:04.558055+00
121	5812b1b1-28bd-4679-856f-0cfe1a635f74	REGISTER_USER	users	5df669c1-7364-4087-b6ae-a8bbe2019291	\N	{"role": "SuperAdmin", "username": "asdasdsdsad2d"}	::1	2026-06-18 15:49:16.435967+00
122	5812b1b1-28bd-4679-856f-0cfe1a635f74	LOGIN	users	5812b1b1-28bd-4679-856f-0cfe1a635f74	\N	\N	::1	2026-06-19 03:50:19.88021+00
123	5812b1b1-28bd-4679-856f-0cfe1a635f74	ADMIN_CHANGE_PASSWORD	users	5df669c1-7364-4087-b6ae-a8bbe2019291	\N	\N	::1	2026-06-19 03:51:44.958755+00
124	5812b1b1-28bd-4679-856f-0cfe1a635f74	ADMIN_CHANGE_PASSWORD	users	5df669c1-7364-4087-b6ae-a8bbe2019291	\N	\N	::1	2026-06-19 03:52:46.577512+00
125	5812b1b1-28bd-4679-856f-0cfe1a635f74	LOGIN	users	5812b1b1-28bd-4679-856f-0cfe1a635f74	\N	\N	::1	2026-06-19 04:16:27.457807+00
126	5812b1b1-28bd-4679-856f-0cfe1a635f74	ACTIVATE_USER	users	5df669c1-7364-4087-b6ae-a8bbe2019291	\N	\N	::1	2026-06-19 04:16:31.360638+00
127	5812b1b1-28bd-4679-856f-0cfe1a635f74	ACTIVATE_USER	users	5df669c1-7364-4087-b6ae-a8bbe2019291	\N	\N	::1	2026-06-19 04:16:32.737519+00
128	5812b1b1-28bd-4679-856f-0cfe1a635f74	DEACTIVATE_USER	users	5df669c1-7364-4087-b6ae-a8bbe2019291	\N	\N	::1	2026-06-19 04:17:02.489821+00
129	5812b1b1-28bd-4679-856f-0cfe1a635f74	UPDATE_PROFILE	users	5812b1b1-28bd-4679-856f-0cfe1a635f74	\N	{"email": "juan.jr@mmegsi.com", "fullName": "Juan Dela Cruz Jr."}	::1	2026-06-19 04:18:37.246748+00
130	5812b1b1-28bd-4679-856f-0cfe1a635f74	UPDATE_USER	users	5df669c1-7364-4087-b6ae-a8bbe2019291	{"id": "5df669c1-7364-4087-b6ae-a8bbe2019291", "role": "SuperAdmin", "email": "austinaranda227@gmail.com", "branchId": "4595ca95-c6f3-41ee-a147-0eeb66e05be6", "fullName": "Austin Ray Aranda", "isActive": false, "username": "asdasdsdsad2d", "createdAt": "2026-06-18T15:49:16.432Z", "updatedAt": "2026-06-19T04:17:02.453Z", "lastLoginAt": null}	{"role": "Messenger", "email": "user@example.com", "branchId": "4595ca95-c6f3-41ee-a147-0eeb66e05be6", "fullName": "Juan Dela Cruz Jr.", "isActive": true}	::1	2026-06-19 04:20:02.026471+00
131	5812b1b1-28bd-4679-856f-0cfe1a635f74	UPDATE_USER	users	5df669c1-7364-4087-b6ae-a8bbe2019291	{"id": "5df669c1-7364-4087-b6ae-a8bbe2019291", "role": "Messenger", "email": "user@example.com", "branchId": "4595ca95-c6f3-41ee-a147-0eeb66e05be6", "fullName": "Juan Dela Cruz Jr.", "isActive": true, "username": "asdasdsdsad2d", "createdAt": "2026-06-18T15:49:16.432Z", "updatedAt": "2026-06-19T04:20:02.020Z", "lastLoginAt": null}	{"role": "Messenger", "email": "user@example.com", "branchId": "4595ca95-c6f3-41ee-a147-0eeb66e05be6", "fullName": "Juan Dela Cruz Jr."}	::1	2026-06-19 04:20:07.84377+00
132	5812b1b1-28bd-4679-856f-0cfe1a635f74	UPDATE_USER	users	5df669c1-7364-4087-b6ae-a8bbe2019291	{"id": "5df669c1-7364-4087-b6ae-a8bbe2019291", "role": "Messenger", "email": "user@example.com", "branchId": "4595ca95-c6f3-41ee-a147-0eeb66e05be6", "fullName": "Juan Dela Cruz Jr.", "isActive": true, "username": "asdasdsdsad2d", "createdAt": "2026-06-18T15:49:16.432Z", "updatedAt": "2026-06-19T04:20:07.836Z", "lastLoginAt": null}	{"role": "Messenger", "email": "user@example.com", "branchId": "4595ca95-c6f3-41ee-a147-0eeb66e05be6", "fullName": "Juan Dela Cruz Jr."}	::1	2026-06-19 04:21:27.977672+00
133	5812b1b1-28bd-4679-856f-0cfe1a635f74	UPDATE_USER	users	5df669c1-7364-4087-b6ae-a8bbe2019291	{"id": "5df669c1-7364-4087-b6ae-a8bbe2019291", "role": "Messenger", "email": "user@example.com", "branchId": "4595ca95-c6f3-41ee-a147-0eeb66e05be6", "fullName": "Juan Dela Cruz Jr.", "isActive": true, "username": "asdasdsdsad2d", "createdAt": "2026-06-18T15:49:16.432Z", "updatedAt": "2026-06-19T04:21:27.919Z", "lastLoginAt": null}	{"role": "Messenger", "email": "user@example.com", "branchId": "4595ca95-c6f3-41ee-a147-0eeb66e05be6", "fullName": "Juan Dela Cruz Sr."}	::1	2026-06-19 04:21:35.44367+00
134	5812b1b1-28bd-4679-856f-0cfe1a635f74	LOGIN	users	5812b1b1-28bd-4679-856f-0cfe1a635f74	\N	\N	::1	2026-06-19 06:12:00.38937+00
135	5812b1b1-28bd-4679-856f-0cfe1a635f74	LOGIN	users	5812b1b1-28bd-4679-856f-0cfe1a635f74	\N	\N	::1	2026-06-19 06:21:50.5313+00
136	5812b1b1-28bd-4679-856f-0cfe1a635f74	UPDATE_USER	users	5df669c1-7364-4087-b6ae-a8bbe2019291	{"id": "5df669c1-7364-4087-b6ae-a8bbe2019291", "role": "Messenger", "email": "user@example.com", "branchId": "4595ca95-c6f3-41ee-a147-0eeb66e05be6", "fullName": "Juan Dela Cruz Sr.", "isActive": true, "username": "asdasdsdsad2d", "createdAt": "2026-06-18T15:49:16.432Z", "updatedAt": "2026-06-19T04:21:35.421Z", "lastLoginAt": null}	{"role": "Messenger", "email": "austinaranda278@gmail.com", "branchId": "4595ca95-c6f3-41ee-a147-0eeb66e05be6", "fullName": "Austin Ray Aranda"}	::1	2026-06-19 06:23:56.143384+00
137	5812b1b1-28bd-4679-856f-0cfe1a635f74	UPDATE_USER	users	5df669c1-7364-4087-b6ae-a8bbe2019291	{"id": "5df669c1-7364-4087-b6ae-a8bbe2019291", "role": "Messenger", "email": "austinaranda278@gmail.com", "branchId": "4595ca95-c6f3-41ee-a147-0eeb66e05be6", "fullName": "Austin Ray Aranda", "isActive": true, "username": "asdasdsdsad2d", "createdAt": "2026-06-18T15:49:16.432Z", "updatedAt": "2026-06-19T06:23:56.124Z", "lastLoginAt": null}	{"role": "SuperAdmin", "email": "austinaranda278@gmail.com", "branchId": "4595ca95-c6f3-41ee-a147-0eeb66e05be6", "fullName": "Austin Ray Aranda"}	::1	2026-06-19 06:24:59.033294+00
138	5812b1b1-28bd-4679-856f-0cfe1a635f74	UPDATE_USER	users	5df669c1-7364-4087-b6ae-a8bbe2019291	{"id": "5df669c1-7364-4087-b6ae-a8bbe2019291", "role": "SuperAdmin", "email": "austinaranda278@gmail.com", "branchId": "4595ca95-c6f3-41ee-a147-0eeb66e05be6", "fullName": "Austin Ray Aranda", "isActive": true, "username": "asdasdsdsad2d", "createdAt": "2026-06-18T15:49:16.432Z", "updatedAt": "2026-06-19T06:24:59.028Z", "lastLoginAt": null}	{"role": "SuperAdmin", "email": "austinaranda278@gmail.com", "branchId": "4595ca95-c6f3-41ee-a147-0eeb66e05be6", "fullName": "Austin Ray Aranda"}	::1	2026-06-19 06:25:04.467632+00
139	5812b1b1-28bd-4679-856f-0cfe1a635f74	UPDATE_USER	users	5df669c1-7364-4087-b6ae-a8bbe2019291	{"id": "5df669c1-7364-4087-b6ae-a8bbe2019291", "role": "SuperAdmin", "email": "austinaranda278@gmail.com", "branchId": "4595ca95-c6f3-41ee-a147-0eeb66e05be6", "fullName": "Austin Ray Aranda", "isActive": true, "username": "asdasdsdsad2d", "createdAt": "2026-06-18T15:49:16.432Z", "updatedAt": "2026-06-19T06:25:04.465Z", "lastLoginAt": null}	{"role": "SuperAdmin", "email": "austinaranda278@gmail.com", "branchId": "4595ca95-c6f3-41ee-a147-0eeb66e05be6", "fullName": "Austin Ray Aranda Jr."}	::1	2026-06-19 06:25:08.472996+00
140	5812b1b1-28bd-4679-856f-0cfe1a635f74	UPDATE_USER	users	5df669c1-7364-4087-b6ae-a8bbe2019291	{"id": "5df669c1-7364-4087-b6ae-a8bbe2019291", "role": "SuperAdmin", "email": "austinaranda278@gmail.com", "branchId": "4595ca95-c6f3-41ee-a147-0eeb66e05be6", "fullName": "Austin Ray Aranda Jr.", "isActive": true, "username": "asdasdsdsad2d", "createdAt": "2026-06-18T15:49:16.432Z", "updatedAt": "2026-06-19T06:25:08.469Z", "lastLoginAt": null}	{"role": "SuperAdmin", "email": "austinaranda28@gmail.com", "branchId": "4595ca95-c6f3-41ee-a147-0eeb66e05be6", "fullName": "Austin Ray Aranda"}	::1	2026-06-19 06:25:40.584938+00
141	5812b1b1-28bd-4679-856f-0cfe1a635f74	UPDATE_USER	users	5df669c1-7364-4087-b6ae-a8bbe2019291	{"id": "5df669c1-7364-4087-b6ae-a8bbe2019291", "role": "SuperAdmin", "email": "austinaranda28@gmail.com", "branchId": "4595ca95-c6f3-41ee-a147-0eeb66e05be6", "fullName": "Austin Ray Aranda", "isActive": true, "username": "asdasdsdsad2d", "createdAt": "2026-06-18T15:49:16.432Z", "updatedAt": "2026-06-19T06:25:40.581Z", "lastLoginAt": null}	{"role": "SuperAdmin", "email": "austinaranda28@gmail.com", "branchId": "4595ca95-c6f3-41ee-a147-0eeb66e05be6", "fullName": "Austin Ray Aranda"}	::1	2026-06-19 06:27:12.2093+00
142	5812b1b1-28bd-4679-856f-0cfe1a635f74	UPDATE_USER	users	27fc4ed1-3ca4-45b8-8ecd-da328fae3913	{"id": "27fc4ed1-3ca4-45b8-8ecd-da328fae3913", "role": "SuperAdmin", "email": "austinaranda27@gmail.com", "branchId": "4595ca95-c6f3-41ee-a147-0eeb66e05be6", "fullName": "Austin Ray Aranda", "isActive": true, "username": "asdasdsdsadd", "createdAt": "2026-06-18T15:49:04.536Z", "updatedAt": "2026-06-18T15:49:04.536Z", "lastLoginAt": null}	{"role": "SuperAdmin", "email": "austinaranda29@gmail.com", "branchId": "4595ca95-c6f3-41ee-a147-0eeb66e05be6", "fullName": "Austin Ray Aranda"}	::1	2026-06-19 06:27:42.872293+00
143	5812b1b1-28bd-4679-856f-0cfe1a635f74	REGISTER_USER	users	c443aff4-3008-4f7f-ab21-dbf8564278a5	\N	{"role": "SuperAdmin", "username": "asdas21322dsdsad2d"}	::1	2026-06-19 06:27:46.061761+00
144	5812b1b1-28bd-4679-856f-0cfe1a635f74	UPDATE_USER	users	c443aff4-3008-4f7f-ab21-dbf8564278a5	{"id": "c443aff4-3008-4f7f-ab21-dbf8564278a5", "role": "SuperAdmin", "email": "austinaranda27@gmail.com", "branchId": "4595ca95-c6f3-41ee-a147-0eeb66e05be6", "fullName": "Austin Ray Aranda Sr.", "isActive": true, "username": "asdas21322dsdsad2d", "createdAt": "2026-06-19T06:27:46.053Z", "updatedAt": "2026-06-19T06:27:46.053Z", "lastLoginAt": null}	{"role": "SuperAdmin", "email": "austinaranda27@gmail.com", "branchId": "4595ca95-c6f3-41ee-a147-0eeb66e05be6", "fullName": "Theia Reyes"}	::1	2026-06-19 06:31:48.968738+00
145	5812b1b1-28bd-4679-856f-0cfe1a635f74	UPDATE_USER	users	c443aff4-3008-4f7f-ab21-dbf8564278a5	{"id": "c443aff4-3008-4f7f-ab21-dbf8564278a5", "role": "SuperAdmin", "email": "austinaranda27@gmail.com", "branchId": "4595ca95-c6f3-41ee-a147-0eeb66e05be6", "fullName": "Theia Reyes", "isActive": true, "username": "asdas21322dsdsad2d", "createdAt": "2026-06-19T06:27:46.053Z", "updatedAt": "2026-06-19T06:31:48.964Z", "lastLoginAt": null}	{"role": "SuperAdmin", "email": "austinaranda30@gmail.com", "branchId": "4595ca95-c6f3-41ee-a147-0eeb66e05be6", "fullName": "Theia Reyes"}	::1	2026-06-19 06:31:57.280633+00
146	5812b1b1-28bd-4679-856f-0cfe1a635f74	REGISTER_USER	users	2d2433da-b9b8-4d07-b0e4-b5363e831be6	\N	{"role": "SuperAdmin", "username": "asdas21322dsdsad2d111"}	::1	2026-06-19 06:32:23.827642+00
147	5812b1b1-28bd-4679-856f-0cfe1a635f74	LOGIN	users	5812b1b1-28bd-4679-856f-0cfe1a635f74	\N	\N	::1	2026-06-19 06:37:08.124726+00
148	5812b1b1-28bd-4679-856f-0cfe1a635f74	UPDATE_USER	users	2d2433da-b9b8-4d07-b0e4-b5363e831be6	{"id": "2d2433da-b9b8-4d07-b0e4-b5363e831be6", "role": "SuperAdmin", "email": "austinaranda27@gmail.com", "branchId": "4595ca95-c6f3-41ee-a147-0eeb66e05be6", "fullName": "Austin Ray Aranda Sr.", "isActive": true, "username": "asdas21322dsdsad2d111", "createdAt": "2026-06-19T06:32:23.798Z", "updatedAt": "2026-06-19T06:32:23.798Z", "lastLoginAt": null}	{"role": "SuperAdmin", "email": "austinaranda31@gmail.com", "branchId": "4595ca95-c6f3-41ee-a147-0eeb66e05be6", "fullName": "Theia Mae Reyes"}	::1	2026-06-19 06:37:26.135759+00
149	5812b1b1-28bd-4679-856f-0cfe1a635f74	REGISTER_USER	users	b805bb48-c529-47c7-8bb5-b3e400396c7c	\N	{"role": "SuperAdmin", "username": "austinray26"}	::1	2026-06-19 06:37:47.366123+00
150	5812b1b1-28bd-4679-856f-0cfe1a635f74	LOGIN	users	5812b1b1-28bd-4679-856f-0cfe1a635f74	\N	\N	::1	2026-06-19 06:53:09.38022+00
151	5812b1b1-28bd-4679-856f-0cfe1a635f74	UPDATE_USER	users	b805bb48-c529-47c7-8bb5-b3e400396c7c	{"id": "b805bb48-c529-47c7-8bb5-b3e400396c7c", "role": "SuperAdmin", "email": "austinaranda27@gmail.com", "branchId": "4595ca95-c6f3-41ee-a147-0eeb66e05be6", "fullName": "Austin Ray Aranda", "isActive": true, "username": "austinray26", "createdAt": "2026-06-19T06:37:47.337Z", "updatedAt": "2026-06-19T06:37:47.337Z", "lastLoginAt": null}	{"role": "SuperAdmin", "email": "austinaranda32@gmail.com", "branchId": "4595ca95-c6f3-41ee-a147-0eeb66e05be6", "fullName": "Mae Reyes"}	::1	2026-06-19 06:53:30.94099+00
152	5812b1b1-28bd-4679-856f-0cfe1a635f74	REGISTER_USER	users	0c85bda7-87e2-46d0-8d97-b232c5a42045	\N	{"role": "SuperAdmin", "username": "austinray27"}	::1	2026-06-19 06:53:43.219439+00
153	5812b1b1-28bd-4679-856f-0cfe1a635f74	UPDATE_USER	users	0c85bda7-87e2-46d0-8d97-b232c5a42045	{"id": "0c85bda7-87e2-46d0-8d97-b232c5a42045", "role": "SuperAdmin", "email": "austinaranda27@gmail.com", "branchId": "4595ca95-c6f3-41ee-a147-0eeb66e05be6", "fullName": "Austin Ray Aranda", "isActive": true, "username": "austinray27", "createdAt": "2026-06-19T06:53:43.193Z", "updatedAt": "2026-06-19T06:53:43.193Z", "lastLoginAt": null}	{"role": "SuperAdmin", "email": "austinaranda382@gmail.com", "branchId": "4595ca95-c6f3-41ee-a147-0eeb66e05be6", "fullName": "Mae Reyes Aranda"}	::1	2026-06-19 06:58:16.054995+00
154	5812b1b1-28bd-4679-856f-0cfe1a635f74	REGISTER_USER	users	0381c952-e65c-4d85-bbf2-18dcbf582e7c	\N	{"role": "SuperAdmin", "username": "austinray29"}	::1	2026-06-19 06:58:21.695834+00
155	5812b1b1-28bd-4679-856f-0cfe1a635f74	REGISTER_USER	users	5af50802-6f71-4969-9710-52c6785b2b00	\N	{"role": "SuperAdmin", "username": "austinray30"}	::1	2026-06-19 07:03:13.892075+00
156	5812b1b1-28bd-4679-856f-0cfe1a635f74	REGISTER_USER	users	1744cad2-55eb-483e-8cf0-e16528b8371d	\N	{"role": "SuperAdmin", "username": "austinray10"}	::1	2026-06-19 07:04:29.613973+00
157	5812b1b1-28bd-4679-856f-0cfe1a635f74	LOGIN	users	5812b1b1-28bd-4679-856f-0cfe1a635f74	\N	\N	::1	2026-06-19 07:05:12.555688+00
158	5812b1b1-28bd-4679-856f-0cfe1a635f74	REGISTER_USER	users	9911cd9d-92ff-403f-8a34-0e23d34194be	\N	{"role": "SuperAdmin", "username": "austinray110"}	::1	2026-06-19 07:05:14.560673+00
159	5812b1b1-28bd-4679-856f-0cfe1a635f74	UPDATE_USER	users	0381c952-e65c-4d85-bbf2-18dcbf582e7c	{"id": "0381c952-e65c-4d85-bbf2-18dcbf582e7c", "role": "SuperAdmin", "email": "austinaranda27@gmail.com", "branchId": "4595ca95-c6f3-41ee-a147-0eeb66e05be6", "fullName": "Austin Ray Aranda", "isActive": true, "username": "austinray29", "createdAt": "2026-06-19T06:58:21.666Z", "updatedAt": "2026-06-19T06:58:21.666Z", "lastLoginAt": null}	{"role": "SuperAdmin", "email": "austinaranda38211212@gmail.com", "branchId": "4595ca95-c6f3-41ee-a147-0eeb66e05be6", "fullName": "Mae Reyes Aranda"}	::1	2026-06-19 07:05:43.701053+00
160	5812b1b1-28bd-4679-856f-0cfe1a635f74	REGISTER_USER	users	69226d3a-a7b1-4a22-bc69-d9ad17b629fa	\N	{"role": "SuperAdmin", "username": "austinray90"}	::1	2026-06-19 07:05:53.174811+00
161	5812b1b1-28bd-4679-856f-0cfe1a635f74	UPDATE_USER	users	69226d3a-a7b1-4a22-bc69-d9ad17b629fa	{"id": "69226d3a-a7b1-4a22-bc69-d9ad17b629fa", "role": "SuperAdmin", "email": "austinaranda27@gmail.com", "branchId": "4595ca95-c6f3-41ee-a147-0eeb66e05be6", "fullName": "Austin Ray Aranda", "isActive": true, "username": "austinray90", "createdAt": "2026-06-19T07:05:53.170Z", "updatedAt": "2026-06-19T07:05:53.170Z", "lastLoginAt": null}	{"role": "SuperAdmin", "email": "test@gmail.com", "branchId": "4595ca95-c6f3-41ee-a147-0eeb66e05be6", "fullName": "Ivpry Reyes Aranda"}	::1	2026-06-19 07:11:04.069427+00
162	5812b1b1-28bd-4679-856f-0cfe1a635f74	REGISTER_USER	users	0156e34c-d0ee-4c3d-a8bc-64dd6f3474ce	\N	{"role": "SuperAdmin", "username": "austinray980"}	::1	2026-06-19 07:11:10.072683+00
163	5812b1b1-28bd-4679-856f-0cfe1a635f74	LOGIN	users	5812b1b1-28bd-4679-856f-0cfe1a635f74	\N	\N	::1	2026-06-19 13:58:23.647465+00
164	5812b1b1-28bd-4679-856f-0cfe1a635f74	UPDATE_USER	users	0156e34c-d0ee-4c3d-a8bc-64dd6f3474ce	{"id": "0156e34c-d0ee-4c3d-a8bc-64dd6f3474ce", "role": "SuperAdmin", "email": "austinaranda27@gmail.com", "branchId": "4595ca95-c6f3-41ee-a147-0eeb66e05be6", "fullName": "Austin Ray Aranda", "isActive": true, "username": "austinray980", "createdAt": "2026-06-19T07:11:10.047Z", "updatedAt": "2026-06-19T07:11:10.047Z", "lastLoginAt": null}	{"role": "SuperAdmin", "email": "test12@gmail.com", "branchId": "4595ca95-c6f3-41ee-a147-0eeb66e05be6", "fullName": "Ivory Reyes Aranda"}	::1	2026-06-19 13:58:45.988493+00
165	5812b1b1-28bd-4679-856f-0cfe1a635f74	REGISTER_USER	users	81241023-9bac-4e7f-b200-5617c4567a82	\N	{"role": "SuperAdmin", "username": "austinray981"}	::1	2026-06-19 13:58:54.527181+00
166	81241023-9bac-4e7f-b200-5617c4567a82	LOGIN	users	81241023-9bac-4e7f-b200-5617c4567a82	\N	\N	::1	2026-06-19 14:30:59.381602+00
167	81241023-9bac-4e7f-b200-5617c4567a82	LOGIN	users	81241023-9bac-4e7f-b200-5617c4567a82	\N	\N	::1	2026-06-19 14:31:45.751279+00
168	81241023-9bac-4e7f-b200-5617c4567a82	LOGIN	users	81241023-9bac-4e7f-b200-5617c4567a82	\N	\N	::1	2026-06-19 14:32:37.336056+00
169	81241023-9bac-4e7f-b200-5617c4567a82	LOGIN	users	81241023-9bac-4e7f-b200-5617c4567a82	\N	\N	::1	2026-06-19 14:33:57.509272+00
170	81241023-9bac-4e7f-b200-5617c4567a82	UPDATE_USER	users	0156e34c-d0ee-4c3d-a8bc-64dd6f3474ce	{"id": "0156e34c-d0ee-4c3d-a8bc-64dd6f3474ce", "tin": null, "role": "SuperAdmin", "email": "test12@gmail.com", "address": null, "branchId": "4595ca95-c6f3-41ee-a147-0eeb66e05be6", "fullName": "Ivory Reyes Aranda", "isActive": true, "username": "austinray980", "createdAt": "2026-06-19T07:11:10.047Z", "dateHired": null, "updatedAt": "2026-06-19T13:58:45.981Z", "employeeId": null, "dateOfBirth": null, "lastLoginAt": null, "contactNumber": null}	{"role": "SuperAdmin", "email": "test12@gmail.com", "branchId": "4595ca95-c6f3-41ee-a147-0eeb66e05be6", "fullName": "Ivory Reyes Aranda"}	::1	2026-06-19 15:33:35.237507+00
171	81241023-9bac-4e7f-b200-5617c4567a82	UPDATE_USER	users	0156e34c-d0ee-4c3d-a8bc-64dd6f3474ce	{"id": "0156e34c-d0ee-4c3d-a8bc-64dd6f3474ce", "tin": null, "role": "SuperAdmin", "email": "test12@gmail.com", "address": null, "branchId": "4595ca95-c6f3-41ee-a147-0eeb66e05be6", "fullName": "Ivory Reyes Aranda", "isActive": true, "username": "austinray980", "createdAt": "2026-06-19T07:11:10.047Z", "dateHired": null, "updatedAt": "2026-06-19T15:33:35.219Z", "employeeId": null, "dateOfBirth": null, "lastLoginAt": null, "contactNumber": null}	{"role": "SuperAdmin", "email": "test12@gmail.com", "branchId": "4595ca95-c6f3-41ee-a147-0eeb66e05be6", "fullName": "Ivory Reyes Aranda"}	::1	2026-06-19 15:33:36.635583+00
206	81241023-9bac-4e7f-b200-5617c4567a82	LOGIN	users	81241023-9bac-4e7f-b200-5617c4567a82	\N	\N	::ffff:127.0.0.1	2026-06-25 03:24:59.184426+00
248	81241023-9bac-4e7f-b200-5617c4567a82	DEACTIVATE_USER	users	4c2444aa-6340-4e24-b037-847faac1ecc7	\N	\N	::ffff:127.0.0.1	2026-06-25 13:32:02.327653+00
172	81241023-9bac-4e7f-b200-5617c4567a82	UPDATE_USER	users	0156e34c-d0ee-4c3d-a8bc-64dd6f3474ce	{"id": "0156e34c-d0ee-4c3d-a8bc-64dd6f3474ce", "tin": null, "role": "SuperAdmin", "email": "test12@gmail.com", "address": null, "branchId": "4595ca95-c6f3-41ee-a147-0eeb66e05be6", "fullName": "Ivory Reyes Aranda", "isActive": true, "username": "austinray980", "createdAt": "2026-06-19T07:11:10.047Z", "dateHired": null, "updatedAt": "2026-06-19T15:33:36.630Z", "employeeId": null, "dateOfBirth": null, "lastLoginAt": null, "contactNumber": null}	{"role": "SuperAdmin", "email": "test12@gmail.com", "branchId": "4595ca95-c6f3-41ee-a147-0eeb66e05be6", "fullName": "Ivory Reyes Aranda"}	::1	2026-06-19 15:33:37.370961+00
173	81241023-9bac-4e7f-b200-5617c4567a82	UPDATE_USER	users	0156e34c-d0ee-4c3d-a8bc-64dd6f3474ce	{"id": "0156e34c-d0ee-4c3d-a8bc-64dd6f3474ce", "tin": null, "role": "SuperAdmin", "email": "test12@gmail.com", "address": null, "branchId": "4595ca95-c6f3-41ee-a147-0eeb66e05be6", "fullName": "Ivory Reyes Aranda", "isActive": true, "username": "austinray980", "createdAt": "2026-06-19T07:11:10.047Z", "dateHired": null, "updatedAt": "2026-06-19T15:33:37.366Z", "employeeId": null, "dateOfBirth": null, "lastLoginAt": null, "contactNumber": null}	{"role": "SuperAdmin", "email": "test12@gmail.com", "branchId": "4595ca95-c6f3-41ee-a147-0eeb66e05be6", "fullName": "Ivory Reyes Aranda"}	::1	2026-06-19 15:33:37.947021+00
174	81241023-9bac-4e7f-b200-5617c4567a82	UPDATE_USER	users	0156e34c-d0ee-4c3d-a8bc-64dd6f3474ce	{"id": "0156e34c-d0ee-4c3d-a8bc-64dd6f3474ce", "tin": null, "role": "SuperAdmin", "email": "test12@gmail.com", "address": null, "branchId": "4595ca95-c6f3-41ee-a147-0eeb66e05be6", "fullName": "Ivory Reyes Aranda", "isActive": true, "username": "austinray980", "createdAt": "2026-06-19T07:11:10.047Z", "dateHired": null, "updatedAt": "2026-06-19T15:33:37.943Z", "employeeId": null, "dateOfBirth": null, "lastLoginAt": null, "contactNumber": null}	{"role": "SuperAdmin", "email": "test12@gmail.com", "branchId": "4595ca95-c6f3-41ee-a147-0eeb66e05be6", "fullName": "Ivory Reyes Aranda"}	::1	2026-06-19 15:33:38.545292+00
175	81241023-9bac-4e7f-b200-5617c4567a82	UPDATE_USER	users	0156e34c-d0ee-4c3d-a8bc-64dd6f3474ce	{"id": "0156e34c-d0ee-4c3d-a8bc-64dd6f3474ce", "tin": null, "role": "SuperAdmin", "email": "test12@gmail.com", "address": null, "branchId": "4595ca95-c6f3-41ee-a147-0eeb66e05be6", "fullName": "Ivory Reyes Aranda", "isActive": true, "username": "austinray980", "createdAt": "2026-06-19T07:11:10.047Z", "dateHired": null, "updatedAt": "2026-06-19T15:33:38.526Z", "employeeId": null, "dateOfBirth": null, "lastLoginAt": null, "contactNumber": null}	{"role": "SuperAdmin", "email": "test12@gmail.com", "branchId": "4595ca95-c6f3-41ee-a147-0eeb66e05be6", "fullName": "Ivory Reyes Santos Aranda"}	::1	2026-06-19 15:33:52.169541+00
176	81241023-9bac-4e7f-b200-5617c4567a82	UPDATE_DIRECTORY_CONTENT	app_content	21977807-6a4a-4a93-8da3-5da4ed5e1bd0	\N	{"body": "Contact list and system directory...", "title": "Parcel Management System Directory"}	::1	2026-06-19 15:52:34.809493+00
177	81241023-9bac-4e7f-b200-5617c4567a82	CREATE_APP_CONTENT	app_content	55811c85-0338-4f97-89cc-fc89bcd4f0f4	\N	{"body": "Tap the green check on the item...", "type": "Help", "title": "How to mark as delivered", "isActive": true, "sortOrder": 0}	::1	2026-06-19 15:58:57.744682+00
178	81241023-9bac-4e7f-b200-5617c4567a82	LOGIN	users	81241023-9bac-4e7f-b200-5617c4567a82	\N	\N	::1	2026-06-21 05:36:16.484857+00
179	81241023-9bac-4e7f-b200-5617c4567a82	REGISTER_USER	users	042df5bd-8188-471c-bfca-0a51110cff29	\N	{"role": "SuperAdmin", "username": "ian.atienza"}	::1	2026-06-21 05:37:04.068779+00
180	81241023-9bac-4e7f-b200-5617c4567a82	LOGIN	users	81241023-9bac-4e7f-b200-5617c4567a82	\N	\N	::1	2026-06-23 05:58:34.976043+00
181	81241023-9bac-4e7f-b200-5617c4567a82	LOGIN	users	81241023-9bac-4e7f-b200-5617c4567a82	\N	\N	::1	2026-06-23 06:03:13.133397+00
182	81241023-9bac-4e7f-b200-5617c4567a82	LOGIN	users	81241023-9bac-4e7f-b200-5617c4567a82	\N	\N	::1	2026-06-23 06:03:37.066398+00
183	81241023-9bac-4e7f-b200-5617c4567a82	LOGIN	users	81241023-9bac-4e7f-b200-5617c4567a82	\N	\N	::1	2026-06-23 06:43:25.866565+00
184	81241023-9bac-4e7f-b200-5617c4567a82	LOGIN	users	81241023-9bac-4e7f-b200-5617c4567a82	\N	\N	::ffff:127.0.0.1	2026-06-23 06:43:47.258725+00
185	81241023-9bac-4e7f-b200-5617c4567a82	LOGIN	users	81241023-9bac-4e7f-b200-5617c4567a82	\N	\N	::ffff:127.0.0.1	2026-06-23 07:20:41.22617+00
186	81241023-9bac-4e7f-b200-5617c4567a82	LOGIN	users	81241023-9bac-4e7f-b200-5617c4567a82	\N	\N	::ffff:127.0.0.1	2026-06-23 10:17:59.143923+00
187	81241023-9bac-4e7f-b200-5617c4567a82	LOGIN	users	81241023-9bac-4e7f-b200-5617c4567a82	\N	\N	::ffff:127.0.0.1	2026-06-23 14:05:45.034845+00
188	81241023-9bac-4e7f-b200-5617c4567a82	LOGIN	users	81241023-9bac-4e7f-b200-5617c4567a82	\N	\N	::1	2026-06-24 16:40:22.453189+00
189	81241023-9bac-4e7f-b200-5617c4567a82	CHANGE_PASSWORD	users	81241023-9bac-4e7f-b200-5617c4567a82	\N	\N	::1	2026-06-24 16:41:29.217646+00
190	81241023-9bac-4e7f-b200-5617c4567a82	LOGIN	users	81241023-9bac-4e7f-b200-5617c4567a82	\N	\N	::1	2026-06-24 16:41:51.066936+00
191	81241023-9bac-4e7f-b200-5617c4567a82	CHANGE_PASSWORD	users	81241023-9bac-4e7f-b200-5617c4567a82	\N	\N	::1	2026-06-24 16:45:42.031057+00
192	81241023-9bac-4e7f-b200-5617c4567a82	CHANGE_PASSWORD	users	81241023-9bac-4e7f-b200-5617c4567a82	\N	\N	::1	2026-06-24 16:46:04.014361+00
193	81241023-9bac-4e7f-b200-5617c4567a82	CHANGE_PASSWORD	users	81241023-9bac-4e7f-b200-5617c4567a82	\N	\N	::1	2026-06-24 16:46:06.9349+00
194	81241023-9bac-4e7f-b200-5617c4567a82	CHANGE_PASSWORD	users	81241023-9bac-4e7f-b200-5617c4567a82	\N	\N	::1	2026-06-24 16:46:08.900008+00
195	81241023-9bac-4e7f-b200-5617c4567a82	CHANGE_PASSWORD	users	81241023-9bac-4e7f-b200-5617c4567a82	\N	\N	::1	2026-06-24 16:46:11.53754+00
196	81241023-9bac-4e7f-b200-5617c4567a82	CHANGE_PASSWORD	users	81241023-9bac-4e7f-b200-5617c4567a82	\N	\N	::1	2026-06-24 16:46:45.897627+00
197	81241023-9bac-4e7f-b200-5617c4567a82	LOGIN	users	81241023-9bac-4e7f-b200-5617c4567a82	\N	\N	::1	2026-06-24 16:46:51.486791+00
198	81241023-9bac-4e7f-b200-5617c4567a82	LOGIN	users	81241023-9bac-4e7f-b200-5617c4567a82	\N	\N	::ffff:127.0.0.1	2026-06-24 16:46:58.312339+00
199	81241023-9bac-4e7f-b200-5617c4567a82	LOGIN	users	81241023-9bac-4e7f-b200-5617c4567a82	\N	\N	::ffff:127.0.0.1	2026-06-24 17:33:16.851037+00
200	81241023-9bac-4e7f-b200-5617c4567a82	UPDATE_PROFILE	users	81241023-9bac-4e7f-b200-5617c4567a82	\N	{"email": "austinaranda27@gmail.com", "address": "Del Monte Fiber Optics", "fullName": "Austin Ray Aranda", "username": "austinray981", "contactNumber": "095614320983"}	::ffff:127.0.0.1	2026-06-24 17:39:03.355189+00
201	81241023-9bac-4e7f-b200-5617c4567a82	UPDATE_PROFILE	users	81241023-9bac-4e7f-b200-5617c4567a82	\N	{"email": "austinaranda27@gmail.com", "address": "Del Monte Fiber Optics", "fullName": "Austin Ray Aranda", "username": "austinray981", "contactNumber": "095614320983"}	::ffff:127.0.0.1	2026-06-24 17:39:10.516505+00
202	81241023-9bac-4e7f-b200-5617c4567a82	UPDATE_PROFILE	users	81241023-9bac-4e7f-b200-5617c4567a82	\N	{"email": "austinaranda27@gmail.com", "address": "Del Monte Fiber Optics", "username": "austinray981", "contactNumber": "095614320987"}	::ffff:127.0.0.1	2026-06-24 17:41:27.015999+00
203	81241023-9bac-4e7f-b200-5617c4567a82	UPDATE_PROFILE_PICTURE	users	81241023-9bac-4e7f-b200-5617c4567a82	\N	{"profilePicture": "/uploads/profile-pictures/user-81241023-9bac-4e7f-b200-5617c4567a82-1782323361990.jpg"}	::ffff:127.0.0.1	2026-06-24 17:49:22.019321+00
204	81241023-9bac-4e7f-b200-5617c4567a82	UPDATE_PROFILE_PICTURE	users	81241023-9bac-4e7f-b200-5617c4567a82	\N	{"profilePicture": "/uploads/profile-pictures/user-81241023-9bac-4e7f-b200-5617c4567a82-1782323674570.png"}	::ffff:127.0.0.1	2026-06-24 17:54:34.614265+00
205	81241023-9bac-4e7f-b200-5617c4567a82	UPDATE_PROFILE	users	81241023-9bac-4e7f-b200-5617c4567a82	\N	{"email": "austinaranda27@gmail.com", "address": "Del Monte Fiber Optics", "username": "austinray981", "contactNumber": "095614320987"}	::ffff:127.0.0.1	2026-06-24 17:54:34.651174+00
207	81241023-9bac-4e7f-b200-5617c4567a82	CREATE_BRANCH	branches	ee791073-3ca5-4501-95db-5f3ead5afa07	\N	{"name": "Cavite", "address": "Cavite Philippines", "contact": "09781232", "googleMapLink": "https://maps.app.goo.gl/wij7mujU4bMkaqbf8"}	::ffff:127.0.0.1	2026-06-25 03:29:48.485806+00
208	81241023-9bac-4e7f-b200-5617c4567a82	LOGIN	users	81241023-9bac-4e7f-b200-5617c4567a82	\N	\N	::1	2026-06-25 03:40:42.034388+00
209	81241023-9bac-4e7f-b200-5617c4567a82	LOGIN	users	81241023-9bac-4e7f-b200-5617c4567a82	\N	\N	::ffff:127.0.0.1	2026-06-25 03:43:17.882225+00
210	81241023-9bac-4e7f-b200-5617c4567a82	DEACTIVATE_BRANCH	branches	b09d0517-2877-466c-b7a5-b7df2e7a2d8a	\N	\N	::ffff:127.0.0.1	2026-06-25 03:58:35.022016+00
211	81241023-9bac-4e7f-b200-5617c4567a82	DEACTIVATE_BRANCH	branches	b09d0517-2877-466c-b7a5-b7df2e7a2d8a	\N	\N	::ffff:127.0.0.1	2026-06-25 03:58:44.100051+00
212	81241023-9bac-4e7f-b200-5617c4567a82	DEACTIVATE_BRANCH	branches	b09d0517-2877-466c-b7a5-b7df2e7a2d8a	\N	\N	::ffff:127.0.0.1	2026-06-25 03:59:35.245482+00
213	81241023-9bac-4e7f-b200-5617c4567a82	DEACTIVATE_BRANCH	branches	b09d0517-2877-466c-b7a5-b7df2e7a2d8a	\N	\N	::ffff:127.0.0.1	2026-06-25 04:00:07.285366+00
214	81241023-9bac-4e7f-b200-5617c4567a82	DEACTIVATE_USER	users	042df5bd-8188-471c-bfca-0a51110cff29	\N	\N	::ffff:127.0.0.1	2026-06-25 04:04:12.204657+00
215	81241023-9bac-4e7f-b200-5617c4567a82	ACTIVATE_USER	users	042df5bd-8188-471c-bfca-0a51110cff29	\N	\N	::ffff:127.0.0.1	2026-06-25 04:04:27.048902+00
216	81241023-9bac-4e7f-b200-5617c4567a82	DEACTIVATE_USER	users	042df5bd-8188-471c-bfca-0a51110cff29	\N	\N	::ffff:127.0.0.1	2026-06-25 04:04:30.27283+00
217	81241023-9bac-4e7f-b200-5617c4567a82	DEACTIVATE_USER	users	0156e34c-d0ee-4c3d-a8bc-64dd6f3474ce	\N	\N	::ffff:127.0.0.1	2026-06-25 04:04:36.457489+00
218	81241023-9bac-4e7f-b200-5617c4567a82	DEACTIVATE_USER	users	69226d3a-a7b1-4a22-bc69-d9ad17b629fa	\N	\N	::ffff:127.0.0.1	2026-06-25 04:04:39.875093+00
219	81241023-9bac-4e7f-b200-5617c4567a82	DEACTIVATE_USER	users	9911cd9d-92ff-403f-8a34-0e23d34194be	\N	\N	::ffff:127.0.0.1	2026-06-25 04:04:42.15784+00
220	81241023-9bac-4e7f-b200-5617c4567a82	DEACTIVATE_USER	users	1744cad2-55eb-483e-8cf0-e16528b8371d	\N	\N	::ffff:127.0.0.1	2026-06-25 04:04:45.850496+00
221	81241023-9bac-4e7f-b200-5617c4567a82	DEACTIVATE_USER	users	81241023-9bac-4e7f-b200-5617c4567a82	\N	\N	::ffff:127.0.0.1	2026-06-25 04:05:19.725426+00
222	81241023-9bac-4e7f-b200-5617c4567a82	ACTIVATE_USER	users	81241023-9bac-4e7f-b200-5617c4567a82	\N	\N	::ffff:127.0.0.1	2026-06-25 04:06:00.305301+00
223	81241023-9bac-4e7f-b200-5617c4567a82	DEACTIVATE_USER	users	81241023-9bac-4e7f-b200-5617c4567a82	\N	\N	::ffff:127.0.0.1	2026-06-25 04:06:44.655883+00
224	81241023-9bac-4e7f-b200-5617c4567a82	ACTIVATE_USER	users	81241023-9bac-4e7f-b200-5617c4567a82	\N	\N	::ffff:127.0.0.1	2026-06-25 04:06:51.980336+00
225	81241023-9bac-4e7f-b200-5617c4567a82	LOGIN	users	81241023-9bac-4e7f-b200-5617c4567a82	\N	\N	::ffff:127.0.0.1	2026-06-25 04:10:23.492736+00
226	81241023-9bac-4e7f-b200-5617c4567a82	LOGIN	users	81241023-9bac-4e7f-b200-5617c4567a82	\N	\N	::ffff:127.0.0.1	2026-06-25 04:41:41.940492+00
227	81241023-9bac-4e7f-b200-5617c4567a82	LOGIN	users	81241023-9bac-4e7f-b200-5617c4567a82	\N	\N	::1	2026-06-25 04:41:48.8892+00
228	81241023-9bac-4e7f-b200-5617c4567a82	LOGIN	users	81241023-9bac-4e7f-b200-5617c4567a82	\N	\N	::ffff:127.0.0.1	2026-06-25 04:42:15.205527+00
229	81241023-9bac-4e7f-b200-5617c4567a82	REGISTER_USER	users	24d35b0c-cdfb-48ed-a669-cb2c3bb96cd7	\N	{"role": "SuperAdmin", "username": "asdasdasd"}	::ffff:127.0.0.1	2026-06-25 04:53:49.493672+00
230	81241023-9bac-4e7f-b200-5617c4567a82	UPDATE_USER	users	24d35b0c-cdfb-48ed-a669-cb2c3bb96cd7	{"id": "24d35b0c-cdfb-48ed-a669-cb2c3bb96cd7", "tin": null, "role": "SuperAdmin", "email": "angelo@gmail.com", "address": "Lorem ipsum dolor sir amet", "branchId": "ee791073-3ca5-4501-95db-5f3ead5afa07", "fullName": "ANGELO ARANDA", "isActive": true, "username": "asdasdasd", "createdAt": "2026-06-25T04:53:49.482Z", "dateHired": null, "updatedAt": "2026-06-25T04:53:49.482Z", "employeeId": null, "dateOfBirth": "2000-05-31T16:00:00.000Z", "lastLoginAt": null, "contactNumber": "0923424324", "profilePicture": null}	{"tin": null, "role": "Supervisor", "email": "angelo@gmail.com", "address": "Lorem ipsum dolor sir amet", "branchId": "ee791073-3ca5-4501-95db-5f3ead5afa07", "fullName": "ANGELO ARANDA", "dateHired": null, "employeeId": null, "dateOfBirth": "2000-05-31T16:00:00.000Z", "contactNumber": "0923424324"}	::ffff:127.0.0.1	2026-06-25 04:54:39.478912+00
231	81241023-9bac-4e7f-b200-5617c4567a82	UPDATE_BRANCH	branches	ee791073-3ca5-4501-95db-5f3ead5afa07	\N	{"name": "Cavite", "address": "Cavite Philippines", "contact": "09781232", "employees": 0, "supervisorId": "24d35b0c-cdfb-48ed-a669-cb2c3bb96cd7", "googleMapLink": "https://maps.app.goo.gl/wij7mujU4bMkaqbf8"}	::ffff:127.0.0.1	2026-06-25 04:54:48.770886+00
232	81241023-9bac-4e7f-b200-5617c4567a82	LOGIN	users	81241023-9bac-4e7f-b200-5617c4567a82	\N	\N	::ffff:127.0.0.1	2026-06-25 06:32:10.574138+00
233	81241023-9bac-4e7f-b200-5617c4567a82	LOGIN	users	81241023-9bac-4e7f-b200-5617c4567a82	\N	\N	::1	2026-06-25 06:32:55.044288+00
234	81241023-9bac-4e7f-b200-5617c4567a82	LOGIN	users	81241023-9bac-4e7f-b200-5617c4567a82	\N	\N	::1	2026-06-25 06:33:08.628949+00
235	81241023-9bac-4e7f-b200-5617c4567a82	LOGIN	users	81241023-9bac-4e7f-b200-5617c4567a82	\N	\N	::ffff:127.0.0.1	2026-06-25 06:33:47.584104+00
236	81241023-9bac-4e7f-b200-5617c4567a82	DEACTIVATE_BRANCH	branches	ee791073-3ca5-4501-95db-5f3ead5afa07	\N	\N	::ffff:127.0.0.1	2026-06-25 06:35:25.157488+00
237	81241023-9bac-4e7f-b200-5617c4567a82	LOGIN	users	81241023-9bac-4e7f-b200-5617c4567a82	\N	\N	::ffff:127.0.0.1	2026-06-25 07:52:41.441399+00
238	81241023-9bac-4e7f-b200-5617c4567a82	LOGIN	users	81241023-9bac-4e7f-b200-5617c4567a82	\N	\N	::ffff:127.0.0.1	2026-06-25 08:18:31.229964+00
239	81241023-9bac-4e7f-b200-5617c4567a82	UPDATE_USER	users	51d0eea0-d1cd-4669-927f-0a3ff853c699	{"id": "51d0eea0-d1cd-4669-927f-0a3ff853c699", "tin": null, "role": "Messenger", "email": "messenger@mmegsi.com", "address": null, "branchId": null, "fullName": "Ramon Garcia", "isActive": true, "username": "messenger01", "createdAt": "2026-06-11T15:48:14.793Z", "dateHired": null, "updatedAt": "2026-06-11T15:48:14.793Z", "employeeId": null, "dateOfBirth": null, "lastLoginAt": null, "contactNumber": "095614320983", "profilePicture": null}	{"address": null, "branchId": "4595ca95-c6f3-41ee-a147-0eeb66e05be6", "fullName": "Ramon Garcia", "dateHired": null, "employeeId": null, "dateOfBirth": null, "contactNumber": "095614320983"}	::ffff:127.0.0.1	2026-06-25 08:41:10.080643+00
240	81241023-9bac-4e7f-b200-5617c4567a82	REGISTER_USER	users	b37183be-35d0-4ff1-9e11-1e1da8d485b7	\N	{"role": "Messenger", "username": "ryan"}	::ffff:127.0.0.1	2026-06-25 08:52:49.223182+00
241	81241023-9bac-4e7f-b200-5617c4567a82	DEACTIVATE_USER	users	b37183be-35d0-4ff1-9e11-1e1da8d485b7	\N	\N	::ffff:127.0.0.1	2026-06-25 08:53:46.56169+00
242	81241023-9bac-4e7f-b200-5617c4567a82	DEACTIVATE_USER	users	b37183be-35d0-4ff1-9e11-1e1da8d485b7	\N	\N	::ffff:127.0.0.1	2026-06-25 08:58:29.727358+00
243	81241023-9bac-4e7f-b200-5617c4567a82	ACTIVATE_USER	users	b37183be-35d0-4ff1-9e11-1e1da8d485b7	\N	\N	::ffff:127.0.0.1	2026-06-25 08:58:31.783338+00
244	81241023-9bac-4e7f-b200-5617c4567a82	UPDATE_BRANCH	branches	b09d0517-2877-466c-b7a5-b7df2e7a2d8a	\N	{"name": "Manila", "address": "Manila", "contact": "09561530963", "employees": 0, "supervisorId": "24d35b0c-cdfb-48ed-a669-cb2c3bb96cd7", "googleMapLink": "https://maps.app.goo.gl/dfX7AwHXdMUFeP1v8"}	::ffff:127.0.0.1	2026-06-25 09:20:00.241443+00
245	81241023-9bac-4e7f-b200-5617c4567a82	REGISTER_USER	users	4c2444aa-6340-4e24-b037-847faac1ecc7	\N	{"role": "Messenger", "username": "oliver"}	::ffff:127.0.0.1	2026-06-25 09:38:25.656563+00
246	81241023-9bac-4e7f-b200-5617c4567a82	LOGIN	users	81241023-9bac-4e7f-b200-5617c4567a82	\N	\N	::ffff:127.0.0.1	2026-06-25 11:12:14.964054+00
247	81241023-9bac-4e7f-b200-5617c4567a82	LOGIN	users	81241023-9bac-4e7f-b200-5617c4567a82	\N	\N	::ffff:127.0.0.1	2026-06-25 13:27:16.651074+00
249	81241023-9bac-4e7f-b200-5617c4567a82	ACTIVATE_USER	users	4c2444aa-6340-4e24-b037-847faac1ecc7	\N	\N	::ffff:127.0.0.1	2026-06-25 13:32:09.327923+00
250	81241023-9bac-4e7f-b200-5617c4567a82	DEACTIVATE_USER	users	4c2444aa-6340-4e24-b037-847faac1ecc7	\N	\N	::ffff:127.0.0.1	2026-06-25 13:36:33.282254+00
251	81241023-9bac-4e7f-b200-5617c4567a82	UPDATE_BRANCH	branches	4595ca95-c6f3-41ee-a147-0eeb66e05be6	\N	{"name": "Olongapo", "address": "Olongapo City", "contact": "0917-121-1111", "employees": 35, "supervisorId": "2022a81a-68c4-4df2-a6c0-0f1f218d0942", "googleMapLink": "https://maps.app.goo.gl/vctLVnTEbNn1SoR87"}	::ffff:127.0.0.1	2026-06-25 13:41:07.906728+00
252	81241023-9bac-4e7f-b200-5617c4567a82	CREATE_BRANCH	branches	82bf6049-ecff-4da9-9637-91e2a5cc26e0	\N	{"name": "Bataan", "address": "Bataan City Philippines", "contact": "09781231234", "employees": 0, "supervisorId": "24d35b0c-cdfb-48ed-a669-cb2c3bb96cd7", "googleMapLink": "https://www.google.com/maps/embed?pb=!1m18!1m12!1m3!1d377620.0562545767!2d120.10354183128746!3d14.66557475100038!2m3!1f0!2f0!3f0!3m2!1i1024!2i768!4f13.1!3m3!1m2!1s0x339614e301987889%3A0x6ae0cb8f5ee13d48!2sBataan%2C%20Philippines!5e1!3m2!1sen!2sus!4v1782396770057!5m2!1sen!2sus"}	::ffff:127.0.0.1	2026-06-25 14:13:07.17008+00
253	81241023-9bac-4e7f-b200-5617c4567a82	UPDATE_BRANCH	branches	4595ca95-c6f3-41ee-a147-0eeb66e05be6	\N	{"name": "Olongapo", "address": "Olongapo City", "contact": "0917-121-1111", "latitude": 14.825404601165026, "employees": 35, "longitude": 120.21046958134494, "supervisorId": "2022a81a-68c4-4df2-a6c0-0f1f218d0942", "googleMapLink": "https://www.google.com/maps/embed?pb=!1m18!1m12!1m3!1d94335.72783115717!2d120.21046958134494!3d14.825404601165026!2m3!1f0!2f0!3f0!3m2!1i1024!2i768!4f13.1!3m3!1m2!1s0x3396711b9c32216b%3A0xa080c3d36f2963a7!2sOlongapo%20City%2C%20Zambales%2C%20Philippines!5e1!3m2!1sen!2sus!4v1782396866723!5m2!1sen!2sus"}	::ffff:127.0.0.1	2026-06-25 14:15:04.195032+00
254	81241023-9bac-4e7f-b200-5617c4567a82	UPDATE_BRANCH	branches	ee791073-3ca5-4501-95db-5f3ead5afa07	\N	{"isActive": true}	::ffff:127.0.0.1	2026-06-25 14:17:07.93106+00
255	81241023-9bac-4e7f-b200-5617c4567a82	UPDATE_BRANCH	branches	b09d0517-2877-466c-b7a5-b7df2e7a2d8a	\N	{"name": "Manila", "address": "Manila", "contact": "09561530963", "latitude": 14.599372899127594, "employees": 0, "longitude": 120.93828330677825, "supervisorId": "24d35b0c-cdfb-48ed-a669-cb2c3bb96cd7", "googleMapLink": "https://www.google.com/maps/embed?pb=!1m18!1m12!1m3!1d47216.74871759357!2d120.93828330677825!3d14.599372899127594!2m3!1f0!2f0!3f0!3m2!1i1024!2i768!4f13.1!3m3!1m2!1s0x3397ca03571ec38b%3A0x69d1d5751069c11f!2sManila%2C%20Metro%20Manila%2C%20Philippines!5e1!3m2!1sen!2sus!4v1782397067415!5m2!1sen!2sus"}	::ffff:127.0.0.1	2026-06-25 14:18:00.026301+00
256	81241023-9bac-4e7f-b200-5617c4567a82	UPDATE_BRANCH	branches	ee791073-3ca5-4501-95db-5f3ead5afa07	\N	{"name": "Cavite", "address": "Cavite Philippines", "contact": "09781232", "latitude": 14.432672065279077, "employees": 0, "longitude": 120.57670576549188, "supervisorId": "24d35b0c-cdfb-48ed-a669-cb2c3bb96cd7", "googleMapLink": "https://www.google.com/maps/embed?pb=!1m18!1m12!1m3!1d189009.32404773557!2d120.57670576549188!3d14.432672065279077!2m3!1f0!2f0!3f0!3m2!1i1024!2i768!4f13.1!3m3!1m2!1s0x3397cd358110cca3%3A0x56e04bd8747014a4!2sCavite%2C%20Philippines!5e1!3m2!1sen!2sus!4v1782397129369!5m2!1sen!2sus"}	::ffff:127.0.0.1	2026-06-25 14:19:11.141967+00
257	81241023-9bac-4e7f-b200-5617c4567a82	REGISTER_USER	users	320e56f3-6387-486f-a6f3-1d7cdb6ccff4	\N	{"role": "Manager", "username": "austinnnn"}	::ffff:127.0.0.1	2026-06-25 14:20:51.405767+00
258	81241023-9bac-4e7f-b200-5617c4567a82	UPDATE_USER	users	320e56f3-6387-486f-a6f3-1d7cdb6ccff4	{"id": "320e56f3-6387-486f-a6f3-1d7cdb6ccff4", "tin": "123313232", "role": "Manager", "email": "devaustinray27@gmail.com", "address": "Lorem ipsum dolor sir amet", "branchId": "ee791073-3ca5-4501-95db-5f3ead5afa07", "fullName": "Austin Ray", "isActive": true, "username": "austinnnn", "createdAt": "2026-06-25T14:20:51.387Z", "dateHired": "2017-07-24T16:00:00.000Z", "updatedAt": "2026-06-25T14:20:51.387Z", "employeeId": "EMP004", "dateOfBirth": "1992-05-30T16:00:00.000Z", "lastLoginAt": null, "contactNumber": "09781234322", "profilePicture": null}	{"tin": "123313232", "role": "Manager", "email": "devaustinray27@gmail.com", "address": "Lorem ipsum dolor sir amet", "branchId": "ee791073-3ca5-4501-95db-5f3ead5afa07", "fullName": "Austin Ray", "dateHired": "2017-07-24T16:00:00.000Z", "employeeId": "EMP004", "dateOfBirth": "1992-05-30T16:00:00.000Z", "contactNumber": "09781234322"}	::ffff:127.0.0.1	2026-06-25 14:21:26.749251+00
259	81241023-9bac-4e7f-b200-5617c4567a82	UPDATE_USER	users	320e56f3-6387-486f-a6f3-1d7cdb6ccff4	{"id": "320e56f3-6387-486f-a6f3-1d7cdb6ccff4", "tin": "123313232", "role": "Manager", "email": "devaustinray27@gmail.com", "address": "Lorem ipsum dolor sir amet", "branchId": "ee791073-3ca5-4501-95db-5f3ead5afa07", "fullName": "Austin Ray", "isActive": true, "username": "austinnnn", "createdAt": "2026-06-25T14:20:51.387Z", "dateHired": "2017-07-24T16:00:00.000Z", "updatedAt": "2026-06-25T14:21:26.743Z", "employeeId": "EMP004", "dateOfBirth": "1992-05-30T16:00:00.000Z", "lastLoginAt": null, "contactNumber": "09781234322", "profilePicture": null}	{"tin": "123313232", "role": "Manager", "email": "devaustinray27@gmail.com", "address": "Lorem ipsum dolor sir amet", "branchId": "ee791073-3ca5-4501-95db-5f3ead5afa07", "fullName": "Austin Ray", "dateHired": "2017-07-24T16:00:00.000Z", "employeeId": "EMP004", "dateOfBirth": "1992-05-30T16:00:00.000Z", "contactNumber": "09781234322"}	::ffff:127.0.0.1	2026-06-25 14:21:50.666042+00
260	81241023-9bac-4e7f-b200-5617c4567a82	UPDATE_USER	users	320e56f3-6387-486f-a6f3-1d7cdb6ccff4	{"id": "320e56f3-6387-486f-a6f3-1d7cdb6ccff4", "tin": "123313232", "role": "Manager", "email": "devaustinray27@gmail.com", "address": "Lorem ipsum dolor sir amet", "branchId": "ee791073-3ca5-4501-95db-5f3ead5afa07", "fullName": "Austin Ray", "isActive": true, "username": "austinnnn", "createdAt": "2026-06-25T14:20:51.387Z", "dateHired": "2017-07-24T16:00:00.000Z", "updatedAt": "2026-06-25T14:21:50.661Z", "employeeId": "EMP004", "dateOfBirth": "1992-05-30T16:00:00.000Z", "lastLoginAt": null, "contactNumber": "09781234322", "profilePicture": null}	{"tin": "123313232", "role": "Manager", "email": "dev.austinray27@gmail.com", "address": "Lorem ipsum dolor sir amet", "branchId": "ee791073-3ca5-4501-95db-5f3ead5afa07", "fullName": "Austin Ray", "dateHired": "2017-07-24T16:00:00.000Z", "employeeId": "EMP004", "dateOfBirth": "1992-05-30T16:00:00.000Z", "contactNumber": "09781234322"}	::ffff:127.0.0.1	2026-06-25 14:23:05.474027+00
261	81241023-9bac-4e7f-b200-5617c4567a82	UPDATE_USER	users	320e56f3-6387-486f-a6f3-1d7cdb6ccff4	{"id": "320e56f3-6387-486f-a6f3-1d7cdb6ccff4", "tin": "123313232", "role": "Manager", "email": "dev.austinray27@gmail.com", "address": "Lorem ipsum dolor sir amet", "branchId": "ee791073-3ca5-4501-95db-5f3ead5afa07", "fullName": "Austin Ray", "isActive": true, "username": "austinnnn", "createdAt": "2026-06-25T14:20:51.387Z", "dateHired": "2017-07-24T16:00:00.000Z", "updatedAt": "2026-06-25T14:23:05.464Z", "employeeId": "EMP004", "dateOfBirth": "1992-05-30T16:00:00.000Z", "lastLoginAt": null, "contactNumber": "09781234322", "profilePicture": null}	{"tin": "123313232", "role": "Manager", "email": "dev.austinray27111@gmail.com", "address": "Lorem ipsum dolor sir amet", "branchId": "ee791073-3ca5-4501-95db-5f3ead5afa07", "fullName": "Austin Ray", "dateHired": "2017-07-24T16:00:00.000Z", "employeeId": "EMP004", "dateOfBirth": "1992-05-30T16:00:00.000Z", "contactNumber": "09781234322"}	::ffff:127.0.0.1	2026-06-25 14:23:38.036647+00
262	81241023-9bac-4e7f-b200-5617c4567a82	REGISTER_USER	users	a0553ce7-dce1-4090-90cc-ee7ef4600674	\N	{"role": "Manager", "username": "austinnnn27"}	::ffff:127.0.0.1	2026-06-25 14:24:27.410085+00
263	81241023-9bac-4e7f-b200-5617c4567a82	UPDATE_BRANCH	branches	b09d0517-2877-466c-b7a5-b7df2e7a2d8a	\N	{"isActive": true}	::ffff:127.0.0.1	2026-06-25 14:35:08.688225+00
264	81241023-9bac-4e7f-b200-5617c4567a82	CREATE_BRANCH	branches	546e926d-9d99-4cd5-94a1-083f23da7258	\N	{"name": "Tarlac", "address": "Tarlac City Philippines", "contact": "09561230978", "employees": 0, "supervisorId": "24d35b0c-cdfb-48ed-a669-cb2c3bb96cd7", "googleMapLink": "https://www.google.com/maps/embed?pb=!1m18!1m12!1m3!1d94042.27806536164!2d120.51958054705483!3d15.484462096462096!2m3!1f0!2f0!3f0!3m2!1i1024!2i768!4f13.1!3m3!1m2!1s0x3396c63f4ab68e0d%3A0x13f9415d7a5bfd4b!2sTarlac%20City%2C%20Tarlac%2C%20Philippines!5e1!3m2!1sen!2sus!4v1782398333134!5m2!1sen!2sus"}	::ffff:127.0.0.1	2026-06-25 14:39:11.012202+00
265	81241023-9bac-4e7f-b200-5617c4567a82	CREATE_BRANCH	branches	5a9c6065-af47-4506-b603-45683e3091d9	\N	{"name": "MMEGSI Baguio", "address": "Baguio City Philippines", "contact": "0977234452", "employees": 0, "supervisorId": "2022a81a-68c4-4df2-a6c0-0f1f218d0942", "googleMapLink": "https://www.google.com/maps/embed?pb=!1m18!1m12!1m3!1d46807.93690298197!2d120.54871596759124!3d16.39607968181627!2m3!1f0!2f0!3f0!3m2!1i1024!2i768!4f13.1!3m3!1m2!1s0x3391a16879def13f%3A0x8edef534be3a75c0!2sBaguio%2C%20Benguet%2C%20Philippines!5e1!3m2!1sen!2sus!4v1782398389690!5m2!1sen!2sus"}	::ffff:127.0.0.1	2026-06-25 14:40:05.12949+00
266	81241023-9bac-4e7f-b200-5617c4567a82	CREATE_BRANCH	branches	f9b338f9-6f4f-46b4-a37c-dcd49d745c11	\N	{"name": "MMEGSI La Union", "address": "La Union Philppines", "contact": "095615309734", "employees": 0, "supervisorId": "24d35b0c-cdfb-48ed-a669-cb2c3bb96cd7", "googleMapLink": "https://www.google.com/maps/embed?pb=!1m18!1m12!1m3!1d374143.8199292631!2d120.09193605055334!3d16.561501648917854!2m3!1f0!2f0!3f0!3m2!1i1024!2i768!4f13.1!3m3!1m2!1s0x3391909fd996bb73%3A0xa80df5423012ac11!2sLa%20Union%2C%20Philippines!5e1!3m2!1sen!2sus!4v1782398449044!5m2!1sen!2sus"}	::ffff:127.0.0.1	2026-06-25 14:40:59.208473+00
267	81241023-9bac-4e7f-b200-5617c4567a82	CREATE_BRANCH	branches	26bded93-008e-43e7-ac61-d6fa488f3aab	\N	{"name": "MMEGSI Antipolo", "address": "Antipolo City", "contact": "09672345675", "employees": 0, "supervisorId": "2022a81a-68c4-4df2-a6c0-0f1f218d0942", "googleMapLink": "https://www.google.com/maps/embed?pb=!1m18!1m12!1m3!1d188815.31746429717!2d121.0523017367697!3d14.659440254040396!2m3!1f0!2f0!3f0!3m2!1i1024!2i768!4f13.1!3m3!1m2!1s0x3397bf0c8d8310c5%3A0x34dc8e5a7fbf80a3!2sAntipolo%2C%20Rizal%2C%20Philippines!5e1!3m2!1sen!2sus!4v1782398492504!5m2!1sen!2sus"}	::ffff:127.0.0.1	2026-06-25 14:41:42.397056+00
268	81241023-9bac-4e7f-b200-5617c4567a82	UPDATE_PARCEL_CONTENT	app_content	941d313c-8954-4213-9e05-47d6271dec5c	\N	{"body": "<h2>Parcel Handling Guidelines</h2>\\n<p>This page documents parcel types, client contacts, and handling procedures\\nfor MMEGSI messengers and supervisors.</p><p><br></p><p><br></p>\\n<h3>Important Notes</ΓǪ", "title": "Parcel Information & Guidelines"}	::ffff:127.0.0.1	2026-06-25 14:59:32.085649+00
269	81241023-9bac-4e7f-b200-5617c4567a82	UPDATE_HELP_CONTENT	app_content	73850348-faec-40b7-85df-0cfcf676748e	\N	{"body": "<h2>Welcome to MMEGSI PMS</h2><div><br></div><div><br></div>\\n<p>This is the Parcel Management System for MMEGSI. Use this page to document\\nhow the system works, FAQs, and guidelines for messengers andΓǪ", "title": "Help & Documentation"}	::ffff:127.0.0.1	2026-06-25 15:00:05.335426+00
270	81241023-9bac-4e7f-b200-5617c4567a82	UPDATE_HELP_CONTENT	app_content	73850348-faec-40b7-85df-0cfcf676748e	\N	{"body": "<h2>Welcome to MMEGSI PMS</h2><div><br></div><div><br></div>\\n<p>This is the Parcel Management System for MMEGSI. Use this page to document\\nhow the system works, FAQs, and guidelines for messengers andΓǪ", "title": "Help & Documentation"}	::ffff:127.0.0.1	2026-06-25 15:00:18.483518+00
271	81241023-9bac-4e7f-b200-5617c4567a82	UPDATE_HELP_CONTENT	app_content	73850348-faec-40b7-85df-0cfcf676748e	\N	{"body": "<h2>Welcome to MMEGSI PMS</h2><div><br></div><div><br></div>\\n<p>This is the Parcel Management System for MMEGSI. Use this page to document\\nhow the system works, FAQs, and guidelines for messengers andΓǪ", "title": "Help & Documentation"}	::ffff:127.0.0.1	2026-06-25 15:00:37.820034+00
272	81241023-9bac-4e7f-b200-5617c4567a82	LOGIN	users	81241023-9bac-4e7f-b200-5617c4567a82	\N	\N	::ffff:127.0.0.1	2026-06-25 15:02:52.408076+00
273	81241023-9bac-4e7f-b200-5617c4567a82	LOGIN	users	81241023-9bac-4e7f-b200-5617c4567a82	\N	\N	::ffff:127.0.0.1	2026-06-25 15:04:28.361814+00
274	81241023-9bac-4e7f-b200-5617c4567a82	LOGOUT	users	81241023-9bac-4e7f-b200-5617c4567a82	\N	\N	::ffff:127.0.0.1	2026-06-25 15:04:32.480015+00
275	81241023-9bac-4e7f-b200-5617c4567a82	LOGIN	users	81241023-9bac-4e7f-b200-5617c4567a82	\N	\N	::ffff:127.0.0.1	2026-06-25 15:05:29.51478+00
276	81241023-9bac-4e7f-b200-5617c4567a82	LOGOUT	users	81241023-9bac-4e7f-b200-5617c4567a82	\N	\N	::ffff:127.0.0.1	2026-06-25 15:05:33.828471+00
277	81241023-9bac-4e7f-b200-5617c4567a82	LOGIN	users	81241023-9bac-4e7f-b200-5617c4567a82	\N	\N	::ffff:127.0.0.1	2026-06-25 15:06:58.957263+00
278	81241023-9bac-4e7f-b200-5617c4567a82	LOGOUT	users	81241023-9bac-4e7f-b200-5617c4567a82	\N	\N	::ffff:127.0.0.1	2026-06-25 15:07:02.969597+00
279	81241023-9bac-4e7f-b200-5617c4567a82	LOGIN	users	81241023-9bac-4e7f-b200-5617c4567a82	\N	\N	::ffff:127.0.0.1	2026-06-25 15:07:51.360991+00
280	81241023-9bac-4e7f-b200-5617c4567a82	LOGIN	users	81241023-9bac-4e7f-b200-5617c4567a82	\N	\N	::ffff:127.0.0.1	2026-06-25 15:08:37.614358+00
281	81241023-9bac-4e7f-b200-5617c4567a82	UPDATE_HELP_CONTENT	app_content	73850348-faec-40b7-85df-0cfcf676748e	\N	{"body": "<h1>Welcome to MMEGSI PMS</h1><div><br></div><div><br></div>\\n<p>This is the Parcel Management System for MMEGSI. Use this page to document\\nhow the system works, FAQs, and guidelines for messengers andΓǪ", "title": "Help & Documentation"}	::ffff:127.0.0.1	2026-06-25 15:11:34.84884+00
282	81241023-9bac-4e7f-b200-5617c4567a82	UPDATE_HELP_CONTENT	app_content	73850348-faec-40b7-85df-0cfcf676748e	\N	{"body": "<h1>Welcome to MMEGSI PMS</h1><div><br></div><div><br></div><div align=\\"right\\">Austin love Ivory</div><div><br></div>\\n<p>This is the Parcel Management System for MMEGSI. Use this page to document\\nhow ΓǪ", "title": "Help & Documentation"}	::ffff:127.0.0.1	2026-06-25 15:11:51.48937+00
283	81241023-9bac-4e7f-b200-5617c4567a82	UPDATE_HELP_CONTENT	app_content	73850348-faec-40b7-85df-0cfcf676748e	\N	{"body": "<h1 align=\\"left\\">Welcome to MMEGSI PMS</h1><div><br></div><div><br></div><div align=\\"left\\">Austin love Ivory</div><div><br></div>\\n<p>This is the Parcel Management System for MMEGSI. Use this page to dΓǪ", "title": "Help & Documentation"}	::ffff:127.0.0.1	2026-06-25 15:12:08.227227+00
284	81241023-9bac-4e7f-b200-5617c4567a82	UPDATE_HELP_CONTENT	app_content	73850348-faec-40b7-85df-0cfcf676748e	\N	{"body": "<h1 align=\\"left\\">Welcome to MMEGSI PMS</h1><div><br></div><div><br></div><div align=\\"left\\">Austin love Ivory</div><div><br></div>\\n<p><span style=\\"background-color: rgb(255, 128, 64);\\">This is the ParcΓǪ", "title": "Help & Documentation"}	::ffff:127.0.0.1	2026-06-25 15:12:20.371749+00
285	81241023-9bac-4e7f-b200-5617c4567a82	ACTIVATE_USER	users	4c2444aa-6340-4e24-b037-847faac1ecc7	\N	\N	::ffff:127.0.0.1	2026-06-25 16:25:30.244014+00
286	81241023-9bac-4e7f-b200-5617c4567a82	LOGIN	users	81241023-9bac-4e7f-b200-5617c4567a82	\N	\N	::ffff:127.0.0.1	2026-06-26 00:55:47.978258+00
287	81241023-9bac-4e7f-b200-5617c4567a82	LOGIN	users	81241023-9bac-4e7f-b200-5617c4567a82	\N	\N	::ffff:127.0.0.1	2026-06-26 02:51:57.277119+00
288	81241023-9bac-4e7f-b200-5617c4567a82	LOGIN	users	81241023-9bac-4e7f-b200-5617c4567a82	\N	\N	::ffff:127.0.0.1	2026-06-26 03:17:50.93154+00
289	81241023-9bac-4e7f-b200-5617c4567a82	LOGIN	users	81241023-9bac-4e7f-b200-5617c4567a82	\N	\N	::ffff:127.0.0.1	2026-06-26 08:35:47.660206+00
290	81241023-9bac-4e7f-b200-5617c4567a82	LOGIN	users	81241023-9bac-4e7f-b200-5617c4567a82	\N	\N	::ffff:127.0.0.1	2026-06-26 10:03:45.935662+00
291	81241023-9bac-4e7f-b200-5617c4567a82	LOGIN	users	81241023-9bac-4e7f-b200-5617c4567a82	\N	\N	::1	2026-06-29 15:54:47.218389+00
292	81241023-9bac-4e7f-b200-5617c4567a82	LOGIN	users	81241023-9bac-4e7f-b200-5617c4567a82	\N	\N	::1	2026-06-29 15:54:50.834984+00
293	81241023-9bac-4e7f-b200-5617c4567a82	LOGIN	users	81241023-9bac-4e7f-b200-5617c4567a82	\N	\N	::1	2026-06-29 16:39:18.221981+00
294	81241023-9bac-4e7f-b200-5617c4567a82	LOGIN	users	81241023-9bac-4e7f-b200-5617c4567a82	\N	\N	::ffff:127.0.0.1	2026-06-30 01:56:20.834941+00
295	81241023-9bac-4e7f-b200-5617c4567a82	LOGIN	users	81241023-9bac-4e7f-b200-5617c4567a82	\N	\N	::1	2026-06-30 02:03:28.944876+00
296	81241023-9bac-4e7f-b200-5617c4567a82	LOGIN	users	81241023-9bac-4e7f-b200-5617c4567a82	\N	\N	::ffff:127.0.0.1	2026-06-30 02:06:32.353395+00
297	81241023-9bac-4e7f-b200-5617c4567a82	LOGIN	users	81241023-9bac-4e7f-b200-5617c4567a82	\N	\N	::ffff:127.0.0.1	2026-06-30 04:41:02.280633+00
298	81241023-9bac-4e7f-b200-5617c4567a82	LOGIN	users	81241023-9bac-4e7f-b200-5617c4567a82	\N	\N	::ffff:127.0.0.1	2026-06-30 12:57:31.282778+00
299	81241023-9bac-4e7f-b200-5617c4567a82	LOGIN	users	81241023-9bac-4e7f-b200-5617c4567a82	\N	\N	::1	2026-07-05 11:24:03.950652+00
300	81241023-9bac-4e7f-b200-5617c4567a82	LOGIN	users	81241023-9bac-4e7f-b200-5617c4567a82	\N	\N	::ffff:127.0.0.1	2026-07-05 11:24:13.627955+00
301	81241023-9bac-4e7f-b200-5617c4567a82	LOGIN	users	81241023-9bac-4e7f-b200-5617c4567a82	\N	\N	::ffff:127.0.0.1	2026-07-06 04:53:40.577848+00
302	81241023-9bac-4e7f-b200-5617c4567a82	LOGIN	users	81241023-9bac-4e7f-b200-5617c4567a82	\N	\N	::ffff:127.0.0.1	2026-07-06 07:29:41.110429+00
303	81241023-9bac-4e7f-b200-5617c4567a82	LOGIN	users	81241023-9bac-4e7f-b200-5617c4567a82	\N	\N	::ffff:127.0.0.1	2026-07-06 07:29:50.48197+00
304	81241023-9bac-4e7f-b200-5617c4567a82	LOGIN	users	81241023-9bac-4e7f-b200-5617c4567a82	\N	\N	::ffff:127.0.0.1	2026-07-06 07:30:02.416069+00
305	81241023-9bac-4e7f-b200-5617c4567a82	LOGOUT	users	81241023-9bac-4e7f-b200-5617c4567a82	\N	\N	::ffff:127.0.0.1	2026-07-06 07:49:34.49297+00
306	81241023-9bac-4e7f-b200-5617c4567a82	LOGIN	users	81241023-9bac-4e7f-b200-5617c4567a82	\N	\N	::ffff:127.0.0.1	2026-07-06 07:49:54.429373+00
307	81241023-9bac-4e7f-b200-5617c4567a82	REGISTER_USER	users	d8592e65-73a9-41a1-953a-64fbb27cb1a9	\N	{"role": "Messenger", "username": "Test"}	::ffff:127.0.0.1	2026-07-06 08:25:31.002029+00
308	81241023-9bac-4e7f-b200-5617c4567a82	REGISTER_USER	users	818a3a35-d45d-4eba-bf63-b3e779d7e9d7	\N	{"role": "SuperAdmin", "username": "asdasd"}	::ffff:127.0.0.1	2026-07-06 08:28:10.378593+00
309	81241023-9bac-4e7f-b200-5617c4567a82	LOGOUT	users	81241023-9bac-4e7f-b200-5617c4567a82	\N	\N	::ffff:127.0.0.1	2026-07-06 09:03:22.058234+00
310	81241023-9bac-4e7f-b200-5617c4567a82	LOGIN	users	81241023-9bac-4e7f-b200-5617c4567a82	\N	\N	::ffff:127.0.0.1	2026-07-06 09:03:35.179986+00
311	b37183be-35d0-4ff1-9e11-1e1da8d485b7	MOBILE_LOGIN	users	b37183be-35d0-4ff1-9e11-1e1da8d485b7	\N	\N	::ffff:127.0.0.1	2026-07-06 13:46:44.010999+00
312	b37183be-35d0-4ff1-9e11-1e1da8d485b7	MOBILE_LOGIN	users	b37183be-35d0-4ff1-9e11-1e1da8d485b7	\N	\N	::ffff:127.0.0.1	2026-07-06 13:48:27.049342+00
313	b37183be-35d0-4ff1-9e11-1e1da8d485b7	MOBILE_LOGIN	users	b37183be-35d0-4ff1-9e11-1e1da8d485b7	\N	\N	::ffff:127.0.0.1	2026-07-06 13:50:35.052181+00
314	b37183be-35d0-4ff1-9e11-1e1da8d485b7	MOBILE_LOGIN	users	b37183be-35d0-4ff1-9e11-1e1da8d485b7	\N	\N	::1	2026-07-06 13:51:15.151006+00
315	b37183be-35d0-4ff1-9e11-1e1da8d485b7	MOBILE_LOGIN	users	b37183be-35d0-4ff1-9e11-1e1da8d485b7	\N	\N	::1	2026-07-06 13:51:23.098328+00
316	b37183be-35d0-4ff1-9e11-1e1da8d485b7	MOBILE_LOGIN	users	b37183be-35d0-4ff1-9e11-1e1da8d485b7	\N	\N	::ffff:127.0.0.1	2026-07-06 13:55:51.5009+00
317	b37183be-35d0-4ff1-9e11-1e1da8d485b7	MOBILE_LOGIN	users	b37183be-35d0-4ff1-9e11-1e1da8d485b7	\N	\N	::1	2026-07-06 14:56:16.838197+00
318	b37183be-35d0-4ff1-9e11-1e1da8d485b7	MOBILE_LOGIN	users	b37183be-35d0-4ff1-9e11-1e1da8d485b7	\N	\N	::1	2026-07-06 15:00:16.236274+00
319	b37183be-35d0-4ff1-9e11-1e1da8d485b7	MOBILE_LOGIN	users	b37183be-35d0-4ff1-9e11-1e1da8d485b7	\N	\N	::1	2026-07-06 15:17:11.446967+00
320	b37183be-35d0-4ff1-9e11-1e1da8d485b7	MOBILE_LOGIN	users	b37183be-35d0-4ff1-9e11-1e1da8d485b7	\N	\N	::1	2026-07-06 15:17:16.150239+00
321	b37183be-35d0-4ff1-9e11-1e1da8d485b7	MOBILE_LOGIN	users	b37183be-35d0-4ff1-9e11-1e1da8d485b7	\N	\N	::1	2026-07-06 15:17:31.424362+00
322	b37183be-35d0-4ff1-9e11-1e1da8d485b7	MOBILE_LOGIN	users	b37183be-35d0-4ff1-9e11-1e1da8d485b7	\N	\N	::ffff:127.0.0.1	2026-07-06 15:19:54.191292+00
323	81241023-9bac-4e7f-b200-5617c4567a82	LOGIN	users	81241023-9bac-4e7f-b200-5617c4567a82	\N	\N	::ffff:127.0.0.1	2026-07-06 15:31:56.726542+00
324	81241023-9bac-4e7f-b200-5617c4567a82	LOGIN	users	81241023-9bac-4e7f-b200-5617c4567a82	\N	\N	::ffff:127.0.0.1	2026-07-06 16:34:41.135451+00
325	b37183be-35d0-4ff1-9e11-1e1da8d485b7	MOBILE_LOGIN	users	b37183be-35d0-4ff1-9e11-1e1da8d485b7	\N	\N	::1	2026-07-06 16:50:24.840541+00
326	81241023-9bac-4e7f-b200-5617c4567a82	LOGIN	users	81241023-9bac-4e7f-b200-5617c4567a82	\N	\N	::ffff:127.0.0.1	2026-07-07 00:30:02.216156+00
327	b37183be-35d0-4ff1-9e11-1e1da8d485b7	MOBILE_LOGIN	users	b37183be-35d0-4ff1-9e11-1e1da8d485b7	\N	\N	::1	2026-07-07 00:31:11.615939+00
328	b37183be-35d0-4ff1-9e11-1e1da8d485b7	MOBILE_LOGIN	users	b37183be-35d0-4ff1-9e11-1e1da8d485b7	\N	\N	::1	2026-07-07 00:34:05.976278+00
329	b37183be-35d0-4ff1-9e11-1e1da8d485b7	MOBILE_LOGIN	users	b37183be-35d0-4ff1-9e11-1e1da8d485b7	\N	\N	::1	2026-07-07 00:34:27.147233+00
330	b37183be-35d0-4ff1-9e11-1e1da8d485b7	MOBILE_LOGIN	users	b37183be-35d0-4ff1-9e11-1e1da8d485b7	\N	\N	\N	2026-07-07 00:39:07.397887+00
331	b37183be-35d0-4ff1-9e11-1e1da8d485b7	MOBILE_LOGIN	users	b37183be-35d0-4ff1-9e11-1e1da8d485b7	\N	\N	::1	2026-07-07 00:39:14.305713+00
332	b37183be-35d0-4ff1-9e11-1e1da8d485b7	MOBILE_LOGIN	users	b37183be-35d0-4ff1-9e11-1e1da8d485b7	\N	\N	::1	2026-07-07 00:41:41.344901+00
333	b37183be-35d0-4ff1-9e11-1e1da8d485b7	MOBILE_LOGIN	users	b37183be-35d0-4ff1-9e11-1e1da8d485b7	\N	\N	::1	2026-07-07 00:54:28.471184+00
334	b37183be-35d0-4ff1-9e11-1e1da8d485b7	MOBILE_LOGIN	users	b37183be-35d0-4ff1-9e11-1e1da8d485b7	\N	\N	::1	2026-07-07 05:26:43.735997+00
335	b37183be-35d0-4ff1-9e11-1e1da8d485b7	MOBILE_LOGIN	users	b37183be-35d0-4ff1-9e11-1e1da8d485b7	\N	\N	::1	2026-07-07 05:27:31.687505+00
336	81241023-9bac-4e7f-b200-5617c4567a82	LOGIN	users	81241023-9bac-4e7f-b200-5617c4567a82	\N	\N	::ffff:127.0.0.1	2026-07-07 05:28:19.931043+00
337	b37183be-35d0-4ff1-9e11-1e1da8d485b7	MOBILE_LOGIN	users	b37183be-35d0-4ff1-9e11-1e1da8d485b7	\N	\N	::1	2026-07-07 05:28:45.302469+00
338	81241023-9bac-4e7f-b200-5617c4567a82	LOGIN	users	81241023-9bac-4e7f-b200-5617c4567a82	\N	\N	::ffff:127.0.0.1	2026-07-07 06:02:29.372447+00
339	81241023-9bac-4e7f-b200-5617c4567a82	LOGIN	users	81241023-9bac-4e7f-b200-5617c4567a82	\N	\N	::ffff:127.0.0.1	2026-07-07 06:02:35.8985+00
340	b37183be-35d0-4ff1-9e11-1e1da8d485b7	MOBILE_LOGIN	users	b37183be-35d0-4ff1-9e11-1e1da8d485b7	\N	\N	::ffff:127.0.0.1	2026-07-07 06:03:42.928925+00
341	81241023-9bac-4e7f-b200-5617c4567a82	LOGIN	users	81241023-9bac-4e7f-b200-5617c4567a82	\N	\N	::ffff:127.0.0.1	2026-07-07 06:33:41.234088+00
342	81241023-9bac-4e7f-b200-5617c4567a82	LOGIN	users	81241023-9bac-4e7f-b200-5617c4567a82	\N	\N	::ffff:127.0.0.1	2026-07-07 07:31:09.601112+00
343	81241023-9bac-4e7f-b200-5617c4567a82	SET_MESSENGER_BRANCH_PRIORITY	messenger_branch_priorities	b37183be-35d0-4ff1-9e11-1e1da8d485b7	\N	\N	::ffff:127.0.0.1	2026-07-07 07:34:07.332307+00
344	81241023-9bac-4e7f-b200-5617c4567a82	SET_MESSENGER_BRANCH_PRIORITY	messenger_branch_priorities	b37183be-35d0-4ff1-9e11-1e1da8d485b7	\N	\N	::ffff:127.0.0.1	2026-07-07 07:34:14.503085+00
345	b37183be-35d0-4ff1-9e11-1e1da8d485b7	MOBILE_LOGIN	users	b37183be-35d0-4ff1-9e11-1e1da8d485b7	\N	\N	::ffff:127.0.0.1	2026-07-07 07:35:05.191983+00
346	b37183be-35d0-4ff1-9e11-1e1da8d485b7	MOBILE_LOGIN	users	b37183be-35d0-4ff1-9e11-1e1da8d485b7	\N	\N	::ffff:192.168.0.124	2026-07-07 07:40:08.537231+00
347	b37183be-35d0-4ff1-9e11-1e1da8d485b7	MOBILE_LOGIN	users	b37183be-35d0-4ff1-9e11-1e1da8d485b7	\N	\N	::ffff:192.168.0.124	2026-07-07 07:41:15.701193+00
348	81241023-9bac-4e7f-b200-5617c4567a82	LOGIN	users	81241023-9bac-4e7f-b200-5617c4567a82	\N	\N	::ffff:127.0.0.1	2026-07-07 07:51:00.638623+00
349	b37183be-35d0-4ff1-9e11-1e1da8d485b7	MOBILE_LOGIN	users	b37183be-35d0-4ff1-9e11-1e1da8d485b7	\N	\N	::ffff:192.168.0.129	2026-07-07 08:48:54.937142+00
350	b37183be-35d0-4ff1-9e11-1e1da8d485b7	MOBILE_LOGIN	users	b37183be-35d0-4ff1-9e11-1e1da8d485b7	\N	\N	::ffff:192.168.0.129	2026-07-07 09:04:36.002289+00
351	b37183be-35d0-4ff1-9e11-1e1da8d485b7	CHANGE_PASSWORD	users	b37183be-35d0-4ff1-9e11-1e1da8d485b7	\N	\N	::ffff:192.168.0.129	2026-07-07 09:18:32.171767+00
352	b37183be-35d0-4ff1-9e11-1e1da8d485b7	CHANGE_PASSWORD	users	b37183be-35d0-4ff1-9e11-1e1da8d485b7	\N	\N	::ffff:192.168.0.129	2026-07-07 09:18:54.765189+00
353	b37183be-35d0-4ff1-9e11-1e1da8d485b7	MOBILE_LOGIN	users	b37183be-35d0-4ff1-9e11-1e1da8d485b7	\N	\N	::1	2026-07-07 09:18:57.226133+00
354	81241023-9bac-4e7f-b200-5617c4567a82	LOGIN	users	81241023-9bac-4e7f-b200-5617c4567a82	\N	\N	::ffff:127.0.0.1	2026-07-08 00:34:59.903018+00
355	81241023-9bac-4e7f-b200-5617c4567a82	LOGIN	users	81241023-9bac-4e7f-b200-5617c4567a82	\N	\N	::ffff:127.0.0.1	2026-07-08 01:17:26.796771+00
356	81241023-9bac-4e7f-b200-5617c4567a82	LOGIN	users	81241023-9bac-4e7f-b200-5617c4567a82	\N	\N	::ffff:127.0.0.1	2026-07-08 01:47:47.774143+00
357	81241023-9bac-4e7f-b200-5617c4567a82	LOGIN	users	81241023-9bac-4e7f-b200-5617c4567a82	\N	\N	::ffff:127.0.0.1	2026-07-08 01:51:02.836194+00
358	81241023-9bac-4e7f-b200-5617c4567a82	LOGIN	users	81241023-9bac-4e7f-b200-5617c4567a82	\N	\N	::ffff:127.0.0.1	2026-07-08 02:06:18.555757+00
359	81241023-9bac-4e7f-b200-5617c4567a82	LOGIN	users	81241023-9bac-4e7f-b200-5617c4567a82	\N	\N	::ffff:127.0.0.1	2026-07-08 02:08:56.0667+00
360	81241023-9bac-4e7f-b200-5617c4567a82	LOGIN	users	81241023-9bac-4e7f-b200-5617c4567a82	\N	\N	::ffff:127.0.0.1	2026-07-08 03:24:00.09835+00
361	81241023-9bac-4e7f-b200-5617c4567a82	LOGIN	users	81241023-9bac-4e7f-b200-5617c4567a82	\N	\N	::ffff:127.0.0.1	2026-07-08 05:21:43.539976+00
362	81241023-9bac-4e7f-b200-5617c4567a82	LOGIN	users	81241023-9bac-4e7f-b200-5617c4567a82	\N	\N	::ffff:127.0.0.1	2026-07-08 05:59:23.261379+00
363	b37183be-35d0-4ff1-9e11-1e1da8d485b7	MOBILE_LOGIN	users	b37183be-35d0-4ff1-9e11-1e1da8d485b7	\N	\N	::ffff:192.168.0.129	2026-07-08 06:02:38.699149+00
364	b37183be-35d0-4ff1-9e11-1e1da8d485b7	MOBILE_LOGIN	users	b37183be-35d0-4ff1-9e11-1e1da8d485b7	\N	\N	::ffff:192.168.100.79	2026-07-11 03:21:31.781599+00
365	81241023-9bac-4e7f-b200-5617c4567a82	LOGIN	users	81241023-9bac-4e7f-b200-5617c4567a82	\N	\N	::ffff:127.0.0.1	2026-07-11 03:24:34.832103+00
366	81241023-9bac-4e7f-b200-5617c4567a82	LOGIN	users	81241023-9bac-4e7f-b200-5617c4567a82	\N	\N	::ffff:127.0.0.1	2026-07-11 04:29:15.882088+00
367	b37183be-35d0-4ff1-9e11-1e1da8d485b7	LOGIN	users	b37183be-35d0-4ff1-9e11-1e1da8d485b7	\N	\N	::ffff:127.0.0.1	2026-07-11 04:30:40.642327+00
368	81241023-9bac-4e7f-b200-5617c4567a82	LOGIN	users	81241023-9bac-4e7f-b200-5617c4567a82	\N	\N	::ffff:127.0.0.1	2026-07-11 04:32:45.470367+00
369	81241023-9bac-4e7f-b200-5617c4567a82	LOGIN	users	81241023-9bac-4e7f-b200-5617c4567a82	\N	\N	::ffff:127.0.0.1	2026-07-11 04:32:58.795646+00
370	b37183be-35d0-4ff1-9e11-1e1da8d485b7	LOGIN	users	b37183be-35d0-4ff1-9e11-1e1da8d485b7	\N	\N	::ffff:127.0.0.1	2026-07-24 15:55:04.052318+00
371	b37183be-35d0-4ff1-9e11-1e1da8d485b7	LOGOUT	users	b37183be-35d0-4ff1-9e11-1e1da8d485b7	\N	\N	::ffff:127.0.0.1	2026-07-24 15:55:25.306021+00
372	b37183be-35d0-4ff1-9e11-1e1da8d485b7	LOGIN	users	b37183be-35d0-4ff1-9e11-1e1da8d485b7	\N	\N	::ffff:127.0.0.1	2026-07-24 15:55:35.815436+00
373	b37183be-35d0-4ff1-9e11-1e1da8d485b7	LOGOUT	users	b37183be-35d0-4ff1-9e11-1e1da8d485b7	\N	\N	::ffff:127.0.0.1	2026-07-24 15:55:42.30068+00
374	81241023-9bac-4e7f-b200-5617c4567a82	LOGIN	users	81241023-9bac-4e7f-b200-5617c4567a82	\N	\N	::ffff:127.0.0.1	2026-07-24 15:56:52.713056+00
375	81241023-9bac-4e7f-b200-5617c4567a82	LOGIN	users	81241023-9bac-4e7f-b200-5617c4567a82	\N	\N	::ffff:127.0.0.1	2026-07-25 03:35:28.418444+00
376	81241023-9bac-4e7f-b200-5617c4567a82	LOGIN	users	81241023-9bac-4e7f-b200-5617c4567a82	\N	\N	::ffff:127.0.0.1	2026-07-25 03:56:35.169375+00
377	81241023-9bac-4e7f-b200-5617c4567a82	LOGIN	users	81241023-9bac-4e7f-b200-5617c4567a82	\N	\N	::ffff:127.0.0.1	2026-07-25 04:08:13.287343+00
378	81241023-9bac-4e7f-b200-5617c4567a82	LOGIN	users	81241023-9bac-4e7f-b200-5617c4567a82	\N	\N	127.0.0.1	2026-07-25 06:15:07.311821+00
379	81241023-9bac-4e7f-b200-5617c4567a82	LOGIN	users	81241023-9bac-4e7f-b200-5617c4567a82	\N	\N	127.0.0.1	2026-07-25 06:15:18.801294+00
380	b37183be-35d0-4ff1-9e11-1e1da8d485b7	MOBILE_LOGIN	users	b37183be-35d0-4ff1-9e11-1e1da8d485b7	\N	\N	127.0.0.1	2026-07-25 06:20:40.142191+00
\.


--
-- Data for Name: bill_recipient_deliveries; Type: TABLE DATA; Schema: public; Owner: mmegsi_user
--

COPY public.bill_recipient_deliveries (id, client_uuid, bill_recipient_id, messenger_id, status, undelivered_reason, notes, checkin_lat, checkin_lng, gps_accuracy_m, delivered_at, proof_photo_url, synced_at, created_at) FROM stdin;
\.


--
-- Data for Name: bill_recipients; Type: TABLE DATA; Schema: public; Owner: mmegsi_user
--

COPY public.bill_recipients (id, name, address, source_batch, created_at, sin_number, meter_no, branch_id, zone_id, employee_id, route, sequence) FROM stdin;
c318211c-a150-4fbc-b242-843a69d573b1	DELA CRUZ RODELYN TESTON	27 SAN GABRIEL STA MARIA BULACAN	79186620-6b2a-4780-80b3-c0c643d1f9bc	2026-07-25 03:57:15.963526+00	SIN000042	MTR000042	82bf6049-ecff-4da9-9637-91e2a5cc26e0	\N	b37183be-35d0-4ff1-9e11-1e1da8d485b7	Route 1	\N
b70611f5-5f82-4ebd-aa43-eff3c40159d1	ROMMEL GERONIMO	9749 SAN GABRIEL STA MARIA BULACAN	79186620-6b2a-4780-80b3-c0c643d1f9bc	2026-07-25 03:57:15.963526+00	SIN000087	MTR000087	82bf6049-ecff-4da9-9637-91e2a5cc26e0	\N	b37183be-35d0-4ff1-9e11-1e1da8d485b7	Route 1	\N
a98d4c38-8d57-4058-9280-653a5df3213a	CRUZ DOMINGO JR CRUZ	005 STALL J SAN GABRIEL STA MARIA BULACAN	79186620-6b2a-4780-80b3-c0c643d1f9bc	2026-07-25 03:57:15.963526+00	SIN000134	MTR000134	82bf6049-ecff-4da9-9637-91e2a5cc26e0	\N	b37183be-35d0-4ff1-9e11-1e1da8d485b7	\N	\N
4f782f6b-851b-450e-a39a-25ed34764ae5	DELGADO JENNIE NIETO	005 STALL J SAN GABRIEL STA MARIA BULACAN	79186620-6b2a-4780-80b3-c0c643d1f9bc	2026-07-25 03:57:15.963526+00	SIN000135	MTR000135	82bf6049-ecff-4da9-9637-91e2a5cc26e0	\N	b37183be-35d0-4ff1-9e11-1e1da8d485b7	\N	\N
b4cbe604-24be-40f4-8fba-6bac5d93676e	BORDOY JOHN MARCK MERGAL	3 SAN GABRIEL STA MARIA BULACAN	79186620-6b2a-4780-80b3-c0c643d1f9bc	2026-07-25 03:57:15.963526+00	SIN000136	MTR000136	82bf6049-ecff-4da9-9637-91e2a5cc26e0	\N	b37183be-35d0-4ff1-9e11-1e1da8d485b7	\N	\N
136c3b68-1292-423b-be25-0d05d4a35b14	CRUZ DOMINGO JR CRUZ	005 SAN GABRIEL STA MARIA BULACAN	79186620-6b2a-4780-80b3-c0c643d1f9bc	2026-07-25 03:57:15.963526+00	SIN000137	MTR000137	82bf6049-ecff-4da9-9637-91e2a5cc26e0	\N	b37183be-35d0-4ff1-9e11-1e1da8d485b7	\N	\N
f4c02f25-d61c-44db-ae4b-cbdad3c7e6f0	LOPEZ MARY GRACE NIETO	BES HSE 005 SAN GABRIEL STA MARIA BULACAN	79186620-6b2a-4780-80b3-c0c643d1f9bc	2026-07-25 03:57:15.963526+00	SIN000138	MTR000138	82bf6049-ecff-4da9-9637-91e2a5cc26e0	\N	b37183be-35d0-4ff1-9e11-1e1da8d485b7	\N	\N
1c93baa4-9e54-466a-a337-acdd4b371d2d	FOLLERO NICKY I	005 SAN GABRIEL STA MARIA BULACAN	79186620-6b2a-4780-80b3-c0c643d1f9bc	2026-07-25 03:57:15.963526+00	SIN000139	MTR000139	82bf6049-ecff-4da9-9637-91e2a5cc26e0	\N	b37183be-35d0-4ff1-9e11-1e1da8d485b7	\N	\N
0287662a-8424-48db-b2df-ad7b87398670	DAVID EMMA BRIZUELA	005 SAN GABRIEL STA MARIA BULACAN	79186620-6b2a-4780-80b3-c0c643d1f9bc	2026-07-25 03:57:15.963526+00	SIN000140	MTR000140	82bf6049-ecff-4da9-9637-91e2a5cc26e0	\N	b37183be-35d0-4ff1-9e11-1e1da8d485b7	\N	\N
c7c3d52b-2eb3-415e-bcc1-a635567cf496	AYOC EMILY	005 BE SAN GABRIEL STA MARIA BULACAN	79186620-6b2a-4780-80b3-c0c643d1f9bc	2026-07-25 03:57:15.963526+00	SIN000141	MTR000141	82bf6049-ecff-4da9-9637-91e2a5cc26e0	\N	b37183be-35d0-4ff1-9e11-1e1da8d485b7	\N	\N
08d3c130-2481-4279-ab9f-208f1e967355	BARANGAY SAN GABRIEL STREETLIGHT	27 SAN GABRIEL STA MARIA BULACAN	79186620-6b2a-4780-80b3-c0c643d1f9bc	2026-07-25 03:57:15.963526+00	SIN000142	MTR000142	82bf6049-ecff-4da9-9637-91e2a5cc26e0	\N	b37183be-35d0-4ff1-9e11-1e1da8d485b7	\N	\N
98d86186-0493-4bc8-a750-afe37c6047f3	FELIMON JOSE	0514 SAN GABRIEL STA MARIA BULACAN	79186620-6b2a-4780-80b3-c0c643d1f9bc	2026-07-25 03:57:15.963526+00	SIN000001	MTR000001	82bf6049-ecff-4da9-9637-91e2a5cc26e0	\N	b37183be-35d0-4ff1-9e11-1e1da8d485b7	Route 1	\N
e2d0ede2-dfcf-49c9-b42c-7138912f7755	AUREA JOSE	0063 SAN GABRIEL STA MARIA BULACAN	79186620-6b2a-4780-80b3-c0c643d1f9bc	2026-07-25 03:57:15.963526+00	SIN000002	MTR000002	82bf6049-ecff-4da9-9637-91e2a5cc26e0	\N	b37183be-35d0-4ff1-9e11-1e1da8d485b7	Route 1	\N
17e1d221-33fb-4334-802d-8ed9e5ff88d4	JOSE GILBERT SANTOS	120  SAN GABRIEL STA MARIA BULACAN	79186620-6b2a-4780-80b3-c0c643d1f9bc	2026-07-25 03:57:15.963526+00	SIN000003	MTR000003	82bf6049-ecff-4da9-9637-91e2a5cc26e0	\N	b37183be-35d0-4ff1-9e11-1e1da8d485b7	Route 1	\N
0eba2767-208a-4ebb-8238-4dacc49748ec	VICENTE JOSE	0512 SAN GABRIEL STA MARIA BULACAN	79186620-6b2a-4780-80b3-c0c643d1f9bc	2026-07-25 03:57:15.963526+00	SIN000004	MTR000004	82bf6049-ecff-4da9-9637-91e2a5cc26e0	\N	b37183be-35d0-4ff1-9e11-1e1da8d485b7	Route 1	\N
8259caf4-30c4-43d8-a4e9-764a2ddd9219	PEDRO JOSE	0491 SAN GABRIEL STA MARIA BULACAN	79186620-6b2a-4780-80b3-c0c643d1f9bc	2026-07-25 03:57:15.963526+00	SIN000005	MTR000005	82bf6049-ecff-4da9-9637-91e2a5cc26e0	\N	b37183be-35d0-4ff1-9e11-1e1da8d485b7	Route 1	\N
5e61bd06-61a2-4e89-b255-a736c2171b44	TOMAS JOAQUIN	0492 SAN GABRIEL STA MARIA BULACAN	79186620-6b2a-4780-80b3-c0c643d1f9bc	2026-07-25 03:57:15.963526+00	SIN000006	MTR000006	82bf6049-ecff-4da9-9637-91e2a5cc26e0	\N	b37183be-35d0-4ff1-9e11-1e1da8d485b7	Route 1	\N
7c528cda-bca3-4ec8-a9d0-1ba6ae00f1a6	LEONORA JOAQUIN	0490 SAN GABRIEL STA MARIA BULACAN	79186620-6b2a-4780-80b3-c0c643d1f9bc	2026-07-25 03:57:15.963526+00	SIN000007	MTR000007	82bf6049-ecff-4da9-9637-91e2a5cc26e0	\N	b37183be-35d0-4ff1-9e11-1e1da8d485b7	Route 1	\N
7c4fa298-1f13-4b0f-a916-310e4a16f04d	JULIAN JOAQUIN	0492 SAN GABRIEL STA MARIA BULACAN	79186620-6b2a-4780-80b3-c0c643d1f9bc	2026-07-25 03:57:15.963526+00	SIN000008	MTR000008	82bf6049-ecff-4da9-9637-91e2a5cc26e0	\N	b37183be-35d0-4ff1-9e11-1e1da8d485b7	Route 1	\N
e2257b6c-e123-4701-bf7f-d089c7bcd651	TOMAS DE JESUS	0491 SAN GABRIEL STA MARIA BULACAN	79186620-6b2a-4780-80b3-c0c643d1f9bc	2026-07-25 03:57:15.963526+00	SIN000009	MTR000009	82bf6049-ecff-4da9-9637-91e2a5cc26e0	\N	b37183be-35d0-4ff1-9e11-1e1da8d485b7	Route 1	\N
13cf503f-823c-48b1-b39f-d57747426597	MARIO DE JESUS	0491 SAN GABRIEL STA MARIA BULACAN	79186620-6b2a-4780-80b3-c0c643d1f9bc	2026-07-25 03:57:15.963526+00	SIN000010	MTR000010	82bf6049-ecff-4da9-9637-91e2a5cc26e0	\N	b37183be-35d0-4ff1-9e11-1e1da8d485b7	Route 1	\N
ac6e3482-3e30-43fc-a6c6-8944bdd9cb62	PRAXEDES II PANAGUITON DE JESUS	0030 SRVI 3 SAN GABRIEL STA MARIA BULACAN	79186620-6b2a-4780-80b3-c0c643d1f9bc	2026-07-25 03:57:15.963526+00	SIN000011	MTR000011	82bf6049-ecff-4da9-9637-91e2a5cc26e0	\N	b37183be-35d0-4ff1-9e11-1e1da8d485b7	Route 2	\N
c6d6a6be-e589-4e19-a9c9-693c5aae9e69	PRAXEDES P DE JESUS	0030 SRVI4 SAN GABRIEL STA MARIA BULACAN	79186620-6b2a-4780-80b3-c0c643d1f9bc	2026-07-25 03:57:15.963526+00	SIN000012	MTR000012	82bf6049-ecff-4da9-9637-91e2a5cc26e0	\N	b37183be-35d0-4ff1-9e11-1e1da8d485b7	Route 2	\N
3c551847-023e-4499-a6f6-ee5262db40ef	MIGUELA M RELOAD	0479 SAN GABRIEL STA MARIA BULACAN	79186620-6b2a-4780-80b3-c0c643d1f9bc	2026-07-25 03:57:15.963526+00	SIN000013	MTR000013	82bf6049-ecff-4da9-9637-91e2a5cc26e0	\N	b37183be-35d0-4ff1-9e11-1e1da8d485b7	Route 2	\N
452f3c32-89d7-4a0a-891e-97e694929ac8	EUGENIO S DELAC RUZ	0491 NR SAN GABRIEL STA MARIA BULACAN	79186620-6b2a-4780-80b3-c0c643d1f9bc	2026-07-25 03:57:15.963526+00	SIN000014	MTR000014	82bf6049-ecff-4da9-9637-91e2a5cc26e0	\N	b37183be-35d0-4ff1-9e11-1e1da8d485b7	Route 2	\N
58ff5876-9e94-42e3-8dd8-1467e824977b	DE JESUS JERICK BRAZIL	111 SAN GABRIEL STA MARIA BULACAN	79186620-6b2a-4780-80b3-c0c643d1f9bc	2026-07-25 03:57:15.963526+00	SIN000015	MTR000015	82bf6049-ecff-4da9-9637-91e2a5cc26e0	\N	b37183be-35d0-4ff1-9e11-1e1da8d485b7	Route 2	\N
31b38343-0df9-4676-8380-f478ffa1068c	EDUARDO NOLASCO BELTRAN	0060 SAN GABRIEL STA MARIA BULACAN	79186620-6b2a-4780-80b3-c0c643d1f9bc	2026-07-25 03:57:15.963526+00	SIN000016	MTR000016	82bf6049-ecff-4da9-9637-91e2a5cc26e0	\N	b37183be-35d0-4ff1-9e11-1e1da8d485b7	Route 2	\N
5d939c89-37b8-4b59-b697-95bb75e08c7c	MENDOZA FILOMENA BELTRAN	060 SAN GABRIEL STA MARIA BULACAN	79186620-6b2a-4780-80b3-c0c643d1f9bc	2026-07-25 03:57:15.963526+00	SIN000017	MTR000017	82bf6049-ecff-4da9-9637-91e2a5cc26e0	\N	b37183be-35d0-4ff1-9e11-1e1da8d485b7	Route 2	\N
5ad64549-a461-4647-99bf-5b4e76e06438	MARCOSA DE LEON	9018 SAN GABRIEL STA MARIA BULACAN	79186620-6b2a-4780-80b3-c0c643d1f9bc	2026-07-25 03:57:15.963526+00	SIN000018	MTR000018	82bf6049-ecff-4da9-9637-91e2a5cc26e0	\N	b37183be-35d0-4ff1-9e11-1e1da8d485b7	Route 2	\N
0a63b737-f170-4230-8f69-b57b792c0ec0	BELEN BELTRAN	0509 SAN GABRIEL STA MARIA BULACAN	79186620-6b2a-4780-80b3-c0c643d1f9bc	2026-07-25 03:57:15.963526+00	SIN000019	MTR000019	82bf6049-ecff-4da9-9637-91e2a5cc26e0	\N	b37183be-35d0-4ff1-9e11-1e1da8d485b7	Route 2	\N
1ddb6ca2-819a-4378-9bd4-5502eb43d929	WILLIAM MANZANO	9002 A SAN GABRIEL STA MARIA BULACAN	79186620-6b2a-4780-80b3-c0c643d1f9bc	2026-07-25 03:57:15.963526+00	SIN000020	MTR000020	82bf6049-ecff-4da9-9637-91e2a5cc26e0	\N	b37183be-35d0-4ff1-9e11-1e1da8d485b7	Route 2	\N
a9246e6f-9f8a-48ad-9b78-313c4c06649f	ROLANDO DE LEON	0510 SAN GABRIEL STA MARIA BULACAN	79186620-6b2a-4780-80b3-c0c643d1f9bc	2026-07-25 03:57:15.963526+00	SIN000021	MTR000021	82bf6049-ecff-4da9-9637-91e2a5cc26e0	\N	b37183be-35d0-4ff1-9e11-1e1da8d485b7	Route 1	\N
9c72cce8-002c-4f9e-9e72-c8080417825c	JULIO MENDOZA	9003 SAN GABRIEL STA MARIA BULACAN	79186620-6b2a-4780-80b3-c0c643d1f9bc	2026-07-25 03:57:15.963526+00	SIN000022	MTR000022	82bf6049-ecff-4da9-9637-91e2a5cc26e0	\N	b37183be-35d0-4ff1-9e11-1e1da8d485b7	Route 1	\N
b652fe14-e027-4bbd-9eb2-20246467945c	ROYAL TOUCH INTL CORP	9805 SAN GABRIEL STA MARIA BULACAN	79186620-6b2a-4780-80b3-c0c643d1f9bc	2026-07-25 03:57:15.963526+00	SIN000023	MTR000023	82bf6049-ecff-4da9-9637-91e2a5cc26e0	\N	b37183be-35d0-4ff1-9e11-1e1da8d485b7	Route 1	\N
fc00f182-a286-437e-80b7-78a3403b51d0	ROMEL P EVANGELISTA	9026 SAN GABRIEL STA MARIA BULACAN	79186620-6b2a-4780-80b3-c0c643d1f9bc	2026-07-25 03:57:15.963526+00	SIN000024	MTR000024	82bf6049-ecff-4da9-9637-91e2a5cc26e0	\N	b37183be-35d0-4ff1-9e11-1e1da8d485b7	Route 1	\N
ff136b2a-5f3f-4cb4-a7c9-f8d2a9a449b8	EDUVIGES DOMINGO	0491 FR SAN GABRIEL STA MARIA BULACAN	79186620-6b2a-4780-80b3-c0c643d1f9bc	2026-07-25 03:57:15.963526+00	SIN000025	MTR000025	82bf6049-ecff-4da9-9637-91e2a5cc26e0	\N	b37183be-35d0-4ff1-9e11-1e1da8d485b7	Route 1	\N
a95140d0-f012-446b-90c2-a50c7b4e51b2	FELECIDAD DE VERA DANIEGA	0491 SAN GABRIEL STA MARIA BULACAN	79186620-6b2a-4780-80b3-c0c643d1f9bc	2026-07-25 03:57:15.963526+00	SIN000026	MTR000026	82bf6049-ecff-4da9-9637-91e2a5cc26e0	\N	b37183be-35d0-4ff1-9e11-1e1da8d485b7	Route 1	\N
9997ee31-1f97-4347-bcfd-23a69245e490	ANASTACIO G PABLO	0491 BE SAN GABRIEL STA MARIA BULACAN	79186620-6b2a-4780-80b3-c0c643d1f9bc	2026-07-25 03:57:15.963526+00	SIN000027	MTR000027	82bf6049-ecff-4da9-9637-91e2a5cc26e0	\N	b37183be-35d0-4ff1-9e11-1e1da8d485b7	Route 1	\N
d356ca7c-7053-44a4-94df-5982bb92127f	DOMINGO ANGELINA SANCHEZ	34 SAN GABRIEL STA MARIA BULACAN	79186620-6b2a-4780-80b3-c0c643d1f9bc	2026-07-25 03:57:15.963526+00	SIN000028	MTR000028	82bf6049-ecff-4da9-9637-91e2a5cc26e0	\N	b37183be-35d0-4ff1-9e11-1e1da8d485b7	Route 1	\N
0e9222ef-7bc5-4d10-8047-2ffd06bb26ea	VALENTINO NIETO	0488 SRVI2 SAN GABRIEL STA MARIA BULACAN	79186620-6b2a-4780-80b3-c0c643d1f9bc	2026-07-25 03:57:15.963526+00	SIN000029	MTR000029	82bf6049-ecff-4da9-9637-91e2a5cc26e0	\N	b37183be-35d0-4ff1-9e11-1e1da8d485b7	Route 1	\N
5df2be5b-6f07-4f50-aa4e-7e5d23278775	VALENTINO NIETO	0488 01 SAN GABRIEL STA MARIA BULACAN	79186620-6b2a-4780-80b3-c0c643d1f9bc	2026-07-25 03:57:15.963526+00	SIN000030	MTR000030	82bf6049-ecff-4da9-9637-91e2a5cc26e0	\N	b37183be-35d0-4ff1-9e11-1e1da8d485b7	Route 1	\N
c03eb542-3294-46fb-bf3d-a7a3587c9055	VALENTIN NIETO SR	0488 02 SAN GABRIEL STA MARIA BULACAN	79186620-6b2a-4780-80b3-c0c643d1f9bc	2026-07-25 03:57:15.963526+00	SIN000031	MTR000031	82bf6049-ecff-4da9-9637-91e2a5cc26e0	\N	b37183be-35d0-4ff1-9e11-1e1da8d485b7	Route 2	\N
0a54de45-6b62-4d20-a0e6-e1f39032385e	VALENTIN NIETO SR	0488 03 SAN GABRIEL STA MARIA BULACAN	79186620-6b2a-4780-80b3-c0c643d1f9bc	2026-07-25 03:57:15.963526+00	SIN000032	MTR000032	82bf6049-ecff-4da9-9637-91e2a5cc26e0	\N	b37183be-35d0-4ff1-9e11-1e1da8d485b7	Route 2	\N
68036216-43f6-45dc-850a-8bdf818d021b	VALENTIN NIETO SR	0488 04 SAN GABRIEL STA MARIA BULACAN	79186620-6b2a-4780-80b3-c0c643d1f9bc	2026-07-25 03:57:15.963526+00	SIN000033	MTR000033	82bf6049-ecff-4da9-9637-91e2a5cc26e0	\N	b37183be-35d0-4ff1-9e11-1e1da8d485b7	Route 2	\N
445820e1-ee56-4027-b2b6-5acf26f0924e	VALENTIN NIETO SR	0488 06 SAN GABRIEL STA MARIA BULACAN	79186620-6b2a-4780-80b3-c0c643d1f9bc	2026-07-25 03:57:15.963526+00	SIN000034	MTR000034	82bf6049-ecff-4da9-9637-91e2a5cc26e0	\N	b37183be-35d0-4ff1-9e11-1e1da8d485b7	Route 2	\N
34727b8a-0639-4eb7-81f6-be6bc5ceded9	VALENTIN NIETO SR	0488 07 SAN GABRIEL STA MARIA BULACAN	79186620-6b2a-4780-80b3-c0c643d1f9bc	2026-07-25 03:57:15.963526+00	SIN000035	MTR000035	82bf6049-ecff-4da9-9637-91e2a5cc26e0	\N	b37183be-35d0-4ff1-9e11-1e1da8d485b7	Route 2	\N
a09b8ce6-e49e-4c05-aca7-8101ec46be1e	VALENTIN NIETO SR	0488 08 SAN GABRIEL STA MARIA BULACAN	79186620-6b2a-4780-80b3-c0c643d1f9bc	2026-07-25 03:57:15.963526+00	SIN000036	MTR000036	82bf6049-ecff-4da9-9637-91e2a5cc26e0	\N	b37183be-35d0-4ff1-9e11-1e1da8d485b7	Route 2	\N
c3c6356e-c326-4753-a0fb-3d94468faa17	AIDA LENELLE M SANTECELIES	0479 SRVI7 SAN GABRIEL STA MARIA BULACAN	79186620-6b2a-4780-80b3-c0c643d1f9bc	2026-07-25 03:57:15.963526+00	SIN000037	MTR000037	82bf6049-ecff-4da9-9637-91e2a5cc26e0	\N	b37183be-35d0-4ff1-9e11-1e1da8d485b7	Route 2	\N
03000391-ec48-440e-89a7-d33313f2428d	AIDA LENELLE M SANTECELIES	0479 SRVI6 SAN GABRIEL STA MARIA BULACAN	79186620-6b2a-4780-80b3-c0c643d1f9bc	2026-07-25 03:57:15.963526+00	SIN000038	MTR000038	82bf6049-ecff-4da9-9637-91e2a5cc26e0	\N	b37183be-35d0-4ff1-9e11-1e1da8d485b7	Route 2	\N
d9395860-69f5-4d23-b4b8-e9a4a92b250c	AIDA LENELLE M SANTECELIES	0479 SRVI2 SAN GABRIEL STA MARIA BULACAN	79186620-6b2a-4780-80b3-c0c643d1f9bc	2026-07-25 03:57:15.963526+00	SIN000039	MTR000039	82bf6049-ecff-4da9-9637-91e2a5cc26e0	\N	b37183be-35d0-4ff1-9e11-1e1da8d485b7	Route 2	\N
dcc7befd-56dc-4fe0-b0bc-de8817d85500	SANTELICES AIDA LENELLE M	0489 SRVI1 SAN GABRIEL STA MARIA BULACAN	79186620-6b2a-4780-80b3-c0c643d1f9bc	2026-07-25 03:57:15.963526+00	SIN000040	MTR000040	82bf6049-ecff-4da9-9637-91e2a5cc26e0	\N	b37183be-35d0-4ff1-9e11-1e1da8d485b7	Route 2	\N
c9367943-8aeb-4981-9fc1-8ed1ea9c1a69	NIETO RENATO DOMINGO	035 DR.1 SAN GABRIEL STA MARIA BULACAN	79186620-6b2a-4780-80b3-c0c643d1f9bc	2026-07-25 03:57:15.963526+00	SIN000041	MTR000041	82bf6049-ecff-4da9-9637-91e2a5cc26e0	\N	b37183be-35d0-4ff1-9e11-1e1da8d485b7	Route 1	\N
508d9a36-4153-44dc-9c97-c9455846ffc8	DELA CRUZ RODELYN TESTON	0064 SAN GABRIEL STA MARIA BULACAN	79186620-6b2a-4780-80b3-c0c643d1f9bc	2026-07-25 03:57:15.963526+00	SIN000043	MTR000043	82bf6049-ecff-4da9-9637-91e2a5cc26e0	\N	b37183be-35d0-4ff1-9e11-1e1da8d485b7	Route 1	\N
a3c93720-e322-4832-b8a8-d587cd3af363	ALMA NUNEZ TESTON	0027 SAN GABRIEL STA MARIA BULACAN	79186620-6b2a-4780-80b3-c0c643d1f9bc	2026-07-25 03:57:15.963526+00	SIN000044	MTR000044	82bf6049-ecff-4da9-9637-91e2a5cc26e0	\N	b37183be-35d0-4ff1-9e11-1e1da8d485b7	Route 1	\N
e8d60e48-c6c6-4839-babe-9526c9bc31e7	ALMA NUNEZ TESTON	0027 UPSTAR SAN GABRIEL STA MARIA BULACAN	79186620-6b2a-4780-80b3-c0c643d1f9bc	2026-07-25 03:57:15.963526+00	SIN000045	MTR000045	82bf6049-ecff-4da9-9637-91e2a5cc26e0	\N	b37183be-35d0-4ff1-9e11-1e1da8d485b7	Route 1	\N
f2219ba5-f116-4ca0-9fab-3693ce6df346	MELINDA PASCUAL HIRAGA	0488 RI SAN GABRIEL STA MARIA BULACAN	79186620-6b2a-4780-80b3-c0c643d1f9bc	2026-07-25 03:57:15.963526+00	SIN000046	MTR000046	82bf6049-ecff-4da9-9637-91e2a5cc26e0	\N	b37183be-35d0-4ff1-9e11-1e1da8d485b7	Route 1	\N
7ca2588d-9a72-42e2-bdd8-73cab08d670e	CORNADO DOMINGO	0487 SAN GABRIEL STA MARIA BULACAN	79186620-6b2a-4780-80b3-c0c643d1f9bc	2026-07-25 03:57:15.963526+00	SIN000047	MTR000047	82bf6049-ecff-4da9-9637-91e2a5cc26e0	\N	b37183be-35d0-4ff1-9e11-1e1da8d485b7	Route 1	\N
70bfc45a-2c9b-485c-ae9b-40e087018e0e	CONSORCIA DELA CRUZ	0486 SAN GABRIEL STA MARIA BULACAN	79186620-6b2a-4780-80b3-c0c643d1f9bc	2026-07-25 03:57:15.963526+00	SIN000048	MTR000048	82bf6049-ecff-4da9-9637-91e2a5cc26e0	\N	b37183be-35d0-4ff1-9e11-1e1da8d485b7	Route 1	\N
dcbebabb-629c-47ac-b815-842dcdae91e8	CELESTINO DOMINGO	0485 SAN GABRIEL STA MARIA BULACAN	79186620-6b2a-4780-80b3-c0c643d1f9bc	2026-07-25 03:57:15.963526+00	SIN000049	MTR000049	82bf6049-ecff-4da9-9637-91e2a5cc26e0	\N	b37183be-35d0-4ff1-9e11-1e1da8d485b7	Route 1	\N
7f3d477b-e833-43f4-94f2-7b357ef0ce01	JULITA SANCHEZ DOMINGO	0485 LE SAN GABRIEL STA MARIA BULACAN	79186620-6b2a-4780-80b3-c0c643d1f9bc	2026-07-25 03:57:15.963526+00	SIN000050	MTR000050	82bf6049-ecff-4da9-9637-91e2a5cc26e0	\N	b37183be-35d0-4ff1-9e11-1e1da8d485b7	Route 1	\N
7d982cff-0c5c-4bbf-9687-bd1272728be5	JULITA S DOMINGO	9775 WATPUM SAN GABRIEL STA MARIA BULACAN	79186620-6b2a-4780-80b3-c0c643d1f9bc	2026-07-25 03:57:15.963526+00	SIN000051	MTR000051	82bf6049-ecff-4da9-9637-91e2a5cc26e0	\N	b37183be-35d0-4ff1-9e11-1e1da8d485b7	Route 2	\N
1f29f175-6377-4bee-a453-3fffac6d071f	LEONORA BERNABE	0483 SRVI2 SAN GABRIEL STA MARIA BULACAN	79186620-6b2a-4780-80b3-c0c643d1f9bc	2026-07-25 03:57:15.963526+00	SIN000052	MTR000052	82bf6049-ecff-4da9-9637-91e2a5cc26e0	\N	b37183be-35d0-4ff1-9e11-1e1da8d485b7	Route 2	\N
2fe34aad-240b-4ab6-8921-1ceae4ad7f29	MANALO RAYMUNDO JR MAGNAYE	060 SAN GABRIEL STA MARIA BULACAN	79186620-6b2a-4780-80b3-c0c643d1f9bc	2026-07-25 03:57:15.963526+00	SIN000053	MTR000053	82bf6049-ecff-4da9-9637-91e2a5cc26e0	\N	b37183be-35d0-4ff1-9e11-1e1da8d485b7	Route 2	\N
f2ee9ba9-5a20-448a-b56c-1b7cc5e3bafa	GERONIMO EDNA CHUA	0028 SAN GABRIEL STA MARIA BULACAN	79186620-6b2a-4780-80b3-c0c643d1f9bc	2026-07-25 03:57:15.963526+00	SIN000055	MTR000055	82bf6049-ecff-4da9-9637-91e2a5cc26e0	\N	b37183be-35d0-4ff1-9e11-1e1da8d485b7	Route 2	\N
676733e8-4741-4dc3-930f-1cf5c5a709ed	GERONIMO EDNA CHUA	113 SAN GABRIEL STA MARIA BULACAN	79186620-6b2a-4780-80b3-c0c643d1f9bc	2026-07-25 03:57:15.963526+00	SIN000056	MTR000056	82bf6049-ecff-4da9-9637-91e2a5cc26e0	\N	b37183be-35d0-4ff1-9e11-1e1da8d485b7	Route 2	\N
7e7c6244-bc67-4aa1-b047-345d0d4e231c	EDNA CHUA GERONIMO	0028 DR.E SAN GABRIEL STA MARIA BULACAN	79186620-6b2a-4780-80b3-c0c643d1f9bc	2026-07-25 03:57:15.963526+00	SIN000057	MTR000057	82bf6049-ecff-4da9-9637-91e2a5cc26e0	\N	b37183be-35d0-4ff1-9e11-1e1da8d485b7	Route 2	\N
dc5eca7d-0a75-4ace-b0a1-6d9aade2f179	FELICIDAD DOMINGO	0482 BE 04 SAN GABRIEL STA MARIA BULACAN	79186620-6b2a-4780-80b3-c0c643d1f9bc	2026-07-25 03:57:15.963526+00	SIN000058	MTR000058	82bf6049-ecff-4da9-9637-91e2a5cc26e0	\N	b37183be-35d0-4ff1-9e11-1e1da8d485b7	Route 2	\N
649d515c-7aec-48db-9dff-caaf077c354c	EDNA CHUA GERONIMO	0028 DR.B SAN GABRIEL STA MARIA BULACAN	79186620-6b2a-4780-80b3-c0c643d1f9bc	2026-07-25 03:57:15.963526+00	SIN000059	MTR000059	82bf6049-ecff-4da9-9637-91e2a5cc26e0	\N	b37183be-35d0-4ff1-9e11-1e1da8d485b7	Route 2	\N
4d592eb6-1314-4500-af0b-cf5d53f8733f	JESUS M LUCIANO	9006 SAN GABRIEL STA MARIA BULACAN	79186620-6b2a-4780-80b3-c0c643d1f9bc	2026-07-25 03:57:15.963526+00	SIN000060	MTR000060	82bf6049-ecff-4da9-9637-91e2a5cc26e0	\N	b37183be-35d0-4ff1-9e11-1e1da8d485b7	Route 2	\N
e9bf639e-d852-4ae0-9e29-45e7f94c9ee3	OLIVARES JOSEPHINE SALAMAT	0007 NEAR SAN GABRIEL STA MARIA BULACAN	79186620-6b2a-4780-80b3-c0c643d1f9bc	2026-07-25 03:57:15.963526+00	SIN000061	MTR000061	82bf6049-ecff-4da9-9637-91e2a5cc26e0	\N	b37183be-35d0-4ff1-9e11-1e1da8d485b7	Route 1	\N
9309419b-173a-4be7-b15a-7a38aa8e891d	OLIVARES JENINA JENEZZA SALAMAT	0007 SAN GABRIEL STA MARIA BULACAN	79186620-6b2a-4780-80b3-c0c643d1f9bc	2026-07-25 03:57:15.963526+00	SIN000062	MTR000062	82bf6049-ecff-4da9-9637-91e2a5cc26e0	\N	b37183be-35d0-4ff1-9e11-1e1da8d485b7	Route 1	\N
825c3d86-9be5-4e84-8589-f8c3c2188555	FERNANDO T OLIVARES	9774 SAN GABRIEL STA MARIA BULACAN	79186620-6b2a-4780-80b3-c0c643d1f9bc	2026-07-25 03:57:15.963526+00	SIN000063	MTR000063	82bf6049-ecff-4da9-9637-91e2a5cc26e0	\N	b37183be-35d0-4ff1-9e11-1e1da8d485b7	Route 1	\N
ab1341ba-fab6-4bc1-9152-a1aba996fdbe	OLIVARES JANNO JANICO SALAMAT	BES 07 SAN GABRIEL STA MARIA BULACAN	79186620-6b2a-4780-80b3-c0c643d1f9bc	2026-07-25 03:57:15.963526+00	SIN000064	MTR000064	82bf6049-ecff-4da9-9637-91e2a5cc26e0	\N	b37183be-35d0-4ff1-9e11-1e1da8d485b7	Route 1	\N
5e48f1a4-8ed1-43c9-b074-dc42f0986b38	STELLA ABELLA NEPUMUCENO	9774 SRVI4 SAN GABRIEL STA MARIA BULACAN	79186620-6b2a-4780-80b3-c0c643d1f9bc	2026-07-25 03:57:15.963526+00	SIN000065	MTR000065	82bf6049-ecff-4da9-9637-91e2a5cc26e0	\N	b37183be-35d0-4ff1-9e11-1e1da8d485b7	Route 1	\N
b4e72f02-c3b2-4c01-ac43-c98a86434ea0	DE JESUS MYRNA JOSE	18 SAN GABRIEL STA MARIA BULACAN	79186620-6b2a-4780-80b3-c0c643d1f9bc	2026-07-25 03:57:15.963526+00	SIN000066	MTR000066	82bf6049-ecff-4da9-9637-91e2a5cc26e0	\N	b37183be-35d0-4ff1-9e11-1e1da8d485b7	Route 1	\N
9a394719-2881-4958-a808-c3c77b5ba7ae	DE JESUS MYRNA JOSE	005 STALL 2 SAN GABRIEL STA MARIA BULACAN	79186620-6b2a-4780-80b3-c0c643d1f9bc	2026-07-25 03:57:15.963526+00	SIN000067	MTR000067	82bf6049-ecff-4da9-9637-91e2a5cc26e0	\N	b37183be-35d0-4ff1-9e11-1e1da8d485b7	Route 1	\N
2c122e6a-cec6-446d-b978-a3dae6589625	DE JESUS MYRNA JOSE	0051 STALL 2 SAN GABRIEL STA MARIA BULACAN	79186620-6b2a-4780-80b3-c0c643d1f9bc	2026-07-25 03:57:15.963526+00	SIN000068	MTR000068	82bf6049-ecff-4da9-9637-91e2a5cc26e0	\N	b37183be-35d0-4ff1-9e11-1e1da8d485b7	Route 1	\N
6e87c82d-288c-4d39-819e-e56687c09213	RUFINA DE JESUS	0481 SRVI 1 SAN GABRIEL STA MARIA BULACAN	79186620-6b2a-4780-80b3-c0c643d1f9bc	2026-07-25 03:57:15.963526+00	SIN000069	MTR000069	82bf6049-ecff-4da9-9637-91e2a5cc26e0	\N	b37183be-35d0-4ff1-9e11-1e1da8d485b7	Route 1	\N
e67d4a5d-cf8f-4d1b-8d2f-d2a71c7d3802	ARCADIA DE JESUS	0481 SRVI2 SAN GABRIEL STA MARIA BULACAN	79186620-6b2a-4780-80b3-c0c643d1f9bc	2026-07-25 03:57:15.963526+00	SIN000070	MTR000070	82bf6049-ecff-4da9-9637-91e2a5cc26e0	\N	b37183be-35d0-4ff1-9e11-1e1da8d485b7	Route 1	\N
4f8c5206-27f5-481e-ab4b-417ac8214886	RUFINA DE JESUS BONDOC	9032 B SAN GABRIEL STA MARIA BULACAN	79186620-6b2a-4780-80b3-c0c643d1f9bc	2026-07-25 03:57:15.963526+00	SIN000071	MTR000071	82bf6049-ecff-4da9-9637-91e2a5cc26e0	\N	b37183be-35d0-4ff1-9e11-1e1da8d485b7	Route 2	\N
7a2903d3-bdad-4f0a-a72b-3ea86b74e8bf	RUFINA DE JESUS BONDOC	9032 C SAN GABRIEL STA MARIA BULACAN	79186620-6b2a-4780-80b3-c0c643d1f9bc	2026-07-25 03:57:15.963526+00	SIN000072	MTR000072	82bf6049-ecff-4da9-9637-91e2a5cc26e0	\N	b37183be-35d0-4ff1-9e11-1e1da8d485b7	Route 2	\N
24d05625-b0f0-4657-9b08-f4d8d1d45de9	ARCADIA DE JESUS	0481 LE SAN GABRIEL STA MARIA BULACAN	79186620-6b2a-4780-80b3-c0c643d1f9bc	2026-07-25 03:57:15.963526+00	SIN000073	MTR000073	82bf6049-ecff-4da9-9637-91e2a5cc26e0	\N	b37183be-35d0-4ff1-9e11-1e1da8d485b7	Route 2	\N
cb8b3f25-74cd-410e-97ba-ff56f5c105ab	MYRNA DE JESUS	9752 SAN GABRIEL STA MARIA BULACAN	79186620-6b2a-4780-80b3-c0c643d1f9bc	2026-07-25 03:57:15.963526+00	SIN000074	MTR000074	82bf6049-ecff-4da9-9637-91e2a5cc26e0	\N	b37183be-35d0-4ff1-9e11-1e1da8d485b7	Route 2	\N
8322261f-340b-40d9-ab75-b97417fee375	TOM DE JESUS	9751 SAN GABRIEL STA MARIA BULACAN	79186620-6b2a-4780-80b3-c0c643d1f9bc	2026-07-25 03:57:15.963526+00	SIN000075	MTR000075	82bf6049-ecff-4da9-9637-91e2a5cc26e0	\N	b37183be-35d0-4ff1-9e11-1e1da8d485b7	Route 2	\N
25ff41dd-c861-4652-83c9-1423ecd93d4f	NIEVES LOIDA PIZARDO	0027 SAN GABRIEL STA MARIA BULACAN	79186620-6b2a-4780-80b3-c0c643d1f9bc	2026-07-25 03:57:15.963526+00	SIN000076	MTR000076	82bf6049-ecff-4da9-9637-91e2a5cc26e0	\N	b37183be-35d0-4ff1-9e11-1e1da8d485b7	Route 2	\N
1e5b83e5-158f-4851-832c-9f4f20a0efbe	RENATO NIEVES	9695 SAN GABRIEL STA MARIA BULACAN	79186620-6b2a-4780-80b3-c0c643d1f9bc	2026-07-25 03:57:15.963526+00	SIN000077	MTR000077	82bf6049-ecff-4da9-9637-91e2a5cc26e0	\N	b37183be-35d0-4ff1-9e11-1e1da8d485b7	Route 2	\N
8a0bb362-b6ae-49f1-aad5-e6ce7c980651	ERNESTO HERNANDEZ	9014 MABINI SAN GABRIEL STA MARIA BULACAN	79186620-6b2a-4780-80b3-c0c643d1f9bc	2026-07-25 03:57:15.963526+00	SIN000078	MTR000078	82bf6049-ecff-4da9-9637-91e2a5cc26e0	\N	b37183be-35d0-4ff1-9e11-1e1da8d485b7	Route 2	\N
b0d7bb70-5bb0-416b-bdc5-1b605cd47695	MA LENA MENDOZA PUNZALAN	9014 BE DR 2 SAN GABRIEL STA MARIA BULACAN	79186620-6b2a-4780-80b3-c0c643d1f9bc	2026-07-25 03:57:15.963526+00	SIN000079	MTR000079	82bf6049-ecff-4da9-9637-91e2a5cc26e0	\N	b37183be-35d0-4ff1-9e11-1e1da8d485b7	Route 2	\N
4f08ce0d-d532-44ee-89a1-cefb09dc8fe3	MA LENA MENDOZA PUNZALAN	9014 DR 1 SAN GABRIEL STA MARIA BULACAN	79186620-6b2a-4780-80b3-c0c643d1f9bc	2026-07-25 03:57:15.963526+00	SIN000080	MTR000080	82bf6049-ecff-4da9-9637-91e2a5cc26e0	\N	b37183be-35d0-4ff1-9e11-1e1da8d485b7	Route 2	\N
35697e5c-0ef7-4e2b-8083-d596b1548c7b	NELISA INOCENCIO	001 SAN GABRIEL STA MARIA BULACAN	79186620-6b2a-4780-80b3-c0c643d1f9bc	2026-07-25 03:57:15.963526+00	SIN000081	MTR000081	82bf6049-ecff-4da9-9637-91e2a5cc26e0	\N	b37183be-35d0-4ff1-9e11-1e1da8d485b7	Route 1	\N
3311d16c-8e3f-42b2-9512-0b0dda5d5bc2	MA NELISA A INOCENCIO	5235 ME SAN GABRIEL STA MARIA BULACAN	79186620-6b2a-4780-80b3-c0c643d1f9bc	2026-07-25 03:57:15.963526+00	SIN000082	MTR000082	82bf6049-ecff-4da9-9637-91e2a5cc26e0	\N	b37183be-35d0-4ff1-9e11-1e1da8d485b7	Route 1	\N
61371552-e41d-4784-9d06-445257ada26b	ELMARINA REYES	9005 2  SAN GABRIEL STA MARIA BULACAN	79186620-6b2a-4780-80b3-c0c643d1f9bc	2026-07-25 03:57:15.963526+00	SIN000083	MTR000083	82bf6049-ecff-4da9-9637-91e2a5cc26e0	\N	b37183be-35d0-4ff1-9e11-1e1da8d485b7	Route 1	\N
bc7f29bc-c1b2-4c69-9cd3-d6d95608bb00	NELIA GERON	0015 SAN GABRIEL STA MARIA BULACAN	79186620-6b2a-4780-80b3-c0c643d1f9bc	2026-07-25 03:57:15.963526+00	SIN000084	MTR000084	82bf6049-ecff-4da9-9637-91e2a5cc26e0	\N	b37183be-35d0-4ff1-9e11-1e1da8d485b7	Route 1	\N
4a385fb6-3d0c-472d-a025-36bfe600ed49	RICHARD PIZARRO NIEVES	9734 B SAN GABRIEL STA MARIA BULACAN	79186620-6b2a-4780-80b3-c0c643d1f9bc	2026-07-25 03:57:15.963526+00	SIN000085	MTR000085	82bf6049-ecff-4da9-9637-91e2a5cc26e0	\N	b37183be-35d0-4ff1-9e11-1e1da8d485b7	Route 1	\N
7dc8f4b1-4e74-40a1-a0a1-ab6b26d60e7c	CHERRIELOU PATOD MANAPAT	0015 BES SAN GABRIEL STA MARIA BULACAN	79186620-6b2a-4780-80b3-c0c643d1f9bc	2026-07-25 03:57:15.963526+00	SIN000086	MTR000086	82bf6049-ecff-4da9-9637-91e2a5cc26e0	\N	b37183be-35d0-4ff1-9e11-1e1da8d485b7	Route 1	\N
c70dbe14-ec01-4e00-b76e-6c35c8bf9a40	GERONIMO AMELIA POLICARPIO	0016 SAN GABRIEL STA MARIA BULACAN	79186620-6b2a-4780-80b3-c0c643d1f9bc	2026-07-25 03:57:15.963526+00	SIN000088	MTR000088	82bf6049-ecff-4da9-9637-91e2a5cc26e0	\N	b37183be-35d0-4ff1-9e11-1e1da8d485b7	Route 1	\N
4dab5813-e1c0-4c6e-87e5-681dba33bb2f	GERONIMO AMELIA POLICARPIO	0016 DR A SAN GABRIEL STA MARIA BULACAN	79186620-6b2a-4780-80b3-c0c643d1f9bc	2026-07-25 03:57:15.963526+00	SIN000089	MTR000089	82bf6049-ecff-4da9-9637-91e2a5cc26e0	\N	b37183be-35d0-4ff1-9e11-1e1da8d485b7	Route 1	\N
9950d623-8202-4683-84bd-3c31f257b057	GERONIMO AMELIA POLICARPIO	0016 DR B SAN GABRIEL STA MARIA BULACAN	79186620-6b2a-4780-80b3-c0c643d1f9bc	2026-07-25 03:57:15.963526+00	SIN000090	MTR000090	82bf6049-ecff-4da9-9637-91e2a5cc26e0	\N	b37183be-35d0-4ff1-9e11-1e1da8d485b7	Route 1	\N
52c4d7a0-d48b-474e-9d41-19eed635e80f	ROMMEL GERONIMO	9004 SAN GABRIEL STA MARIA BULACAN	79186620-6b2a-4780-80b3-c0c643d1f9bc	2026-07-25 03:57:15.963526+00	SIN000091	MTR000091	82bf6049-ecff-4da9-9637-91e2a5cc26e0	\N	b37183be-35d0-4ff1-9e11-1e1da8d485b7	Route 2	\N
5c722508-35ab-4e01-98b7-7e16d8a61b07	MARCIANO GERONIMO	9021 SAN GABRIEL STA MARIA BULACAN	79186620-6b2a-4780-80b3-c0c643d1f9bc	2026-07-25 03:57:15.963526+00	SIN000092	MTR000092	82bf6049-ecff-4da9-9637-91e2a5cc26e0	\N	b37183be-35d0-4ff1-9e11-1e1da8d485b7	Route 2	\N
3892ed4d-e9d4-4150-ac91-48d98a210d6d	MARCIANO GERONIMO	9019 SAN GABRIEL STA MARIA BULACAN	79186620-6b2a-4780-80b3-c0c643d1f9bc	2026-07-25 03:57:15.963526+00	SIN000093	MTR000093	82bf6049-ecff-4da9-9637-91e2a5cc26e0	\N	b37183be-35d0-4ff1-9e11-1e1da8d485b7	Route 2	\N
19b6e35b-3a6f-4bb8-b6bd-25f39d98560e	MARCIANO GERONIMO	9018 01 SAN GABRIEL STA MARIA BULACAN	79186620-6b2a-4780-80b3-c0c643d1f9bc	2026-07-25 03:57:15.963526+00	SIN000094	MTR000094	82bf6049-ecff-4da9-9637-91e2a5cc26e0	\N	b37183be-35d0-4ff1-9e11-1e1da8d485b7	Route 2	\N
5758cbab-bb1d-433e-a929-2da0a93f5a21	MARCIANO J GERONIMO	9020 BS SAN GABRIEL STA MARIA BULACAN	79186620-6b2a-4780-80b3-c0c643d1f9bc	2026-07-25 03:57:15.963526+00	SIN000095	MTR000095	82bf6049-ecff-4da9-9637-91e2a5cc26e0	\N	b37183be-35d0-4ff1-9e11-1e1da8d485b7	Route 2	\N
776c6ab0-c139-47fb-89a1-6ac195147b10	MARCIANO GERONIMO	9020 SAN GABRIEL STA MARIA BULACAN	79186620-6b2a-4780-80b3-c0c643d1f9bc	2026-07-25 03:57:15.963526+00	SIN000096	MTR000096	82bf6049-ecff-4da9-9637-91e2a5cc26e0	\N	b37183be-35d0-4ff1-9e11-1e1da8d485b7	Route 2	\N
9eb1baa0-c2f3-4336-bc03-8e18bee0f230	ORLANDO S INOCENCIO	0002 EXTN SAN GABRIEL STA MARIA BULACAN	79186620-6b2a-4780-80b3-c0c643d1f9bc	2026-07-25 03:57:15.963526+00	SIN000097	MTR000097	82bf6049-ecff-4da9-9637-91e2a5cc26e0	\N	b37183be-35d0-4ff1-9e11-1e1da8d485b7	Route 2	\N
d2b78421-8098-4c6f-ba6a-ed183d7c5899	OSCAR INOCENCIO	0002 DR SAN GABRIEL STA MARIA BULACAN	79186620-6b2a-4780-80b3-c0c643d1f9bc	2026-07-25 03:57:15.963526+00	SIN000098	MTR000098	82bf6049-ecff-4da9-9637-91e2a5cc26e0	\N	b37183be-35d0-4ff1-9e11-1e1da8d485b7	Route 2	\N
f06bcdfb-6f4b-48d5-a9f0-62f1683f3f36	OSCAR INOCENCIO	0001 DR SAN GABRIEL STA MARIA BULACAN	79186620-6b2a-4780-80b3-c0c643d1f9bc	2026-07-25 03:57:15.963526+00	SIN000099	MTR000099	82bf6049-ecff-4da9-9637-91e2a5cc26e0	\N	b37183be-35d0-4ff1-9e11-1e1da8d485b7	Route 2	\N
0b525e1e-0ebe-434d-915d-5155f4a47def	BAUI JASMINE DOMINGO	0014 NE SAN GABRIEL STA MARIA BULACAN	79186620-6b2a-4780-80b3-c0c643d1f9bc	2026-07-25 03:57:15.963526+00	SIN000100	MTR000100	82bf6049-ecff-4da9-9637-91e2a5cc26e0	\N	b37183be-35d0-4ff1-9e11-1e1da8d485b7	Route 2	\N
28ff5abe-f319-445f-8bef-a53207556774	DOMINGO JOCELYN	9003 SAN GABRIEL STA MARIA BULACAN	79186620-6b2a-4780-80b3-c0c643d1f9bc	2026-07-25 03:57:15.963526+00	SIN000101	MTR000101	82bf6049-ecff-4da9-9637-91e2a5cc26e0	\N	b37183be-35d0-4ff1-9e11-1e1da8d485b7	Route 1	\N
c3b8ca8a-1411-4566-a3f2-0679f31c04c9	ANGELITA DOMINGO	0014 SAN GABRIEL STA MARIA BULACAN	79186620-6b2a-4780-80b3-c0c643d1f9bc	2026-07-25 03:57:15.963526+00	SIN000102	MTR000102	82bf6049-ecff-4da9-9637-91e2a5cc26e0	\N	b37183be-35d0-4ff1-9e11-1e1da8d485b7	Route 1	\N
88d18257-a7e4-4b8d-a9fe-6b703744c5dc	ROSARIO H DOMINGO	0017 SAN GABRIEL STA MARIA BULACAN	79186620-6b2a-4780-80b3-c0c643d1f9bc	2026-07-25 03:57:15.963526+00	SIN000103	MTR000103	82bf6049-ecff-4da9-9637-91e2a5cc26e0	\N	b37183be-35d0-4ff1-9e11-1e1da8d485b7	Route 1	\N
00c3e643-667f-41ac-bd8b-c56ecd3a9fa3	WILLY NICOLAS	9030 SAN GABRIEL STA MARIA BULACAN	79186620-6b2a-4780-80b3-c0c643d1f9bc	2026-07-25 03:57:15.963526+00	SIN000104	MTR000104	82bf6049-ecff-4da9-9637-91e2a5cc26e0	\N	b37183be-35d0-4ff1-9e11-1e1da8d485b7	Route 1	\N
358ad718-6824-4d82-bf4d-a8e4e0893d77	INOCENCIO PAULO REGALDO	9745 SAN GABRIEL STA MARIA BULACAN	79186620-6b2a-4780-80b3-c0c643d1f9bc	2026-07-25 03:57:15.963526+00	SIN000105	MTR000105	82bf6049-ecff-4da9-9637-91e2a5cc26e0	\N	b37183be-35d0-4ff1-9e11-1e1da8d485b7	Route 1	\N
18ffeda5-2d64-48b9-8104-5f106a60e043	EDITHA INOCENCIO	9745 SAN GABRIEL STA MARIA BULACAN	79186620-6b2a-4780-80b3-c0c643d1f9bc	2026-07-25 03:57:15.963526+00	SIN000106	MTR000106	82bf6049-ecff-4da9-9637-91e2a5cc26e0	\N	b37183be-35d0-4ff1-9e11-1e1da8d485b7	Route 1	\N
25889a76-38f3-411e-ab53-efcd7e13d02f	INOCENCIO ALBERTO S	0012 SAN GABRIEL STA MARIA BULACAN	79186620-6b2a-4780-80b3-c0c643d1f9bc	2026-07-25 03:57:15.963526+00	SIN000108	MTR000108	82bf6049-ecff-4da9-9637-91e2a5cc26e0	\N	b37183be-35d0-4ff1-9e11-1e1da8d485b7	Route 1	\N
6ead1d09-e888-4f46-889f-4f653cadca69	SERAFIN INOCENCIO	5240 SAN GABRIEL STA MARIA BULACAN	79186620-6b2a-4780-80b3-c0c643d1f9bc	2026-07-25 03:57:15.963526+00	SIN000109	MTR000109	82bf6049-ecff-4da9-9637-91e2a5cc26e0	\N	b37183be-35d0-4ff1-9e11-1e1da8d485b7	Route 1	\N
4054550d-d291-42be-a096-a83e6509355d	VILLARIS CHERRY DUMOLONG	10 SAN GABRIEL STA MARIA BULACAN	79186620-6b2a-4780-80b3-c0c643d1f9bc	2026-07-25 03:57:15.963526+00	SIN000110	MTR000110	82bf6049-ecff-4da9-9637-91e2a5cc26e0	\N	b37183be-35d0-4ff1-9e11-1e1da8d485b7	Route 1	\N
eafcc92d-7886-4d6e-b5d9-e95482ca0595	GLEN BERNARDINO	9015 SAN GABRIEL STA MARIA BULACAN	79186620-6b2a-4780-80b3-c0c643d1f9bc	2026-07-25 03:57:15.963526+00	SIN000111	MTR000111	82bf6049-ecff-4da9-9637-91e2a5cc26e0	\N	b37183be-35d0-4ff1-9e11-1e1da8d485b7	Route 2	\N
b5b7cc10-a0ce-4e8d-b045-90d0c36ce836	BERNARDINO LESTER MATEO	0050 ST SAN GABRIEL STA MARIA BULACAN	79186620-6b2a-4780-80b3-c0c643d1f9bc	2026-07-25 03:57:15.963526+00	SIN000112	MTR000112	82bf6049-ecff-4da9-9637-91e2a5cc26e0	\N	b37183be-35d0-4ff1-9e11-1e1da8d485b7	Route 2	\N
e8ff3496-82bf-468b-9b1a-41acbd0578a5	AGRICHEXERS CORP.	9123 BE SAN GABRIEL STA MARIA BULACAN	79186620-6b2a-4780-80b3-c0c643d1f9bc	2026-07-25 03:57:15.963526+00	SIN000113	MTR000113	82bf6049-ecff-4da9-9637-91e2a5cc26e0	\N	b37183be-35d0-4ff1-9e11-1e1da8d485b7	Route 2	\N
6983c266-c15e-4ff6-99ff-1afe90124f01	VIENOVO PHLIPHINE IN C	9123 SAN GABRIEL STA MARIA BULACAN	79186620-6b2a-4780-80b3-c0c643d1f9bc	2026-07-25 03:57:15.963526+00	SIN000114	MTR000114	82bf6049-ecff-4da9-9637-91e2a5cc26e0	\N	b37183be-35d0-4ff1-9e11-1e1da8d485b7	Route 2	\N
f219e0e2-7231-4720-aa3d-730b1147ecb9	MARCIANO DOMINGO	9671 SAN GABRIEL STA MARIA BULACAN	79186620-6b2a-4780-80b3-c0c643d1f9bc	2026-07-25 03:57:15.963526+00	SIN000115	MTR000115	82bf6049-ecff-4da9-9637-91e2a5cc26e0	\N	b37183be-35d0-4ff1-9e11-1e1da8d485b7	Route 2	\N
27eb5c0e-f6e8-43c2-99a5-c904b706f378	NOBEL VETERINARY LAB INC.	0005 SAN GABRIEL STA MARIA BULACAN	79186620-6b2a-4780-80b3-c0c643d1f9bc	2026-07-25 03:57:15.963526+00	SIN000116	MTR000116	82bf6049-ecff-4da9-9637-91e2a5cc26e0	\N	b37183be-35d0-4ff1-9e11-1e1da8d485b7	Route 2	\N
e6c9ab05-cf20-4658-a441-4df69a191380	SAN DIEGO GLORIA CHAN	0420 NEW BYPASS SAN GABRIEL STA MARIA BULACAN	79186620-6b2a-4780-80b3-c0c643d1f9bc	2026-07-25 03:57:15.963526+00	SIN000117	MTR000117	82bf6049-ecff-4da9-9637-91e2a5cc26e0	\N	b37183be-35d0-4ff1-9e11-1e1da8d485b7	Route 2	\N
11bbe2a7-0cf0-4dad-8d30-673fffef517d	SOSE RENAN DE JESUS	0418 NE BYPSS SAN GABRIEL STA MARIA BULACAN	79186620-6b2a-4780-80b3-c0c643d1f9bc	2026-07-25 03:57:15.963526+00	SIN000118	MTR000118	82bf6049-ecff-4da9-9637-91e2a5cc26e0	\N	b37183be-35d0-4ff1-9e11-1e1da8d485b7	Route 2	\N
9ce68c2d-256e-45cc-a632-b497a040bdc8	SARMIENTO ORLANDO MMENDOZA	0419 SAN GABRIEL STA MARIA BULACAN	79186620-6b2a-4780-80b3-c0c643d1f9bc	2026-07-25 03:57:15.963526+00	SIN000119	MTR000119	82bf6049-ecff-4da9-9637-91e2a5cc26e0	\N	b37183be-35d0-4ff1-9e11-1e1da8d485b7	Route 2	\N
91934138-353f-4471-8e8a-a9490788b541	JOSE RENAN DE JESUS	0050 SAN GABRIEL STA MARIA BULACAN	79186620-6b2a-4780-80b3-c0c643d1f9bc	2026-07-25 03:57:15.963526+00	SIN000120	MTR000120	82bf6049-ecff-4da9-9637-91e2a5cc26e0	\N	b37183be-35d0-4ff1-9e11-1e1da8d485b7	Route 2	\N
8f34cec7-e132-4119-a7c2-da9d0e33232c	BACOLOD LESTER DILAD	0421 SAN GABRIEL STA MARIA BULACAN	79186620-6b2a-4780-80b3-c0c643d1f9bc	2026-07-25 03:57:15.963526+00	SIN000121	MTR000121	82bf6049-ecff-4da9-9637-91e2a5cc26e0	\N	b37183be-35d0-4ff1-9e11-1e1da8d485b7	Route 1	\N
0f76c702-7f81-4fbe-b46d-714e15f2e04f	BACOLOD KEITH DILLAG	050 ST SAN GABRIEL STA MARIA BULACAN	79186620-6b2a-4780-80b3-c0c643d1f9bc	2026-07-25 03:57:15.963526+00	SIN000122	MTR000122	82bf6049-ecff-4da9-9637-91e2a5cc26e0	\N	b37183be-35d0-4ff1-9e11-1e1da8d485b7	Route 1	\N
ba548521-4776-49e2-bf16-6250e520b7ee	GLORIOSO LESLIE ANN GALVEZ	018 AQUINAL SAN GABRIEL STA MARIA BULACAN	79186620-6b2a-4780-80b3-c0c643d1f9bc	2026-07-25 03:57:15.963526+00	SIN000123	MTR000123	82bf6049-ecff-4da9-9637-91e2a5cc26e0	\N	b37183be-35d0-4ff1-9e11-1e1da8d485b7	Route 1	\N
a87b69b9-30eb-4089-b764-01462b705c01	EVANGELISTA ENRICO AGUSTIN	0050 SAN GABRIEL STA MARIA BULACAN	79186620-6b2a-4780-80b3-c0c643d1f9bc	2026-07-25 03:57:15.963526+00	SIN000124	MTR000124	82bf6049-ecff-4da9-9637-91e2a5cc26e0	\N	b37183be-35d0-4ff1-9e11-1e1da8d485b7	Route 1	\N
56796e46-7771-49fb-9199-3f75de5299fe	DE JESUS MARK CHRISTIAN MENDOZA	0415 SAN GABRIEL STA MARIA BULACAN\\	79186620-6b2a-4780-80b3-c0c643d1f9bc	2026-07-25 03:57:15.963526+00	SIN000125	MTR000125	82bf6049-ecff-4da9-9637-91e2a5cc26e0	\N	b37183be-35d0-4ff1-9e11-1e1da8d485b7	Route 1	\N
c820d84f-2abc-47bf-a245-dac581208a96	DEL ROSARIO CHRISTOPHER HERNANDEZ	3001 SAN GABRIEL STA MARIA BULACAN	79186620-6b2a-4780-80b3-c0c643d1f9bc	2026-07-25 03:57:15.963526+00	SIN000126	MTR000126	82bf6049-ecff-4da9-9637-91e2a5cc26e0	\N	b37183be-35d0-4ff1-9e11-1e1da8d485b7	Route 1	\N
4d55a8b3-b45e-4d19-b020-bfdc120b8f9f	HALILI QUINCY MICHELLE FAJARDO	944 ST SAN GABRIEL STA MARIA BULACAN	79186620-6b2a-4780-80b3-c0c643d1f9bc	2026-07-25 03:57:15.963526+00	SIN000127	MTR000127	82bf6049-ecff-4da9-9637-91e2a5cc26e0	\N	b37183be-35d0-4ff1-9e11-1e1da8d485b7	Route 1	\N
5abe53c6-3e89-46b3-bd8a-61c1dcf143d1	BERNARDINO BERNADITA GONZALES	0415 SAN GABRIEL STA MARIA BULACAN	79186620-6b2a-4780-80b3-c0c643d1f9bc	2026-07-25 03:57:15.963526+00	SIN000128	MTR000128	82bf6049-ecff-4da9-9637-91e2a5cc26e0	\N	b37183be-35d0-4ff1-9e11-1e1da8d485b7	Route 1	\N
4b2e9839-342c-4820-a716-6acc1d4cddfc	LORENZO HERMINIO AVENA	2672 SAN GABRIEL STA MARIA BULACAN	79186620-6b2a-4780-80b3-c0c643d1f9bc	2026-07-25 03:57:15.963526+00	SIN000129	MTR000129	82bf6049-ecff-4da9-9637-91e2a5cc26e0	\N	b37183be-35d0-4ff1-9e11-1e1da8d485b7	Route 1	\N
03643d07-77ae-4300-bae5-903e60eb8bf9	MATEO HERMINO AVENA	0416 SAN GABRIEL STA MARIA BULACAN	79186620-6b2a-4780-80b3-c0c643d1f9bc	2026-07-25 03:57:15.963526+00	SIN000130	MTR000130	82bf6049-ecff-4da9-9637-91e2a5cc26e0	\N	b37183be-35d0-4ff1-9e11-1e1da8d485b7	Route 1	\N
1b4bd670-0137-45d1-80a9-24a75c3d1c9a	JOSE JAMES MAVERICK DELA CRUZ	3001 BAGBAGUIN STA MARIA BULACAN	79186620-6b2a-4780-80b3-c0c643d1f9bc	2026-07-25 03:57:15.963526+00	SIN000132	MTR000132	82bf6049-ecff-4da9-9637-91e2a5cc26e0	\N	b37183be-35d0-4ff1-9e11-1e1da8d485b7	\N	\N
1e8bbc05-b39c-4d26-8728-068dd27c3240	DELA CRUZ RODELYN TESTON	27 SAN GABRIEL STA MARIA BULACAN	5e54d63f-83fc-4392-a833-284cfd9371e4	2026-07-25 06:16:46.186954+00	SIN000042	MTR000042	26bded93-008e-43e7-ac61-d6fa488f3aab	\N	b37183be-35d0-4ff1-9e11-1e1da8d485b7	Route 1	\N
dfa66588-3fe7-4b62-ac40-af4bb24a5503	ROMMEL GERONIMO	9749 SAN GABRIEL STA MARIA BULACAN	5e54d63f-83fc-4392-a833-284cfd9371e4	2026-07-25 06:16:46.186954+00	SIN000087	MTR000087	26bded93-008e-43e7-ac61-d6fa488f3aab	\N	b37183be-35d0-4ff1-9e11-1e1da8d485b7	Route 1	\N
94aee1a2-9528-4f2c-b74f-e29242d1799d	CRUZ DOMINGO JR CRUZ	005 STALL J SAN GABRIEL STA MARIA BULACAN	5e54d63f-83fc-4392-a833-284cfd9371e4	2026-07-25 06:16:46.186954+00	SIN000134	MTR000134	26bded93-008e-43e7-ac61-d6fa488f3aab	\N	b37183be-35d0-4ff1-9e11-1e1da8d485b7	\N	\N
236949f0-ab7e-439c-8197-9cb4eaf73397	DELGADO JENNIE NIETO	005 STALL J SAN GABRIEL STA MARIA BULACAN	5e54d63f-83fc-4392-a833-284cfd9371e4	2026-07-25 06:16:46.186954+00	SIN000135	MTR000135	26bded93-008e-43e7-ac61-d6fa488f3aab	\N	b37183be-35d0-4ff1-9e11-1e1da8d485b7	\N	\N
35707363-ded1-4a40-8d67-32082293a986	BORDOY JOHN MARCK MERGAL	3 SAN GABRIEL STA MARIA BULACAN	5e54d63f-83fc-4392-a833-284cfd9371e4	2026-07-25 06:16:46.186954+00	SIN000136	MTR000136	26bded93-008e-43e7-ac61-d6fa488f3aab	\N	b37183be-35d0-4ff1-9e11-1e1da8d485b7	\N	\N
ca5bf881-0a2d-443a-9f64-4e303a2ab4a9	CRUZ DOMINGO JR CRUZ	005 SAN GABRIEL STA MARIA BULACAN	5e54d63f-83fc-4392-a833-284cfd9371e4	2026-07-25 06:16:46.186954+00	SIN000137	MTR000137	26bded93-008e-43e7-ac61-d6fa488f3aab	\N	b37183be-35d0-4ff1-9e11-1e1da8d485b7	\N	\N
2fe416da-38aa-41d9-8521-1864dc386152	LOPEZ MARY GRACE NIETO	BES HSE 005 SAN GABRIEL STA MARIA BULACAN	5e54d63f-83fc-4392-a833-284cfd9371e4	2026-07-25 06:16:46.186954+00	SIN000138	MTR000138	26bded93-008e-43e7-ac61-d6fa488f3aab	\N	b37183be-35d0-4ff1-9e11-1e1da8d485b7	\N	\N
271b59be-9e48-4530-96ff-e09cd1691ac3	FOLLERO NICKY I	005 SAN GABRIEL STA MARIA BULACAN	5e54d63f-83fc-4392-a833-284cfd9371e4	2026-07-25 06:16:46.186954+00	SIN000139	MTR000139	26bded93-008e-43e7-ac61-d6fa488f3aab	\N	b37183be-35d0-4ff1-9e11-1e1da8d485b7	\N	\N
990132b1-a5a2-43cd-8ec8-45c2f1a0d397	DAVID EMMA BRIZUELA	005 SAN GABRIEL STA MARIA BULACAN	5e54d63f-83fc-4392-a833-284cfd9371e4	2026-07-25 06:16:46.186954+00	SIN000140	MTR000140	26bded93-008e-43e7-ac61-d6fa488f3aab	\N	b37183be-35d0-4ff1-9e11-1e1da8d485b7	\N	\N
e0e72773-60c4-4775-b030-b16af8fcc6c4	AYOC EMILY	005 BE SAN GABRIEL STA MARIA BULACAN	5e54d63f-83fc-4392-a833-284cfd9371e4	2026-07-25 06:16:46.186954+00	SIN000141	MTR000141	26bded93-008e-43e7-ac61-d6fa488f3aab	\N	b37183be-35d0-4ff1-9e11-1e1da8d485b7	\N	\N
375a5b6c-f850-4741-a5ea-4df910417e45	BARANGAY SAN GABRIEL STREETLIGHT	27 SAN GABRIEL STA MARIA BULACAN	5e54d63f-83fc-4392-a833-284cfd9371e4	2026-07-25 06:16:46.186954+00	SIN000142	MTR000142	26bded93-008e-43e7-ac61-d6fa488f3aab	\N	b37183be-35d0-4ff1-9e11-1e1da8d485b7	\N	\N
c6842bd7-fe85-42e7-8462-76e1f572bbd9	FELIMON JOSE	0514 SAN GABRIEL STA MARIA BULACAN	5e54d63f-83fc-4392-a833-284cfd9371e4	2026-07-25 06:16:46.186954+00	SIN000001	MTR000001	26bded93-008e-43e7-ac61-d6fa488f3aab	\N	b37183be-35d0-4ff1-9e11-1e1da8d485b7	Route 1	\N
49b5b84f-bd4b-440b-82d2-0264229774ed	AUREA JOSE	0063 SAN GABRIEL STA MARIA BULACAN	5e54d63f-83fc-4392-a833-284cfd9371e4	2026-07-25 06:16:46.186954+00	SIN000002	MTR000002	26bded93-008e-43e7-ac61-d6fa488f3aab	\N	b37183be-35d0-4ff1-9e11-1e1da8d485b7	Route 1	\N
ae253a95-7108-4861-9d51-d02c8a2de870	JOSE GILBERT SANTOS	120  SAN GABRIEL STA MARIA BULACAN	5e54d63f-83fc-4392-a833-284cfd9371e4	2026-07-25 06:16:46.186954+00	SIN000003	MTR000003	26bded93-008e-43e7-ac61-d6fa488f3aab	\N	b37183be-35d0-4ff1-9e11-1e1da8d485b7	Route 1	\N
75079958-d668-40c9-bd1c-b6b8884eeff2	VICENTE JOSE	0512 SAN GABRIEL STA MARIA BULACAN	5e54d63f-83fc-4392-a833-284cfd9371e4	2026-07-25 06:16:46.186954+00	SIN000004	MTR000004	26bded93-008e-43e7-ac61-d6fa488f3aab	\N	b37183be-35d0-4ff1-9e11-1e1da8d485b7	Route 1	\N
d300c67c-02ef-4eb1-ab9c-aa7d351844c9	PEDRO JOSE	0491 SAN GABRIEL STA MARIA BULACAN	5e54d63f-83fc-4392-a833-284cfd9371e4	2026-07-25 06:16:46.186954+00	SIN000005	MTR000005	26bded93-008e-43e7-ac61-d6fa488f3aab	\N	b37183be-35d0-4ff1-9e11-1e1da8d485b7	Route 1	\N
496f5e75-7bc9-4154-8dfb-227affb592f3	TOMAS JOAQUIN	0492 SAN GABRIEL STA MARIA BULACAN	5e54d63f-83fc-4392-a833-284cfd9371e4	2026-07-25 06:16:46.186954+00	SIN000006	MTR000006	26bded93-008e-43e7-ac61-d6fa488f3aab	\N	b37183be-35d0-4ff1-9e11-1e1da8d485b7	Route 1	\N
ff442621-30af-44aa-8eca-01266cee7468	LEONORA JOAQUIN	0490 SAN GABRIEL STA MARIA BULACAN	5e54d63f-83fc-4392-a833-284cfd9371e4	2026-07-25 06:16:46.186954+00	SIN000007	MTR000007	26bded93-008e-43e7-ac61-d6fa488f3aab	\N	b37183be-35d0-4ff1-9e11-1e1da8d485b7	Route 1	\N
d904e6b8-bd6c-4424-807f-ab637caf1cc9	JULIAN JOAQUIN	0492 SAN GABRIEL STA MARIA BULACAN	5e54d63f-83fc-4392-a833-284cfd9371e4	2026-07-25 06:16:46.186954+00	SIN000008	MTR000008	26bded93-008e-43e7-ac61-d6fa488f3aab	\N	b37183be-35d0-4ff1-9e11-1e1da8d485b7	Route 1	\N
1079d702-6dfe-4bd0-b885-9be3f19b630c	TOMAS DE JESUS	0491 SAN GABRIEL STA MARIA BULACAN	5e54d63f-83fc-4392-a833-284cfd9371e4	2026-07-25 06:16:46.186954+00	SIN000009	MTR000009	26bded93-008e-43e7-ac61-d6fa488f3aab	\N	b37183be-35d0-4ff1-9e11-1e1da8d485b7	Route 1	\N
a01eeb97-47aa-4ad9-a5c5-b16abf3e3095	MARIO DE JESUS	0491 SAN GABRIEL STA MARIA BULACAN	5e54d63f-83fc-4392-a833-284cfd9371e4	2026-07-25 06:16:46.186954+00	SIN000010	MTR000010	26bded93-008e-43e7-ac61-d6fa488f3aab	\N	b37183be-35d0-4ff1-9e11-1e1da8d485b7	Route 1	\N
b91f862e-8950-4e8d-b391-53b6e3cb5fe8	PRAXEDES II PANAGUITON DE JESUS	0030 SRVI 3 SAN GABRIEL STA MARIA BULACAN	5e54d63f-83fc-4392-a833-284cfd9371e4	2026-07-25 06:16:46.186954+00	SIN000011	MTR000011	26bded93-008e-43e7-ac61-d6fa488f3aab	\N	b37183be-35d0-4ff1-9e11-1e1da8d485b7	Route 2	\N
43a405e5-6564-4033-a1c5-1a5c4813363d	PRAXEDES P DE JESUS	0030 SRVI4 SAN GABRIEL STA MARIA BULACAN	5e54d63f-83fc-4392-a833-284cfd9371e4	2026-07-25 06:16:46.186954+00	SIN000012	MTR000012	26bded93-008e-43e7-ac61-d6fa488f3aab	\N	b37183be-35d0-4ff1-9e11-1e1da8d485b7	Route 2	\N
bf9902ab-eb9e-446e-88ef-402fba47678d	MIGUELA M RELOAD	0479 SAN GABRIEL STA MARIA BULACAN	5e54d63f-83fc-4392-a833-284cfd9371e4	2026-07-25 06:16:46.186954+00	SIN000013	MTR000013	26bded93-008e-43e7-ac61-d6fa488f3aab	\N	b37183be-35d0-4ff1-9e11-1e1da8d485b7	Route 2	\N
53cd1572-b80d-4289-bfed-605837bfd543	EUGENIO S DELAC RUZ	0491 NR SAN GABRIEL STA MARIA BULACAN	5e54d63f-83fc-4392-a833-284cfd9371e4	2026-07-25 06:16:46.186954+00	SIN000014	MTR000014	26bded93-008e-43e7-ac61-d6fa488f3aab	\N	b37183be-35d0-4ff1-9e11-1e1da8d485b7	Route 2	\N
de64a12f-6866-4b5e-9d14-7d563f75cf44	DE JESUS JERICK BRAZIL	111 SAN GABRIEL STA MARIA BULACAN	5e54d63f-83fc-4392-a833-284cfd9371e4	2026-07-25 06:16:46.186954+00	SIN000015	MTR000015	26bded93-008e-43e7-ac61-d6fa488f3aab	\N	b37183be-35d0-4ff1-9e11-1e1da8d485b7	Route 2	\N
cc210a19-72fb-407d-ae68-9dc69b3e62a2	EDUARDO NOLASCO BELTRAN	0060 SAN GABRIEL STA MARIA BULACAN	5e54d63f-83fc-4392-a833-284cfd9371e4	2026-07-25 06:16:46.186954+00	SIN000016	MTR000016	26bded93-008e-43e7-ac61-d6fa488f3aab	\N	b37183be-35d0-4ff1-9e11-1e1da8d485b7	Route 2	\N
233e59e2-29ec-490f-946c-53509e437ce7	MENDOZA FILOMENA BELTRAN	060 SAN GABRIEL STA MARIA BULACAN	5e54d63f-83fc-4392-a833-284cfd9371e4	2026-07-25 06:16:46.186954+00	SIN000017	MTR000017	26bded93-008e-43e7-ac61-d6fa488f3aab	\N	b37183be-35d0-4ff1-9e11-1e1da8d485b7	Route 2	\N
1801b8ba-75da-4815-9819-079df37e394d	MARCOSA DE LEON	9018 SAN GABRIEL STA MARIA BULACAN	5e54d63f-83fc-4392-a833-284cfd9371e4	2026-07-25 06:16:46.186954+00	SIN000018	MTR000018	26bded93-008e-43e7-ac61-d6fa488f3aab	\N	b37183be-35d0-4ff1-9e11-1e1da8d485b7	Route 2	\N
b9b158aa-ed6d-4723-aba9-1f7b4036d5df	BELEN BELTRAN	0509 SAN GABRIEL STA MARIA BULACAN	5e54d63f-83fc-4392-a833-284cfd9371e4	2026-07-25 06:16:46.186954+00	SIN000019	MTR000019	26bded93-008e-43e7-ac61-d6fa488f3aab	\N	b37183be-35d0-4ff1-9e11-1e1da8d485b7	Route 2	\N
5327d8d7-067c-4477-b63a-5760d2653e79	WILLIAM MANZANO	9002 A SAN GABRIEL STA MARIA BULACAN	5e54d63f-83fc-4392-a833-284cfd9371e4	2026-07-25 06:16:46.186954+00	SIN000020	MTR000020	26bded93-008e-43e7-ac61-d6fa488f3aab	\N	b37183be-35d0-4ff1-9e11-1e1da8d485b7	Route 2	\N
f0d1352e-9fa8-4341-bd97-a98fb8fc1a20	ROLANDO DE LEON	0510 SAN GABRIEL STA MARIA BULACAN	5e54d63f-83fc-4392-a833-284cfd9371e4	2026-07-25 06:16:46.186954+00	SIN000021	MTR000021	26bded93-008e-43e7-ac61-d6fa488f3aab	\N	b37183be-35d0-4ff1-9e11-1e1da8d485b7	Route 1	\N
956946be-aae4-4257-9d5b-e942f7ae2292	JULIO MENDOZA	9003 SAN GABRIEL STA MARIA BULACAN	5e54d63f-83fc-4392-a833-284cfd9371e4	2026-07-25 06:16:46.186954+00	SIN000022	MTR000022	26bded93-008e-43e7-ac61-d6fa488f3aab	\N	b37183be-35d0-4ff1-9e11-1e1da8d485b7	Route 1	\N
e2af9842-fd84-47f6-b598-530d23a7e6c4	ROYAL TOUCH INTL CORP	9805 SAN GABRIEL STA MARIA BULACAN	5e54d63f-83fc-4392-a833-284cfd9371e4	2026-07-25 06:16:46.186954+00	SIN000023	MTR000023	26bded93-008e-43e7-ac61-d6fa488f3aab	\N	b37183be-35d0-4ff1-9e11-1e1da8d485b7	Route 1	\N
f70c0f2a-5cda-44ea-bc3d-7d579ad827fe	ROMEL P EVANGELISTA	9026 SAN GABRIEL STA MARIA BULACAN	5e54d63f-83fc-4392-a833-284cfd9371e4	2026-07-25 06:16:46.186954+00	SIN000024	MTR000024	26bded93-008e-43e7-ac61-d6fa488f3aab	\N	b37183be-35d0-4ff1-9e11-1e1da8d485b7	Route 1	\N
d271f9b5-e169-4e11-bee7-0a70dc4e6e16	EDUVIGES DOMINGO	0491 FR SAN GABRIEL STA MARIA BULACAN	5e54d63f-83fc-4392-a833-284cfd9371e4	2026-07-25 06:16:46.186954+00	SIN000025	MTR000025	26bded93-008e-43e7-ac61-d6fa488f3aab	\N	b37183be-35d0-4ff1-9e11-1e1da8d485b7	Route 1	\N
7d353e96-dd30-491b-988a-5f4af6c4d681	FELECIDAD DE VERA DANIEGA	0491 SAN GABRIEL STA MARIA BULACAN	5e54d63f-83fc-4392-a833-284cfd9371e4	2026-07-25 06:16:46.186954+00	SIN000026	MTR000026	26bded93-008e-43e7-ac61-d6fa488f3aab	\N	b37183be-35d0-4ff1-9e11-1e1da8d485b7	Route 1	\N
cead6af9-9e03-4c34-a130-8ff1e48cd86d	ANASTACIO G PABLO	0491 BE SAN GABRIEL STA MARIA BULACAN	5e54d63f-83fc-4392-a833-284cfd9371e4	2026-07-25 06:16:46.186954+00	SIN000027	MTR000027	26bded93-008e-43e7-ac61-d6fa488f3aab	\N	b37183be-35d0-4ff1-9e11-1e1da8d485b7	Route 1	\N
a603ee29-63e2-43f1-a486-49da40ddd761	DOMINGO ANGELINA SANCHEZ	34 SAN GABRIEL STA MARIA BULACAN	5e54d63f-83fc-4392-a833-284cfd9371e4	2026-07-25 06:16:46.186954+00	SIN000028	MTR000028	26bded93-008e-43e7-ac61-d6fa488f3aab	\N	b37183be-35d0-4ff1-9e11-1e1da8d485b7	Route 1	\N
4db49531-06b6-40fd-ac25-c07d87f2e008	VALENTINO NIETO	0488 SRVI2 SAN GABRIEL STA MARIA BULACAN	5e54d63f-83fc-4392-a833-284cfd9371e4	2026-07-25 06:16:46.186954+00	SIN000029	MTR000029	26bded93-008e-43e7-ac61-d6fa488f3aab	\N	b37183be-35d0-4ff1-9e11-1e1da8d485b7	Route 1	\N
a2b34667-eacc-4444-b6eb-c6efdf911c14	VALENTINO NIETO	0488 01 SAN GABRIEL STA MARIA BULACAN	5e54d63f-83fc-4392-a833-284cfd9371e4	2026-07-25 06:16:46.186954+00	SIN000030	MTR000030	26bded93-008e-43e7-ac61-d6fa488f3aab	\N	b37183be-35d0-4ff1-9e11-1e1da8d485b7	Route 1	\N
db0a5e86-8422-46e5-9634-676fe1196cdf	VALENTIN NIETO SR	0488 02 SAN GABRIEL STA MARIA BULACAN	5e54d63f-83fc-4392-a833-284cfd9371e4	2026-07-25 06:16:46.186954+00	SIN000031	MTR000031	26bded93-008e-43e7-ac61-d6fa488f3aab	\N	b37183be-35d0-4ff1-9e11-1e1da8d485b7	Route 2	\N
6e4902ed-5005-42ce-a35c-d0a5da5e98aa	VALENTIN NIETO SR	0488 03 SAN GABRIEL STA MARIA BULACAN	5e54d63f-83fc-4392-a833-284cfd9371e4	2026-07-25 06:16:46.186954+00	SIN000032	MTR000032	26bded93-008e-43e7-ac61-d6fa488f3aab	\N	b37183be-35d0-4ff1-9e11-1e1da8d485b7	Route 2	\N
c5de12c1-a013-4dff-bb47-f1f8dfca9b76	VALENTIN NIETO SR	0488 04 SAN GABRIEL STA MARIA BULACAN	5e54d63f-83fc-4392-a833-284cfd9371e4	2026-07-25 06:16:46.186954+00	SIN000033	MTR000033	26bded93-008e-43e7-ac61-d6fa488f3aab	\N	b37183be-35d0-4ff1-9e11-1e1da8d485b7	Route 2	\N
510cdd67-e830-41d7-bc0e-4d9f94c0ee03	VALENTIN NIETO SR	0488 06 SAN GABRIEL STA MARIA BULACAN	5e54d63f-83fc-4392-a833-284cfd9371e4	2026-07-25 06:16:46.186954+00	SIN000034	MTR000034	26bded93-008e-43e7-ac61-d6fa488f3aab	\N	b37183be-35d0-4ff1-9e11-1e1da8d485b7	Route 2	\N
5fbe5f1f-a354-4e45-82ef-c327192c297a	VALENTIN NIETO SR	0488 07 SAN GABRIEL STA MARIA BULACAN	5e54d63f-83fc-4392-a833-284cfd9371e4	2026-07-25 06:16:46.186954+00	SIN000035	MTR000035	26bded93-008e-43e7-ac61-d6fa488f3aab	\N	b37183be-35d0-4ff1-9e11-1e1da8d485b7	Route 2	\N
8965a1c3-86e6-40cb-85d5-b883de463646	VALENTIN NIETO SR	0488 08 SAN GABRIEL STA MARIA BULACAN	5e54d63f-83fc-4392-a833-284cfd9371e4	2026-07-25 06:16:46.186954+00	SIN000036	MTR000036	26bded93-008e-43e7-ac61-d6fa488f3aab	\N	b37183be-35d0-4ff1-9e11-1e1da8d485b7	Route 2	\N
fc2deecb-741f-4083-9391-d0330d0cc669	AIDA LENELLE M SANTECELIES	0479 SRVI7 SAN GABRIEL STA MARIA BULACAN	5e54d63f-83fc-4392-a833-284cfd9371e4	2026-07-25 06:16:46.186954+00	SIN000037	MTR000037	26bded93-008e-43e7-ac61-d6fa488f3aab	\N	b37183be-35d0-4ff1-9e11-1e1da8d485b7	Route 2	\N
e00c3edb-4b77-4f4c-b335-b927372b6315	AIDA LENELLE M SANTECELIES	0479 SRVI6 SAN GABRIEL STA MARIA BULACAN	5e54d63f-83fc-4392-a833-284cfd9371e4	2026-07-25 06:16:46.186954+00	SIN000038	MTR000038	26bded93-008e-43e7-ac61-d6fa488f3aab	\N	b37183be-35d0-4ff1-9e11-1e1da8d485b7	Route 2	\N
752c77a0-3346-4aec-b5bd-0f700d2d55f5	AIDA LENELLE M SANTECELIES	0479 SRVI2 SAN GABRIEL STA MARIA BULACAN	5e54d63f-83fc-4392-a833-284cfd9371e4	2026-07-25 06:16:46.186954+00	SIN000039	MTR000039	26bded93-008e-43e7-ac61-d6fa488f3aab	\N	b37183be-35d0-4ff1-9e11-1e1da8d485b7	Route 2	\N
a69e7cc1-5c9e-4e37-a098-ff0f7f34ca97	SANTELICES AIDA LENELLE M	0489 SRVI1 SAN GABRIEL STA MARIA BULACAN	5e54d63f-83fc-4392-a833-284cfd9371e4	2026-07-25 06:16:46.186954+00	SIN000040	MTR000040	26bded93-008e-43e7-ac61-d6fa488f3aab	\N	b37183be-35d0-4ff1-9e11-1e1da8d485b7	Route 2	\N
5307a238-f36f-4c4a-b485-0a657769ede6	NIETO RENATO DOMINGO	035 DR.1 SAN GABRIEL STA MARIA BULACAN	5e54d63f-83fc-4392-a833-284cfd9371e4	2026-07-25 06:16:46.186954+00	SIN000041	MTR000041	26bded93-008e-43e7-ac61-d6fa488f3aab	\N	b37183be-35d0-4ff1-9e11-1e1da8d485b7	Route 1	\N
bd372c36-0aa6-46d3-93b2-f65558ff055b	DELA CRUZ RODELYN TESTON	0064 SAN GABRIEL STA MARIA BULACAN	5e54d63f-83fc-4392-a833-284cfd9371e4	2026-07-25 06:16:46.186954+00	SIN000043	MTR000043	26bded93-008e-43e7-ac61-d6fa488f3aab	\N	b37183be-35d0-4ff1-9e11-1e1da8d485b7	Route 1	\N
81dab4fd-985a-43c7-9aba-146b6b5ce1a7	ALMA NUNEZ TESTON	0027 SAN GABRIEL STA MARIA BULACAN	5e54d63f-83fc-4392-a833-284cfd9371e4	2026-07-25 06:16:46.186954+00	SIN000044	MTR000044	26bded93-008e-43e7-ac61-d6fa488f3aab	\N	b37183be-35d0-4ff1-9e11-1e1da8d485b7	Route 1	\N
e327dbfa-17a9-4eb5-b007-b39bdc52ddef	ALMA NUNEZ TESTON	0027 UPSTAR SAN GABRIEL STA MARIA BULACAN	5e54d63f-83fc-4392-a833-284cfd9371e4	2026-07-25 06:16:46.186954+00	SIN000045	MTR000045	26bded93-008e-43e7-ac61-d6fa488f3aab	\N	b37183be-35d0-4ff1-9e11-1e1da8d485b7	Route 1	\N
25ea85f9-15d1-442c-8b32-cd5904763860	MELINDA PASCUAL HIRAGA	0488 RI SAN GABRIEL STA MARIA BULACAN	5e54d63f-83fc-4392-a833-284cfd9371e4	2026-07-25 06:16:46.186954+00	SIN000046	MTR000046	26bded93-008e-43e7-ac61-d6fa488f3aab	\N	b37183be-35d0-4ff1-9e11-1e1da8d485b7	Route 1	\N
a16e1b0a-b19b-4214-bb68-f118fc0f756b	CORNADO DOMINGO	0487 SAN GABRIEL STA MARIA BULACAN	5e54d63f-83fc-4392-a833-284cfd9371e4	2026-07-25 06:16:46.186954+00	SIN000047	MTR000047	26bded93-008e-43e7-ac61-d6fa488f3aab	\N	b37183be-35d0-4ff1-9e11-1e1da8d485b7	Route 1	\N
aa6ea3ff-af5a-4867-9fa1-d0ba4b1a2c78	CONSORCIA DELA CRUZ	0486 SAN GABRIEL STA MARIA BULACAN	5e54d63f-83fc-4392-a833-284cfd9371e4	2026-07-25 06:16:46.186954+00	SIN000048	MTR000048	26bded93-008e-43e7-ac61-d6fa488f3aab	\N	b37183be-35d0-4ff1-9e11-1e1da8d485b7	Route 1	\N
112aec34-1648-48e6-b872-deb78db1d13b	CELESTINO DOMINGO	0485 SAN GABRIEL STA MARIA BULACAN	5e54d63f-83fc-4392-a833-284cfd9371e4	2026-07-25 06:16:46.186954+00	SIN000049	MTR000049	26bded93-008e-43e7-ac61-d6fa488f3aab	\N	b37183be-35d0-4ff1-9e11-1e1da8d485b7	Route 1	\N
ea199a45-f45a-49ba-bfcf-64f980e30504	JULITA SANCHEZ DOMINGO	0485 LE SAN GABRIEL STA MARIA BULACAN	5e54d63f-83fc-4392-a833-284cfd9371e4	2026-07-25 06:16:46.186954+00	SIN000050	MTR000050	26bded93-008e-43e7-ac61-d6fa488f3aab	\N	b37183be-35d0-4ff1-9e11-1e1da8d485b7	Route 1	\N
882356b0-84c5-49b7-8965-234f9375effb	JULITA S DOMINGO	9775 WATPUM SAN GABRIEL STA MARIA BULACAN	5e54d63f-83fc-4392-a833-284cfd9371e4	2026-07-25 06:16:46.186954+00	SIN000051	MTR000051	26bded93-008e-43e7-ac61-d6fa488f3aab	\N	b37183be-35d0-4ff1-9e11-1e1da8d485b7	Route 2	\N
7e3bf8cc-7398-42d7-8c96-7fc2544c8f97	LEONORA BERNABE	0483 SRVI2 SAN GABRIEL STA MARIA BULACAN	5e54d63f-83fc-4392-a833-284cfd9371e4	2026-07-25 06:16:46.186954+00	SIN000052	MTR000052	26bded93-008e-43e7-ac61-d6fa488f3aab	\N	b37183be-35d0-4ff1-9e11-1e1da8d485b7	Route 2	\N
90b14732-746b-4f55-b941-e5694a4c6d36	MANALO RAYMUNDO JR MAGNAYE	060 SAN GABRIEL STA MARIA BULACAN	5e54d63f-83fc-4392-a833-284cfd9371e4	2026-07-25 06:16:46.186954+00	SIN000053	MTR000053	26bded93-008e-43e7-ac61-d6fa488f3aab	\N	b37183be-35d0-4ff1-9e11-1e1da8d485b7	Route 2	\N
f0292e3d-52d0-4b94-83a0-2cb53e6a17a5	GERONIMO EDNA CHUA	0028 SAN GABRIEL STA MARIA BULACAN	5e54d63f-83fc-4392-a833-284cfd9371e4	2026-07-25 06:16:46.186954+00	SIN000055	MTR000055	26bded93-008e-43e7-ac61-d6fa488f3aab	\N	b37183be-35d0-4ff1-9e11-1e1da8d485b7	Route 2	\N
32ca93db-48eb-493c-b707-6add1e5f51a4	GERONIMO EDNA CHUA	113 SAN GABRIEL STA MARIA BULACAN	5e54d63f-83fc-4392-a833-284cfd9371e4	2026-07-25 06:16:46.186954+00	SIN000056	MTR000056	26bded93-008e-43e7-ac61-d6fa488f3aab	\N	b37183be-35d0-4ff1-9e11-1e1da8d485b7	Route 2	\N
4d7aff3e-6be3-4e2a-9ec6-426d7c13dbc0	EDNA CHUA GERONIMO	0028 DR.E SAN GABRIEL STA MARIA BULACAN	5e54d63f-83fc-4392-a833-284cfd9371e4	2026-07-25 06:16:46.186954+00	SIN000057	MTR000057	26bded93-008e-43e7-ac61-d6fa488f3aab	\N	b37183be-35d0-4ff1-9e11-1e1da8d485b7	Route 2	\N
82b67ed7-e862-4ecc-a32e-30f97a12e195	FELICIDAD DOMINGO	0482 BE 04 SAN GABRIEL STA MARIA BULACAN	5e54d63f-83fc-4392-a833-284cfd9371e4	2026-07-25 06:16:46.186954+00	SIN000058	MTR000058	26bded93-008e-43e7-ac61-d6fa488f3aab	\N	b37183be-35d0-4ff1-9e11-1e1da8d485b7	Route 2	\N
6095936c-28fc-429b-bbea-3f81876c0b03	EDNA CHUA GERONIMO	0028 DR.B SAN GABRIEL STA MARIA BULACAN	5e54d63f-83fc-4392-a833-284cfd9371e4	2026-07-25 06:16:46.186954+00	SIN000059	MTR000059	26bded93-008e-43e7-ac61-d6fa488f3aab	\N	b37183be-35d0-4ff1-9e11-1e1da8d485b7	Route 2	\N
e2e3464f-6ff5-43da-b621-e4eeac76e90e	JESUS M LUCIANO	9006 SAN GABRIEL STA MARIA BULACAN	5e54d63f-83fc-4392-a833-284cfd9371e4	2026-07-25 06:16:46.186954+00	SIN000060	MTR000060	26bded93-008e-43e7-ac61-d6fa488f3aab	\N	b37183be-35d0-4ff1-9e11-1e1da8d485b7	Route 2	\N
15acfa6e-8a59-49b2-8e34-80db62b74bcb	OLIVARES JOSEPHINE SALAMAT	0007 NEAR SAN GABRIEL STA MARIA BULACAN	5e54d63f-83fc-4392-a833-284cfd9371e4	2026-07-25 06:16:46.186954+00	SIN000061	MTR000061	26bded93-008e-43e7-ac61-d6fa488f3aab	\N	b37183be-35d0-4ff1-9e11-1e1da8d485b7	Route 1	\N
0d25a900-c4c4-4723-a542-84c50c22cd31	OLIVARES JENINA JENEZZA SALAMAT	0007 SAN GABRIEL STA MARIA BULACAN	5e54d63f-83fc-4392-a833-284cfd9371e4	2026-07-25 06:16:46.186954+00	SIN000062	MTR000062	26bded93-008e-43e7-ac61-d6fa488f3aab	\N	b37183be-35d0-4ff1-9e11-1e1da8d485b7	Route 1	\N
09b1c20d-d64d-4516-9967-0c9cdb70c1c7	FERNANDO T OLIVARES	9774 SAN GABRIEL STA MARIA BULACAN	5e54d63f-83fc-4392-a833-284cfd9371e4	2026-07-25 06:16:46.186954+00	SIN000063	MTR000063	26bded93-008e-43e7-ac61-d6fa488f3aab	\N	b37183be-35d0-4ff1-9e11-1e1da8d485b7	Route 1	\N
0a7bbda0-75fe-48ce-b518-b81b0680b210	OLIVARES JANNO JANICO SALAMAT	BES 07 SAN GABRIEL STA MARIA BULACAN	5e54d63f-83fc-4392-a833-284cfd9371e4	2026-07-25 06:16:46.186954+00	SIN000064	MTR000064	26bded93-008e-43e7-ac61-d6fa488f3aab	\N	b37183be-35d0-4ff1-9e11-1e1da8d485b7	Route 1	\N
4c926d01-a286-4acb-a9fa-ad2fe2110196	STELLA ABELLA NEPUMUCENO	9774 SRVI4 SAN GABRIEL STA MARIA BULACAN	5e54d63f-83fc-4392-a833-284cfd9371e4	2026-07-25 06:16:46.186954+00	SIN000065	MTR000065	26bded93-008e-43e7-ac61-d6fa488f3aab	\N	b37183be-35d0-4ff1-9e11-1e1da8d485b7	Route 1	\N
e0ed723a-029a-4405-a7d8-36ce779701ce	DE JESUS MYRNA JOSE	18 SAN GABRIEL STA MARIA BULACAN	5e54d63f-83fc-4392-a833-284cfd9371e4	2026-07-25 06:16:46.186954+00	SIN000066	MTR000066	26bded93-008e-43e7-ac61-d6fa488f3aab	\N	b37183be-35d0-4ff1-9e11-1e1da8d485b7	Route 1	\N
8fe2b742-e2e4-4766-9966-4cca431b0079	DE JESUS MYRNA JOSE	005 STALL 2 SAN GABRIEL STA MARIA BULACAN	5e54d63f-83fc-4392-a833-284cfd9371e4	2026-07-25 06:16:46.186954+00	SIN000067	MTR000067	26bded93-008e-43e7-ac61-d6fa488f3aab	\N	b37183be-35d0-4ff1-9e11-1e1da8d485b7	Route 1	\N
359e3ec4-ecb1-43a7-95e3-bb71ea5bc481	DE JESUS MYRNA JOSE	0051 STALL 2 SAN GABRIEL STA MARIA BULACAN	5e54d63f-83fc-4392-a833-284cfd9371e4	2026-07-25 06:16:46.186954+00	SIN000068	MTR000068	26bded93-008e-43e7-ac61-d6fa488f3aab	\N	b37183be-35d0-4ff1-9e11-1e1da8d485b7	Route 1	\N
e04fb2e2-35c4-43ff-b9d4-67112c24b7ab	RUFINA DE JESUS	0481 SRVI 1 SAN GABRIEL STA MARIA BULACAN	5e54d63f-83fc-4392-a833-284cfd9371e4	2026-07-25 06:16:46.186954+00	SIN000069	MTR000069	26bded93-008e-43e7-ac61-d6fa488f3aab	\N	b37183be-35d0-4ff1-9e11-1e1da8d485b7	Route 1	\N
cf881452-8f70-4eb5-bd64-6d93aa461b4f	ARCADIA DE JESUS	0481 SRVI2 SAN GABRIEL STA MARIA BULACAN	5e54d63f-83fc-4392-a833-284cfd9371e4	2026-07-25 06:16:46.186954+00	SIN000070	MTR000070	26bded93-008e-43e7-ac61-d6fa488f3aab	\N	b37183be-35d0-4ff1-9e11-1e1da8d485b7	Route 1	\N
2f524a8c-f10a-49ed-9709-b474e974db56	RUFINA DE JESUS BONDOC	9032 B SAN GABRIEL STA MARIA BULACAN	5e54d63f-83fc-4392-a833-284cfd9371e4	2026-07-25 06:16:46.186954+00	SIN000071	MTR000071	26bded93-008e-43e7-ac61-d6fa488f3aab	\N	b37183be-35d0-4ff1-9e11-1e1da8d485b7	Route 2	\N
aa092b35-719f-451d-bc63-a39b1ccc9f6e	RUFINA DE JESUS BONDOC	9032 C SAN GABRIEL STA MARIA BULACAN	5e54d63f-83fc-4392-a833-284cfd9371e4	2026-07-25 06:16:46.186954+00	SIN000072	MTR000072	26bded93-008e-43e7-ac61-d6fa488f3aab	\N	b37183be-35d0-4ff1-9e11-1e1da8d485b7	Route 2	\N
6889421e-65f7-4f1a-b45e-d6252ae9f6ad	ARCADIA DE JESUS	0481 LE SAN GABRIEL STA MARIA BULACAN	5e54d63f-83fc-4392-a833-284cfd9371e4	2026-07-25 06:16:46.186954+00	SIN000073	MTR000073	26bded93-008e-43e7-ac61-d6fa488f3aab	\N	b37183be-35d0-4ff1-9e11-1e1da8d485b7	Route 2	\N
432d94ee-ce4c-4907-ad4b-14723ac3c034	MYRNA DE JESUS	9752 SAN GABRIEL STA MARIA BULACAN	5e54d63f-83fc-4392-a833-284cfd9371e4	2026-07-25 06:16:46.186954+00	SIN000074	MTR000074	26bded93-008e-43e7-ac61-d6fa488f3aab	\N	b37183be-35d0-4ff1-9e11-1e1da8d485b7	Route 2	\N
c2a9e31f-1645-4e52-a6eb-403259ba7ba5	TOM DE JESUS	9751 SAN GABRIEL STA MARIA BULACAN	5e54d63f-83fc-4392-a833-284cfd9371e4	2026-07-25 06:16:46.186954+00	SIN000075	MTR000075	26bded93-008e-43e7-ac61-d6fa488f3aab	\N	b37183be-35d0-4ff1-9e11-1e1da8d485b7	Route 2	\N
ed70d791-63ee-4f6e-99d7-6e775d019977	NIEVES LOIDA PIZARDO	0027 SAN GABRIEL STA MARIA BULACAN	5e54d63f-83fc-4392-a833-284cfd9371e4	2026-07-25 06:16:46.186954+00	SIN000076	MTR000076	26bded93-008e-43e7-ac61-d6fa488f3aab	\N	b37183be-35d0-4ff1-9e11-1e1da8d485b7	Route 2	\N
92fd0d34-fc48-4185-a0ed-4fdcb46848da	RENATO NIEVES	9695 SAN GABRIEL STA MARIA BULACAN	5e54d63f-83fc-4392-a833-284cfd9371e4	2026-07-25 06:16:46.186954+00	SIN000077	MTR000077	26bded93-008e-43e7-ac61-d6fa488f3aab	\N	b37183be-35d0-4ff1-9e11-1e1da8d485b7	Route 2	\N
25e5f2b3-ed3f-4d1c-a046-255994c2e804	ERNESTO HERNANDEZ	9014 MABINI SAN GABRIEL STA MARIA BULACAN	5e54d63f-83fc-4392-a833-284cfd9371e4	2026-07-25 06:16:46.186954+00	SIN000078	MTR000078	26bded93-008e-43e7-ac61-d6fa488f3aab	\N	b37183be-35d0-4ff1-9e11-1e1da8d485b7	Route 2	\N
1156e6e6-a1e6-48e7-a2a9-736d221cbde8	MA LENA MENDOZA PUNZALAN	9014 BE DR 2 SAN GABRIEL STA MARIA BULACAN	5e54d63f-83fc-4392-a833-284cfd9371e4	2026-07-25 06:16:46.186954+00	SIN000079	MTR000079	26bded93-008e-43e7-ac61-d6fa488f3aab	\N	b37183be-35d0-4ff1-9e11-1e1da8d485b7	Route 2	\N
60f23780-dc9f-49fd-ab8c-f2842103602e	MA LENA MENDOZA PUNZALAN	9014 DR 1 SAN GABRIEL STA MARIA BULACAN	5e54d63f-83fc-4392-a833-284cfd9371e4	2026-07-25 06:16:46.186954+00	SIN000080	MTR000080	26bded93-008e-43e7-ac61-d6fa488f3aab	\N	b37183be-35d0-4ff1-9e11-1e1da8d485b7	Route 2	\N
126aa396-7fae-4b7e-84ed-ecd1e08a5e47	NELISA INOCENCIO	001 SAN GABRIEL STA MARIA BULACAN	5e54d63f-83fc-4392-a833-284cfd9371e4	2026-07-25 06:16:46.186954+00	SIN000081	MTR000081	26bded93-008e-43e7-ac61-d6fa488f3aab	\N	b37183be-35d0-4ff1-9e11-1e1da8d485b7	Route 1	\N
83af450c-9a53-4ae7-848f-b399074cbae6	MA NELISA A INOCENCIO	5235 ME SAN GABRIEL STA MARIA BULACAN	5e54d63f-83fc-4392-a833-284cfd9371e4	2026-07-25 06:16:46.186954+00	SIN000082	MTR000082	26bded93-008e-43e7-ac61-d6fa488f3aab	\N	b37183be-35d0-4ff1-9e11-1e1da8d485b7	Route 1	\N
f7685d0a-3348-436b-9bef-50f7e8541ae6	ELMARINA REYES	9005 2  SAN GABRIEL STA MARIA BULACAN	5e54d63f-83fc-4392-a833-284cfd9371e4	2026-07-25 06:16:46.186954+00	SIN000083	MTR000083	26bded93-008e-43e7-ac61-d6fa488f3aab	\N	b37183be-35d0-4ff1-9e11-1e1da8d485b7	Route 1	\N
901e8713-cc43-423d-9911-df9b3b633cb1	NELIA GERON	0015 SAN GABRIEL STA MARIA BULACAN	5e54d63f-83fc-4392-a833-284cfd9371e4	2026-07-25 06:16:46.186954+00	SIN000084	MTR000084	26bded93-008e-43e7-ac61-d6fa488f3aab	\N	b37183be-35d0-4ff1-9e11-1e1da8d485b7	Route 1	\N
da606fb6-079e-46c5-9009-212ea51d72cd	RICHARD PIZARRO NIEVES	9734 B SAN GABRIEL STA MARIA BULACAN	5e54d63f-83fc-4392-a833-284cfd9371e4	2026-07-25 06:16:46.186954+00	SIN000085	MTR000085	26bded93-008e-43e7-ac61-d6fa488f3aab	\N	b37183be-35d0-4ff1-9e11-1e1da8d485b7	Route 1	\N
f6824a6c-77f5-41f9-94f2-546f270921e4	CHERRIELOU PATOD MANAPAT	0015 BES SAN GABRIEL STA MARIA BULACAN	5e54d63f-83fc-4392-a833-284cfd9371e4	2026-07-25 06:16:46.186954+00	SIN000086	MTR000086	26bded93-008e-43e7-ac61-d6fa488f3aab	\N	b37183be-35d0-4ff1-9e11-1e1da8d485b7	Route 1	\N
1108b5b9-0442-45f5-b986-34debc00cb3c	GERONIMO AMELIA POLICARPIO	0016 SAN GABRIEL STA MARIA BULACAN	5e54d63f-83fc-4392-a833-284cfd9371e4	2026-07-25 06:16:46.186954+00	SIN000088	MTR000088	26bded93-008e-43e7-ac61-d6fa488f3aab	\N	b37183be-35d0-4ff1-9e11-1e1da8d485b7	Route 1	\N
be0ed8e8-c21e-48a9-b11c-b0647a396294	GERONIMO AMELIA POLICARPIO	0016 DR A SAN GABRIEL STA MARIA BULACAN	5e54d63f-83fc-4392-a833-284cfd9371e4	2026-07-25 06:16:46.186954+00	SIN000089	MTR000089	26bded93-008e-43e7-ac61-d6fa488f3aab	\N	b37183be-35d0-4ff1-9e11-1e1da8d485b7	Route 1	\N
91d57505-9d0f-419e-b412-03093c619350	GERONIMO AMELIA POLICARPIO	0016 DR B SAN GABRIEL STA MARIA BULACAN	5e54d63f-83fc-4392-a833-284cfd9371e4	2026-07-25 06:16:46.186954+00	SIN000090	MTR000090	26bded93-008e-43e7-ac61-d6fa488f3aab	\N	b37183be-35d0-4ff1-9e11-1e1da8d485b7	Route 1	\N
0a914780-597e-4651-a712-f44399c4a32f	ROMMEL GERONIMO	9004 SAN GABRIEL STA MARIA BULACAN	5e54d63f-83fc-4392-a833-284cfd9371e4	2026-07-25 06:16:46.186954+00	SIN000091	MTR000091	26bded93-008e-43e7-ac61-d6fa488f3aab	\N	b37183be-35d0-4ff1-9e11-1e1da8d485b7	Route 2	\N
d798f329-8f79-4e10-b535-7b4d103458cc	MARCIANO GERONIMO	9021 SAN GABRIEL STA MARIA BULACAN	5e54d63f-83fc-4392-a833-284cfd9371e4	2026-07-25 06:16:46.186954+00	SIN000092	MTR000092	26bded93-008e-43e7-ac61-d6fa488f3aab	\N	b37183be-35d0-4ff1-9e11-1e1da8d485b7	Route 2	\N
50de165b-c669-4069-935c-23d7bad3fd37	MARCIANO GERONIMO	9019 SAN GABRIEL STA MARIA BULACAN	5e54d63f-83fc-4392-a833-284cfd9371e4	2026-07-25 06:16:46.186954+00	SIN000093	MTR000093	26bded93-008e-43e7-ac61-d6fa488f3aab	\N	b37183be-35d0-4ff1-9e11-1e1da8d485b7	Route 2	\N
b6d8c01d-fb37-45da-8017-fed94eb8b009	MARCIANO GERONIMO	9018 01 SAN GABRIEL STA MARIA BULACAN	5e54d63f-83fc-4392-a833-284cfd9371e4	2026-07-25 06:16:46.186954+00	SIN000094	MTR000094	26bded93-008e-43e7-ac61-d6fa488f3aab	\N	b37183be-35d0-4ff1-9e11-1e1da8d485b7	Route 2	\N
9388ccda-6ace-4912-9627-9f5e316add46	MARCIANO J GERONIMO	9020 BS SAN GABRIEL STA MARIA BULACAN	5e54d63f-83fc-4392-a833-284cfd9371e4	2026-07-25 06:16:46.186954+00	SIN000095	MTR000095	26bded93-008e-43e7-ac61-d6fa488f3aab	\N	b37183be-35d0-4ff1-9e11-1e1da8d485b7	Route 2	\N
809fadcc-8350-4d17-a614-5e4a45cb945f	MARCIANO GERONIMO	9020 SAN GABRIEL STA MARIA BULACAN	5e54d63f-83fc-4392-a833-284cfd9371e4	2026-07-25 06:16:46.186954+00	SIN000096	MTR000096	26bded93-008e-43e7-ac61-d6fa488f3aab	\N	b37183be-35d0-4ff1-9e11-1e1da8d485b7	Route 2	\N
89026d8b-981a-449f-981d-102cce88ef4c	ORLANDO S INOCENCIO	0002 EXTN SAN GABRIEL STA MARIA BULACAN	5e54d63f-83fc-4392-a833-284cfd9371e4	2026-07-25 06:16:46.186954+00	SIN000097	MTR000097	26bded93-008e-43e7-ac61-d6fa488f3aab	\N	b37183be-35d0-4ff1-9e11-1e1da8d485b7	Route 2	\N
2c1c83db-416b-463f-b983-709d33f30b20	OSCAR INOCENCIO	0002 DR SAN GABRIEL STA MARIA BULACAN	5e54d63f-83fc-4392-a833-284cfd9371e4	2026-07-25 06:16:46.186954+00	SIN000098	MTR000098	26bded93-008e-43e7-ac61-d6fa488f3aab	\N	b37183be-35d0-4ff1-9e11-1e1da8d485b7	Route 2	\N
5d0d722e-f917-4afc-a33a-83b58a829e4a	OSCAR INOCENCIO	0001 DR SAN GABRIEL STA MARIA BULACAN	5e54d63f-83fc-4392-a833-284cfd9371e4	2026-07-25 06:16:46.186954+00	SIN000099	MTR000099	26bded93-008e-43e7-ac61-d6fa488f3aab	\N	b37183be-35d0-4ff1-9e11-1e1da8d485b7	Route 2	\N
255c9ac7-447a-46ac-b3c5-5c144e63a537	BAUI JASMINE DOMINGO	0014 NE SAN GABRIEL STA MARIA BULACAN	5e54d63f-83fc-4392-a833-284cfd9371e4	2026-07-25 06:16:46.186954+00	SIN000100	MTR000100	26bded93-008e-43e7-ac61-d6fa488f3aab	\N	b37183be-35d0-4ff1-9e11-1e1da8d485b7	Route 2	\N
61ad7064-da74-4e54-867c-3f889b735f8f	DOMINGO JOCELYN	9003 SAN GABRIEL STA MARIA BULACAN	5e54d63f-83fc-4392-a833-284cfd9371e4	2026-07-25 06:16:46.186954+00	SIN000101	MTR000101	26bded93-008e-43e7-ac61-d6fa488f3aab	\N	b37183be-35d0-4ff1-9e11-1e1da8d485b7	Route 1	\N
be7bb82b-0e79-46ee-be3a-5c6e5f552578	ANGELITA DOMINGO	0014 SAN GABRIEL STA MARIA BULACAN	5e54d63f-83fc-4392-a833-284cfd9371e4	2026-07-25 06:16:46.186954+00	SIN000102	MTR000102	26bded93-008e-43e7-ac61-d6fa488f3aab	\N	b37183be-35d0-4ff1-9e11-1e1da8d485b7	Route 1	\N
a59a8c9b-947f-448f-8b14-3ffacc4d827c	ROSARIO H DOMINGO	0017 SAN GABRIEL STA MARIA BULACAN	5e54d63f-83fc-4392-a833-284cfd9371e4	2026-07-25 06:16:46.186954+00	SIN000103	MTR000103	26bded93-008e-43e7-ac61-d6fa488f3aab	\N	b37183be-35d0-4ff1-9e11-1e1da8d485b7	Route 1	\N
1d6ef438-91c0-46b3-83a2-0be11d672fce	WILLY NICOLAS	9030 SAN GABRIEL STA MARIA BULACAN	5e54d63f-83fc-4392-a833-284cfd9371e4	2026-07-25 06:16:46.186954+00	SIN000104	MTR000104	26bded93-008e-43e7-ac61-d6fa488f3aab	\N	b37183be-35d0-4ff1-9e11-1e1da8d485b7	Route 1	\N
b46ef0e4-e8f8-465d-83de-e9e136885642	INOCENCIO PAULO REGALDO	9745 SAN GABRIEL STA MARIA BULACAN	5e54d63f-83fc-4392-a833-284cfd9371e4	2026-07-25 06:16:46.186954+00	SIN000105	MTR000105	26bded93-008e-43e7-ac61-d6fa488f3aab	\N	b37183be-35d0-4ff1-9e11-1e1da8d485b7	Route 1	\N
cb85a9f3-8488-4416-8603-fa058b36ca54	EDITHA INOCENCIO	9745 SAN GABRIEL STA MARIA BULACAN	5e54d63f-83fc-4392-a833-284cfd9371e4	2026-07-25 06:16:46.186954+00	SIN000106	MTR000106	26bded93-008e-43e7-ac61-d6fa488f3aab	\N	b37183be-35d0-4ff1-9e11-1e1da8d485b7	Route 1	\N
fcaaf18b-9c84-4644-801d-54dfed775816	INOCENCIO ALBERTO S	0012 SAN GABRIEL STA MARIA BULACAN	5e54d63f-83fc-4392-a833-284cfd9371e4	2026-07-25 06:16:46.186954+00	SIN000108	MTR000108	26bded93-008e-43e7-ac61-d6fa488f3aab	\N	b37183be-35d0-4ff1-9e11-1e1da8d485b7	Route 1	\N
5b57e06d-93a7-4e9d-8ab7-0994e659deaa	SERAFIN INOCENCIO	5240 SAN GABRIEL STA MARIA BULACAN	5e54d63f-83fc-4392-a833-284cfd9371e4	2026-07-25 06:16:46.186954+00	SIN000109	MTR000109	26bded93-008e-43e7-ac61-d6fa488f3aab	\N	b37183be-35d0-4ff1-9e11-1e1da8d485b7	Route 1	\N
8116fac3-a96e-49ce-b87a-71ab7fd07723	VILLARIS CHERRY DUMOLONG	10 SAN GABRIEL STA MARIA BULACAN	5e54d63f-83fc-4392-a833-284cfd9371e4	2026-07-25 06:16:46.186954+00	SIN000110	MTR000110	26bded93-008e-43e7-ac61-d6fa488f3aab	\N	b37183be-35d0-4ff1-9e11-1e1da8d485b7	Route 1	\N
68745f0c-1f5b-4f57-857a-ea4b014046b1	GLEN BERNARDINO	9015 SAN GABRIEL STA MARIA BULACAN	5e54d63f-83fc-4392-a833-284cfd9371e4	2026-07-25 06:16:46.186954+00	SIN000111	MTR000111	26bded93-008e-43e7-ac61-d6fa488f3aab	\N	b37183be-35d0-4ff1-9e11-1e1da8d485b7	Route 2	\N
dc915122-684a-4826-87db-947f1601adc9	BERNARDINO LESTER MATEO	0050 ST SAN GABRIEL STA MARIA BULACAN	5e54d63f-83fc-4392-a833-284cfd9371e4	2026-07-25 06:16:46.186954+00	SIN000112	MTR000112	26bded93-008e-43e7-ac61-d6fa488f3aab	\N	b37183be-35d0-4ff1-9e11-1e1da8d485b7	Route 2	\N
0c98d6de-12cf-4a9c-becb-f6774adbaf3e	AGRICHEXERS CORP.	9123 BE SAN GABRIEL STA MARIA BULACAN	5e54d63f-83fc-4392-a833-284cfd9371e4	2026-07-25 06:16:46.186954+00	SIN000113	MTR000113	26bded93-008e-43e7-ac61-d6fa488f3aab	\N	b37183be-35d0-4ff1-9e11-1e1da8d485b7	Route 2	\N
bb5dd6ea-e926-4fe0-a58c-83685e2acc87	VIENOVO PHLIPHINE IN C	9123 SAN GABRIEL STA MARIA BULACAN	5e54d63f-83fc-4392-a833-284cfd9371e4	2026-07-25 06:16:46.186954+00	SIN000114	MTR000114	26bded93-008e-43e7-ac61-d6fa488f3aab	\N	b37183be-35d0-4ff1-9e11-1e1da8d485b7	Route 2	\N
5e4c616e-b501-47cd-8cb7-f74bc3ec007a	MARCIANO DOMINGO	9671 SAN GABRIEL STA MARIA BULACAN	5e54d63f-83fc-4392-a833-284cfd9371e4	2026-07-25 06:16:46.186954+00	SIN000115	MTR000115	26bded93-008e-43e7-ac61-d6fa488f3aab	\N	b37183be-35d0-4ff1-9e11-1e1da8d485b7	Route 2	\N
baea0208-c4cd-420a-8dd5-9e2135274aac	NOBEL VETERINARY LAB INC.	0005 SAN GABRIEL STA MARIA BULACAN	5e54d63f-83fc-4392-a833-284cfd9371e4	2026-07-25 06:16:46.186954+00	SIN000116	MTR000116	26bded93-008e-43e7-ac61-d6fa488f3aab	\N	b37183be-35d0-4ff1-9e11-1e1da8d485b7	Route 2	\N
513a57f1-8fbc-4b3d-a2af-3fbf5b3765ee	SAN DIEGO GLORIA CHAN	0420 NEW BYPASS SAN GABRIEL STA MARIA BULACAN	5e54d63f-83fc-4392-a833-284cfd9371e4	2026-07-25 06:16:46.186954+00	SIN000117	MTR000117	26bded93-008e-43e7-ac61-d6fa488f3aab	\N	b37183be-35d0-4ff1-9e11-1e1da8d485b7	Route 2	\N
3d862ad5-8ddc-435a-bea2-042d8a4c9de4	SOSE RENAN DE JESUS	0418 NE BYPSS SAN GABRIEL STA MARIA BULACAN	5e54d63f-83fc-4392-a833-284cfd9371e4	2026-07-25 06:16:46.186954+00	SIN000118	MTR000118	26bded93-008e-43e7-ac61-d6fa488f3aab	\N	b37183be-35d0-4ff1-9e11-1e1da8d485b7	Route 2	\N
1c723c37-6980-4a74-937e-d268019b1aaf	SARMIENTO ORLANDO MMENDOZA	0419 SAN GABRIEL STA MARIA BULACAN	5e54d63f-83fc-4392-a833-284cfd9371e4	2026-07-25 06:16:46.186954+00	SIN000119	MTR000119	26bded93-008e-43e7-ac61-d6fa488f3aab	\N	b37183be-35d0-4ff1-9e11-1e1da8d485b7	Route 2	\N
55ed004c-8760-43bb-8555-c081eb89029d	JOSE RENAN DE JESUS	0050 SAN GABRIEL STA MARIA BULACAN	5e54d63f-83fc-4392-a833-284cfd9371e4	2026-07-25 06:16:46.186954+00	SIN000120	MTR000120	26bded93-008e-43e7-ac61-d6fa488f3aab	\N	b37183be-35d0-4ff1-9e11-1e1da8d485b7	Route 2	\N
62e672df-e031-4dbe-b96d-07049cadca97	BACOLOD LESTER DILAD	0421 SAN GABRIEL STA MARIA BULACAN	5e54d63f-83fc-4392-a833-284cfd9371e4	2026-07-25 06:16:46.186954+00	SIN000121	MTR000121	26bded93-008e-43e7-ac61-d6fa488f3aab	\N	b37183be-35d0-4ff1-9e11-1e1da8d485b7	Route 1	\N
1be0f592-0f76-479b-9ba1-4c51a18026a1	BACOLOD KEITH DILLAG	050 ST SAN GABRIEL STA MARIA BULACAN	5e54d63f-83fc-4392-a833-284cfd9371e4	2026-07-25 06:16:46.186954+00	SIN000122	MTR000122	26bded93-008e-43e7-ac61-d6fa488f3aab	\N	b37183be-35d0-4ff1-9e11-1e1da8d485b7	Route 1	\N
01ea5e70-6976-47e1-b27e-e8c0d73f7668	GLORIOSO LESLIE ANN GALVEZ	018 AQUINAL SAN GABRIEL STA MARIA BULACAN	5e54d63f-83fc-4392-a833-284cfd9371e4	2026-07-25 06:16:46.186954+00	SIN000123	MTR000123	26bded93-008e-43e7-ac61-d6fa488f3aab	\N	b37183be-35d0-4ff1-9e11-1e1da8d485b7	Route 1	\N
ee384834-0d0c-4edf-9883-3c0f95430a1a	EVANGELISTA ENRICO AGUSTIN	0050 SAN GABRIEL STA MARIA BULACAN	5e54d63f-83fc-4392-a833-284cfd9371e4	2026-07-25 06:16:46.186954+00	SIN000124	MTR000124	26bded93-008e-43e7-ac61-d6fa488f3aab	\N	b37183be-35d0-4ff1-9e11-1e1da8d485b7	Route 1	\N
3a2dab32-8744-48c5-9c10-a14d13b2ea2d	DE JESUS MARK CHRISTIAN MENDOZA	0415 SAN GABRIEL STA MARIA BULACAN\\	5e54d63f-83fc-4392-a833-284cfd9371e4	2026-07-25 06:16:46.186954+00	SIN000125	MTR000125	26bded93-008e-43e7-ac61-d6fa488f3aab	\N	b37183be-35d0-4ff1-9e11-1e1da8d485b7	Route 1	\N
c2b0f82e-e65a-4215-85ff-639fc9e46d6c	DEL ROSARIO CHRISTOPHER HERNANDEZ	3001 SAN GABRIEL STA MARIA BULACAN	5e54d63f-83fc-4392-a833-284cfd9371e4	2026-07-25 06:16:46.186954+00	SIN000126	MTR000126	26bded93-008e-43e7-ac61-d6fa488f3aab	\N	b37183be-35d0-4ff1-9e11-1e1da8d485b7	Route 1	\N
7a05f27c-b3e8-49d7-a107-4d5e81dcb43b	HALILI QUINCY MICHELLE FAJARDO	944 ST SAN GABRIEL STA MARIA BULACAN	5e54d63f-83fc-4392-a833-284cfd9371e4	2026-07-25 06:16:46.186954+00	SIN000127	MTR000127	26bded93-008e-43e7-ac61-d6fa488f3aab	\N	b37183be-35d0-4ff1-9e11-1e1da8d485b7	Route 1	\N
841643e5-2871-49c2-b24b-362e2417d66c	BERNARDINO BERNADITA GONZALES	0415 SAN GABRIEL STA MARIA BULACAN	5e54d63f-83fc-4392-a833-284cfd9371e4	2026-07-25 06:16:46.186954+00	SIN000128	MTR000128	26bded93-008e-43e7-ac61-d6fa488f3aab	\N	b37183be-35d0-4ff1-9e11-1e1da8d485b7	Route 1	\N
234ddb54-1308-4342-8e1e-7bca1a1d8d2b	LORENZO HERMINIO AVENA	2672 SAN GABRIEL STA MARIA BULACAN	5e54d63f-83fc-4392-a833-284cfd9371e4	2026-07-25 06:16:46.186954+00	SIN000129	MTR000129	26bded93-008e-43e7-ac61-d6fa488f3aab	\N	b37183be-35d0-4ff1-9e11-1e1da8d485b7	Route 1	\N
b942ff54-2ad3-430b-93d8-60b49297ff4e	MATEO HERMINO AVENA	0416 SAN GABRIEL STA MARIA BULACAN	5e54d63f-83fc-4392-a833-284cfd9371e4	2026-07-25 06:16:46.186954+00	SIN000130	MTR000130	26bded93-008e-43e7-ac61-d6fa488f3aab	\N	b37183be-35d0-4ff1-9e11-1e1da8d485b7	Route 1	\N
12e37a6e-5d60-4b9f-b434-30040c9728a3	JOSE JAMES MAVERICK DELA CRUZ	3001 BAGBAGUIN STA MARIA BULACAN	5e54d63f-83fc-4392-a833-284cfd9371e4	2026-07-25 06:16:46.186954+00	SIN000132	MTR000132	26bded93-008e-43e7-ac61-d6fa488f3aab	\N	b37183be-35d0-4ff1-9e11-1e1da8d485b7	\N	\N
\.


--
-- Data for Name: branch_clients; Type: TABLE DATA; Schema: public; Owner: mmegsi_user
--

COPY public.branch_clients (branch_id, client_id) FROM stdin;
\.


--
-- Data for Name: branch_photos; Type: TABLE DATA; Schema: public; Owner: mmegsi_user
--

COPY public.branch_photos (id, branch_id, file_name, file_url, file_size_kb, caption, uploaded_by, created_at) FROM stdin;
\.


--
-- Data for Name: branch_zones; Type: TABLE DATA; Schema: public; Owner: mmegsi_user
--

COPY public.branch_zones (id, branch_id, name, assigned_messenger_id, assigned_messenger_name, subscriber_count, is_active, created_at, updated_at) FROM stdin;
c1e8e2d6-bdba-4a61-863a-b67b2666badc	ee791073-3ca5-4501-95db-5f3ead5afa07	EMP002	b37183be-35d0-4ff1-9e11-1e1da8d485b7	Ryan Bang	138	t	2026-07-07 06:03:09.981842+00	2026-07-07 07:33:47.400507+00
9fa5d948-8648-47f1-8ca8-55d99220ee4a	82bf6049-ecff-4da9-9637-91e2a5cc26e0	EMP002	b37183be-35d0-4ff1-9e11-1e1da8d485b7	Ryan Bang	138	t	2026-07-06 09:07:38.089735+00	2026-07-25 03:57:15.963526+00
960dc59f-2663-423f-ac1f-4aef1c356b10	26bded93-008e-43e7-ac61-d6fa488f3aab	EMP002	b37183be-35d0-4ff1-9e11-1e1da8d485b7	Ryan Bang	138	t	2026-07-25 06:16:46.186954+00	2026-07-25 06:16:46.186954+00
\.


--
-- Data for Name: branches; Type: TABLE DATA; Schema: public; Owner: mmegsi_user
--

COPY public.branches (id, name, address, supervisor_id, admin_id, contact, employees, years_in_service, latitude, longitude, is_active, created_at, updated_at, google_map_link) FROM stdin;
ee791073-3ca5-4501-95db-5f3ead5afa07	Cavite	Cavite Philippines	24d35b0c-cdfb-48ed-a669-cb2c3bb96cd7	\N	09781232	0	0	14.4326721	120.5767058	t	2026-06-25 03:29:48.476437+00	2026-06-25 14:19:11.118794+00	https://www.google.com/maps/embed?pb=!1m18!1m12!1m3!1d189009.32404773557!2d120.57670576549188!3d14.432672065279077!2m3!1f0!2f0!3f0!3m2!1i1024!2i768!4f13.1!3m3!1m2!1s0x3397cd358110cca3%3A0x56e04bd8747014a4!2sCavite%2C%20Philippines!5e1!3m2!1sen!2sus!4v1782397129369!5m2!1sen!2sus
b09d0517-2877-466c-b7a5-b7df2e7a2d8a	Manila	Manila	24d35b0c-cdfb-48ed-a669-cb2c3bb96cd7	5812b1b1-28bd-4679-856f-0cfe1a635f74	09561530963	0	8	14.5993729	120.9382833	t	2026-06-15 08:09:02.88789+00	2026-06-25 14:35:08.682046+00	https://www.google.com/maps/embed?pb=!1m18!1m12!1m3!1d47216.74871759357!2d120.93828330677825!3d14.599372899127594!2m3!1f0!2f0!3f0!3m2!1i1024!2i768!4f13.1!3m3!1m2!1s0x3397ca03571ec38b%3A0x69d1d5751069c11f!2sManila%2C%20Metro%20Manila%2C%20Philippines!5e1!3m2!1sen!2sus!4v1782397067415!5m2!1sen!2sus
546e926d-9d99-4cd5-94a1-083f23da7258	Tarlac	Tarlac City Philippines	24d35b0c-cdfb-48ed-a669-cb2c3bb96cd7	\N	09561230978	0	0	15.4844621	120.5195805	t	2026-06-25 14:39:10.999295+00	2026-06-25 14:39:10.999295+00	https://www.google.com/maps/embed?pb=!1m18!1m12!1m3!1d94042.27806536164!2d120.51958054705483!3d15.484462096462096!2m3!1f0!2f0!3f0!3m2!1i1024!2i768!4f13.1!3m3!1m2!1s0x3396c63f4ab68e0d%3A0x13f9415d7a5bfd4b!2sTarlac%20City%2C%20Tarlac%2C%20Philippines!5e1!3m2!1sen!2sus!4v1782398333134!5m2!1sen!2sus
5a9c6065-af47-4506-b603-45683e3091d9	MMEGSI Baguio	Baguio City Philippines	2022a81a-68c4-4df2-a6c0-0f1f218d0942	\N	0977234452	0	0	16.3960797	120.5487160	t	2026-06-25 14:40:05.117849+00	2026-06-25 14:40:05.117849+00	https://www.google.com/maps/embed?pb=!1m18!1m12!1m3!1d46807.93690298197!2d120.54871596759124!3d16.39607968181627!2m3!1f0!2f0!3f0!3m2!1i1024!2i768!4f13.1!3m3!1m2!1s0x3391a16879def13f%3A0x8edef534be3a75c0!2sBaguio%2C%20Benguet%2C%20Philippines!5e1!3m2!1sen!2sus!4v1782398389690!5m2!1sen!2sus
f9b338f9-6f4f-46b4-a37c-dcd49d745c11	MMEGSI La Union	La Union Philppines	24d35b0c-cdfb-48ed-a669-cb2c3bb96cd7	\N	095615309734	0	0	16.5615016	120.0919361	t	2026-06-25 14:40:59.192861+00	2026-06-25 14:40:59.192861+00	https://www.google.com/maps/embed?pb=!1m18!1m12!1m3!1d374143.8199292631!2d120.09193605055334!3d16.561501648917854!2m3!1f0!2f0!3f0!3m2!1i1024!2i768!4f13.1!3m3!1m2!1s0x3391909fd996bb73%3A0xa80df5423012ac11!2sLa%20Union%2C%20Philippines!5e1!3m2!1sen!2sus!4v1782398449044!5m2!1sen!2sus
26bded93-008e-43e7-ac61-d6fa488f3aab	MMEGSI Antipolo	Antipolo City	2022a81a-68c4-4df2-a6c0-0f1f218d0942	\N	09672345675	0	0	14.6594403	121.0523017	t	2026-06-25 14:41:42.384468+00	2026-06-25 14:41:42.384468+00	https://www.google.com/maps/embed?pb=!1m18!1m12!1m3!1d188815.31746429717!2d121.0523017367697!3d14.659440254040396!2m3!1f0!2f0!3f0!3m2!1i1024!2i768!4f13.1!3m3!1m2!1s0x3397bf0c8d8310c5%3A0x34dc8e5a7fbf80a3!2sAntipolo%2C%20Rizal%2C%20Philippines!5e1!3m2!1sen!2sus!4v1782398492504!5m2!1sen!2sus
82bf6049-ecff-4da9-9637-91e2a5cc26e0	Bataan	Bataan City Philippines	24d35b0c-cdfb-48ed-a669-cb2c3bb96cd7	\N	09781231234	0	0	14.6655748	120.1035418	t	2026-06-25 14:13:07.154325+00	2026-06-25 14:13:07.154325+00	https://www.google.com/maps/embed?pb=!1m18!1m12!1m3!1d377620.0562545767!2d120.10354183128746!3d14.66557475100038!2m3!1f0!2f0!3f0!3m2!1i1024!2i768!4f13.1!3m3!1m2!1s0x339614e301987889%3A0x6ae0cb8f5ee13d48!2sBataan%2C%20Philippines!5e1!3m2!1sen!2sus!4v1782396770057!5m2!1sen!2sus
4595ca95-c6f3-41ee-a147-0eeb66e05be6	Olongapo	Olongapo City	2022a81a-68c4-4df2-a6c0-0f1f218d0942	5812b1b1-28bd-4679-856f-0cfe1a635f74	0917-121-1111	35	8	14.8254046	120.2104696	t	2026-06-15 08:11:49.266162+00	2026-06-25 14:15:04.184969+00	https://www.google.com/maps/embed?pb=!1m18!1m12!1m3!1d94335.72783115717!2d120.21046958134494!3d14.825404601165026!2m3!1f0!2f0!3f0!3m2!1i1024!2i768!4f13.1!3m3!1m2!1s0x3396711b9c32216b%3A0xa080c3d36f2963a7!2sOlongapo%20City%2C%20Zambales%2C%20Philippines!5e1!3m2!1sen!2sus!4v1782396866723!5m2!1sen!2sus
\.


--
-- Data for Name: clients; Type: TABLE DATA; Schema: public; Owner: mmegsi_user
--

COPY public.clients (id, name, hotline, email, is_active, created_at) FROM stdin;
\.


--
-- Data for Name: delivery_items; Type: TABLE DATA; Schema: public; Owner: mmegsi_user
--

COPY public.delivery_items (id, delivery_run_id, subscriber_id, status, delivered_at, proof_photo_url, checkin_lat, checkin_lng, notes, created_at, updated_at) FROM stdin;
\.


--
-- Data for Name: delivery_proof_photos; Type: TABLE DATA; Schema: public; Owner: mmegsi_user
--

COPY public.delivery_proof_photos (id, delivery_item_id, file_name, file_url, file_size_kb, mime_type, uploaded_by, created_at) FROM stdin;
\.


--
-- Data for Name: delivery_runs; Type: TABLE DATA; Schema: public; Owner: mmegsi_user
--

COPY public.delivery_runs (id, branch_id, parcel_type_id, messenger_id, created_by, run_date, period_month, total_items, delivered, undelivered, for_return, status, created_at, updated_at) FROM stdin;
\.


--
-- Data for Name: delivery_undelivered_log; Type: TABLE DATA; Schema: public; Owner: mmegsi_user
--

COPY public.delivery_undelivered_log (id, delivery_item_id, reason_id, logged_at, notes) FROM stdin;
\.


--
-- Data for Name: import_batches; Type: TABLE DATA; Schema: public; Owner: mmegsi_user
--

COPY public.import_batches (id, file_name, uploaded_by, status, total_rows, valid_rows, duplicate_rows, error_rows, error_detail, created_at, updated_at, file_size_mb, error_message, branch_id, assigned_messenger_id, assigned_messenger_name) FROM stdin;
6d28b61d-37c0-4faf-b0cc-d5bb33046bea	BG 1.xlsx	81241023-9bac-4e7f-b200-5617c4567a82	failed	0	0	0	0	function min(uuid) does not exist	2026-06-26 01:27:20.528847+00	2026-06-26 01:27:20.643884+00	\N	\N	82bf6049-ecff-4da9-9637-91e2a5cc26e0	\N	\N
cd701e5c-ef75-4a08-9602-06a966e0d024	BG 1.xlsx	81241023-9bac-4e7f-b200-5617c4567a82	failed	0	0	0	0	function min(uuid) does not exist	2026-06-26 01:28:20.987954+00	2026-06-26 01:28:21.100194+00	\N	\N	82bf6049-ecff-4da9-9637-91e2a5cc26e0	\N	\N
593da0dd-5e26-473a-85ba-fc7d7a41b182	BG 1.xlsx	81241023-9bac-4e7f-b200-5617c4567a82	failed	0	0	0	0	function min(uuid) does not exist	2026-06-26 01:29:09.592897+00	2026-06-26 01:29:09.702897+00	\N	\N	82bf6049-ecff-4da9-9637-91e2a5cc26e0	\N	\N
5fe55a3a-55a4-4465-9626-e3067b904c47	BG 1.xlsx	81241023-9bac-4e7f-b200-5617c4567a82	committed	654	635	19	0	\N	2026-06-26 01:32:59.815307+00	2026-06-26 01:35:40.823858+00	\N	\N	82bf6049-ecff-4da9-9637-91e2a5cc26e0	\N	\N
e86bc0e5-9862-4381-a075-7fa5f864b25f	BG 1.xlsx	81241023-9bac-4e7f-b200-5617c4567a82	committed	654	635	19	0	\N	2026-06-26 01:42:22.154178+00	2026-06-26 01:42:27.253003+00	\N	\N	82bf6049-ecff-4da9-9637-91e2a5cc26e0	\N	\N
7dd05e5d-a5c2-4a1d-86b3-947dc009f8cc	BG 1_with_sample_sin_meter.xlsx	81241023-9bac-4e7f-b200-5617c4567a82	failed	5601	5392	209	0	Expired: never committed within the 7-day review window.	2026-07-05 11:31:03.1444+00	2026-07-24 15:52:55.113233+00	\N	\N	82bf6049-ecff-4da9-9637-91e2a5cc26e0	\N	\N
0e53925c-7e0a-46e6-b03a-ef4c156d3809	BG 1.xlsx	81241023-9bac-4e7f-b200-5617c4567a82	committed	10373	10145	228	0	\N	2026-06-26 01:52:09.552377+00	2026-06-26 01:52:12.88638+00	\N	\N	82bf6049-ecff-4da9-9637-91e2a5cc26e0	\N	\N
52ce675b-44e7-4ae0-a9c0-cfff9b97e613	BG 1_with_sample_sin_meter.xlsx	81241023-9bac-4e7f-b200-5617c4567a82	failed	5601	5392	209	0	Expired: never committed within the 7-day review window.	2026-07-05 11:34:30.893535+00	2026-07-24 15:52:55.113233+00	\N	\N	82bf6049-ecff-4da9-9637-91e2a5cc26e0	\N	\N
79186620-6b2a-4780-80b3-c0c643d1f9bc	BG_1_with_route_sequence_sample.xlsx	81241023-9bac-4e7f-b200-5617c4567a82	committed	5601	5392	209	0	{"sheetMessengerMap":{"EMP015":null,"EMP017":null,"EMP002":{"id":"b37183be-35d0-4ff1-9e11-1e1da8d485b7","fullName":"Ryan Bang","branchId":"4595ca95-c6f3-41ee-a147-0eeb66e05be6","isActive":true},"EMP003":{"id":"4c2444aa-6340-4e24-b037-847faac1ecc7","fullName":"OLIVER REYES JR","branchId":"4595ca95-c6f3-41ee-a147-0eeb66e05be6","isActive":true},"EMP004":null,"EMP005":null,"EMP012":null,"EMP014":null,"ZACARIAS":null,"TIGLAO 2025":null}}	2026-07-25 03:57:13.03946+00	2026-07-25 03:57:15.963526+00	\N	\N	82bf6049-ecff-4da9-9637-91e2a5cc26e0	\N	\N
d4ad4d2b-ee4e-42f1-9eec-1ebfeb4c5136	BG 1.xlsx	81241023-9bac-4e7f-b200-5617c4567a82	committed	10373	10145	228	0	\N	2026-06-26 02:04:55.757929+00	2026-06-26 02:07:10.450794+00	\N	\N	82bf6049-ecff-4da9-9637-91e2a5cc26e0	\N	\N
077d6c42-5fe4-45b0-90b9-c8ad95c54665	BG 1.xlsx	81241023-9bac-4e7f-b200-5617c4567a82	committed	10373	10145	228	0	\N	2026-06-26 02:52:40.577554+00	2026-06-26 02:52:43.278288+00	\N	\N	82bf6049-ecff-4da9-9637-91e2a5cc26e0	\N	\N
da963b4a-c929-4175-bf8e-88e53abaaa4d	BG 1.xlsx	81241023-9bac-4e7f-b200-5617c4567a82	committed	10373	10145	228	0	\N	2026-06-26 03:01:20.576685+00	2026-06-26 03:01:22.875177+00	\N	\N	ee791073-3ca5-4501-95db-5f3ead5afa07	\N	\N
5038712d-9abc-458b-bb90-1d378e013390	BG 1.xlsx	81241023-9bac-4e7f-b200-5617c4567a82	committed	10373	10145	228	0	\N	2026-06-26 08:58:50.499789+00	2026-06-26 08:59:36.035662+00	\N	\N	ee791073-3ca5-4501-95db-5f3ead5afa07	\N	\N
148e34f1-a127-4e43-979d-7d6227089ee1	BG 1.xlsx	81241023-9bac-4e7f-b200-5617c4567a82	committed	10373	10145	228	0	\N	2026-06-26 09:01:03.318129+00	2026-06-26 09:01:10.039512+00	\N	\N	ee791073-3ca5-4501-95db-5f3ead5afa07	\N	\N
7d31a670-cd75-4405-a0dc-d8dbcb10c1fc	BG 1.xlsx	81241023-9bac-4e7f-b200-5617c4567a82	committed	10373	10145	228	0	{"sheetMessengerMap":{"EMP015":null,"EMP016":null,"EMP017":null,"EMP001":null,"EMP002":{"id":"b37183be-35d0-4ff1-9e11-1e1da8d485b7","fullName":"Ryan Bang","branchId":"4595ca95-c6f3-41ee-a147-0eeb66e05be6","isActive":true},"EMP004":null,"EMP005":null,"EMP006":null,"EMP008":null,"EMP009":null,"EMP012":null,"EMP013":null,"EMP014":null,"ZACARIAS":null,"TIGLAO 2025":null}}	2026-06-26 09:07:13.941377+00	2026-06-26 09:07:40.090798+00	\N	\N	ee791073-3ca5-4501-95db-5f3ead5afa07	\N	\N
fbb32726-c655-4d54-8bcf-af79451854c7	BG%201_with_numeric_sample_sin_meter.xlsx	81241023-9bac-4e7f-b200-5617c4567a82	committed	5461	5392	69	0	{"sheetMessengerMap":{"EMP015":null,"EMP017":null,"EMP002":{"id":"b37183be-35d0-4ff1-9e11-1e1da8d485b7","fullName":"Ryan Bang","branchId":"4595ca95-c6f3-41ee-a147-0eeb66e05be6","isActive":true},"EMP004":null,"EMP005":null,"EMP012":null,"EMP014":null,"ZACARIAS":null,"TIGLAO 2025":null}}	2026-06-30 05:04:46.898982+00	2026-06-30 05:04:57.517139+00	\N	\N	82bf6049-ecff-4da9-9637-91e2a5cc26e0	\N	\N
de6d9246-4dd8-473d-a8aa-01bdcf424cc1	BG%201_with_numeric_sample_sin_meter.xlsx	81241023-9bac-4e7f-b200-5617c4567a82	committed	5461	5392	69	0	{"sheetMessengerMap":{"EMP015":null,"EMP017":null,"EMP002":{"id":"b37183be-35d0-4ff1-9e11-1e1da8d485b7","fullName":"Ryan Bang","branchId":"4595ca95-c6f3-41ee-a147-0eeb66e05be6","isActive":true},"EMP004":null,"EMP005":null,"EMP012":null,"EMP014":null,"ZACARIAS":null,"TIGLAO 2025":null}}	2026-06-30 05:45:15.549251+00	2026-06-30 05:45:23.959493+00	\N	\N	82bf6049-ecff-4da9-9637-91e2a5cc26e0	\N	\N
6744e1da-a81d-42ac-a1d3-ec1241a72750	BG%201_with_numeric_sample_sin_meter.xlsx	81241023-9bac-4e7f-b200-5617c4567a82	committed	5461	5392	69	0	{"sheetMessengerMap":{"EMP015":null,"EMP017":null,"EMP002":{"id":"b37183be-35d0-4ff1-9e11-1e1da8d485b7","fullName":"Ryan Bang","branchId":"4595ca95-c6f3-41ee-a147-0eeb66e05be6","isActive":true},"EMP004":null,"EMP005":null,"EMP012":null,"EMP014":null,"ZACARIAS":null,"TIGLAO 2025":null}}	2026-06-30 05:18:46.709909+00	2026-06-30 05:19:01.630131+00	\N	\N	82bf6049-ecff-4da9-9637-91e2a5cc26e0	\N	\N
b31b2989-d065-4689-a425-951d2a213172	BG%201_with_numeric_sample_sin_meter.xlsx	81241023-9bac-4e7f-b200-5617c4567a82	committed	5461	5392	69	0	{"sheetMessengerMap":{"EMP015":null,"EMP017":null,"EMP002":{"id":"b37183be-35d0-4ff1-9e11-1e1da8d485b7","fullName":"Ryan Bang","branchId":"4595ca95-c6f3-41ee-a147-0eeb66e05be6","isActive":true},"EMP004":null,"EMP005":null,"EMP012":null,"EMP014":null,"ZACARIAS":null,"TIGLAO 2025":null}}	2026-06-30 05:30:08.560061+00	2026-06-30 05:30:12.177673+00	\N	\N	82bf6049-ecff-4da9-9637-91e2a5cc26e0	\N	\N
75eb13fe-77f7-466f-8c73-03f2902c82de	BG 1_with_sample_sin_meter.xlsx	81241023-9bac-4e7f-b200-5617c4567a82	failed	0	0	0	0	column "route" of relation "import_staging" does not exist	2026-06-30 13:06:22.583247+00	2026-06-30 13:06:22.614123+00	\N	\N	82bf6049-ecff-4da9-9637-91e2a5cc26e0	\N	\N
ce523744-3699-41f6-9843-8787d7011c2a	BG 1_with_sample_sin_meter.xlsx	81241023-9bac-4e7f-b200-5617c4567a82	committed	5601	5392	209	0	{"sheetMessengerMap":{"EMP015":null,"EMP017":null,"EMP002":{"id":"b37183be-35d0-4ff1-9e11-1e1da8d485b7","fullName":"Ryan Bang","branchId":"4595ca95-c6f3-41ee-a147-0eeb66e05be6","isActive":true},"EMP003":{"id":"4c2444aa-6340-4e24-b037-847faac1ecc7","fullName":"OLIVER REYES JR","branchId":"4595ca95-c6f3-41ee-a147-0eeb66e05be6","isActive":true},"EMP004":null,"EMP005":null,"EMP012":null,"EMP014":null,"ZACARIAS":null,"TIGLAO 2025":null}}	2026-06-30 05:47:54.94755+00	2026-06-30 05:47:58.699056+00	\N	\N	82bf6049-ecff-4da9-9637-91e2a5cc26e0	\N	\N
02f46b9b-d4e0-4d24-b554-71d5c69e9d82	BG 1_with_sample_sin_meter.xlsx	81241023-9bac-4e7f-b200-5617c4567a82	committed	5601	5392	209	0	{"sheetMessengerMap":{"EMP015":null,"EMP017":null,"EMP002":{"id":"b37183be-35d0-4ff1-9e11-1e1da8d485b7","fullName":"Ryan Bang","branchId":"4595ca95-c6f3-41ee-a147-0eeb66e05be6","isActive":true},"EMP003":{"id":"4c2444aa-6340-4e24-b037-847faac1ecc7","fullName":"OLIVER REYES JR","branchId":"4595ca95-c6f3-41ee-a147-0eeb66e05be6","isActive":true},"EMP004":null,"EMP005":null,"EMP012":null,"EMP014":null,"ZACARIAS":null,"TIGLAO 2025":null}}	2026-06-30 05:49:51.923104+00	2026-06-30 05:49:56.722952+00	\N	\N	82bf6049-ecff-4da9-9637-91e2a5cc26e0	\N	\N
00cca07d-4a65-4c0f-8fcc-32e1f6c7bf37	BG 1_with_sample_sin_meter.xlsx	81241023-9bac-4e7f-b200-5617c4567a82	failed	0	0	0	0	column "route" of relation "import_staging" does not exist	2026-06-30 13:05:47.92158+00	2026-06-30 13:05:47.939749+00	\N	\N	82bf6049-ecff-4da9-9637-91e2a5cc26e0	\N	\N
c72ebb0e-3162-40e0-97c6-a0d176180282	BG 1.xlsx	81241023-9bac-4e7f-b200-5617c4567a82	failed	10373	10145	228	0	Expired: never committed within the 7-day review window.	2026-06-26 02:02:49.787774+00	2026-07-06 07:50:42.337938+00	\N	\N	82bf6049-ecff-4da9-9637-91e2a5cc26e0	\N	\N
6512a50e-8e29-49e6-9b62-19faeb20907e	BG 1.xlsx	81241023-9bac-4e7f-b200-5617c4567a82	failed	10373	10145	228	0	Expired: never committed within the 7-day review window.	2026-06-26 02:11:13.490325+00	2026-07-06 07:50:42.337938+00	\N	\N	82bf6049-ecff-4da9-9637-91e2a5cc26e0	\N	\N
61004c35-7b50-4237-9b70-01fdb9bcffc2	BG 1.xlsx	81241023-9bac-4e7f-b200-5617c4567a82	failed	10373	10145	228	0	Expired: never committed within the 7-day review window.	2026-06-26 02:13:13.907845+00	2026-07-06 07:50:42.337938+00	\N	\N	82bf6049-ecff-4da9-9637-91e2a5cc26e0	\N	\N
0148680a-466c-46e3-b64a-3a21d4b888f8	BG 1_with_sample_sin_meter.xlsx	81241023-9bac-4e7f-b200-5617c4567a82	committed	5601	5392	209	0	{"sheetMessengerMap":{"EMP015":null,"EMP017":null,"EMP002":{"id":"b37183be-35d0-4ff1-9e11-1e1da8d485b7","fullName":"Ryan Bang","branchId":"4595ca95-c6f3-41ee-a147-0eeb66e05be6","isActive":true},"EMP003":{"id":"4c2444aa-6340-4e24-b037-847faac1ecc7","fullName":"OLIVER REYES JR","branchId":"4595ca95-c6f3-41ee-a147-0eeb66e05be6","isActive":true},"EMP004":null,"EMP005":null,"EMP012":null,"EMP014":null,"ZACARIAS":null,"TIGLAO 2025":null}}	2026-07-06 07:52:25.694057+00	2026-07-06 07:52:29.542202+00	\N	\N	82bf6049-ecff-4da9-9637-91e2a5cc26e0	\N	\N
015a5a07-b1a4-4ecc-921c-7301d06563a4	BG 1_with_sample_sin_meter.xlsx	81241023-9bac-4e7f-b200-5617c4567a82	committed	5601	5392	209	0	{"sheetMessengerMap":{"EMP015":null,"EMP017":null,"EMP002":{"id":"b37183be-35d0-4ff1-9e11-1e1da8d485b7","fullName":"Ryan Bang","branchId":"4595ca95-c6f3-41ee-a147-0eeb66e05be6","isActive":true},"EMP003":{"id":"4c2444aa-6340-4e24-b037-847faac1ecc7","fullName":"OLIVER REYES JR","branchId":"4595ca95-c6f3-41ee-a147-0eeb66e05be6","isActive":true},"EMP004":null,"EMP005":null,"EMP012":null,"EMP014":null,"ZACARIAS":null,"TIGLAO 2025":null}}	2026-07-05 11:45:48.73807+00	2026-07-05 11:45:55.686645+00	\N	\N	82bf6049-ecff-4da9-9637-91e2a5cc26e0	\N	\N
a22ef46d-bc3d-495a-a87f-ac0dae892e32	BG 1_with_sample_sin_meter.xlsx	81241023-9bac-4e7f-b200-5617c4567a82	committed	5601	5392	209	0	{"sheetMessengerMap":{"EMP015":null,"EMP017":null,"EMP002":{"id":"b37183be-35d0-4ff1-9e11-1e1da8d485b7","fullName":"Ryan Bang","branchId":"4595ca95-c6f3-41ee-a147-0eeb66e05be6","isActive":true},"EMP003":{"id":"4c2444aa-6340-4e24-b037-847faac1ecc7","fullName":"OLIVER REYES JR","branchId":"4595ca95-c6f3-41ee-a147-0eeb66e05be6","isActive":true},"EMP004":null,"EMP005":null,"EMP012":null,"EMP014":null,"ZACARIAS":null,"TIGLAO 2025":null}}	2026-07-06 08:05:35.345019+00	2026-07-06 08:05:38.371834+00	\N	\N	82bf6049-ecff-4da9-9637-91e2a5cc26e0	\N	\N
8692a144-f261-4c4e-bdbb-d0c3099bac53	BG 1_with_sample_sin_meter.xlsx	81241023-9bac-4e7f-b200-5617c4567a82	committed	5601	5392	209	0	{"sheetMessengerMap":{"EMP015":null,"EMP017":null,"EMP002":{"id":"b37183be-35d0-4ff1-9e11-1e1da8d485b7","fullName":"Ryan Bang","branchId":"4595ca95-c6f3-41ee-a147-0eeb66e05be6","isActive":true},"EMP003":{"id":"4c2444aa-6340-4e24-b037-847faac1ecc7","fullName":"OLIVER REYES JR","branchId":"4595ca95-c6f3-41ee-a147-0eeb66e05be6","isActive":true},"EMP004":null,"EMP005":null,"EMP012":null,"EMP014":null,"ZACARIAS":null,"TIGLAO 2025":null}}	2026-07-06 07:33:53.334532+00	2026-07-06 07:34:00.845055+00	\N	\N	82bf6049-ecff-4da9-9637-91e2a5cc26e0	\N	\N
a5cc2820-3190-4170-b31d-773114482ee7	BG_1_with_route_sequence_sample.xlsx	81241023-9bac-4e7f-b200-5617c4567a82	committed	5601	5392	209	0	{"sheetMessengerMap":{"EMP015":null,"EMP017":null,"EMP002":{"id":"b37183be-35d0-4ff1-9e11-1e1da8d485b7","fullName":"Ryan Bang","branchId":"4595ca95-c6f3-41ee-a147-0eeb66e05be6","isActive":true},"EMP003":{"id":"4c2444aa-6340-4e24-b037-847faac1ecc7","fullName":"OLIVER REYES JR","branchId":"4595ca95-c6f3-41ee-a147-0eeb66e05be6","isActive":true},"EMP004":null,"EMP005":null,"EMP012":null,"EMP014":null,"ZACARIAS":null,"TIGLAO 2025":null}}	2026-07-06 09:07:35.630739+00	2026-07-06 09:07:38.089735+00	\N	\N	82bf6049-ecff-4da9-9637-91e2a5cc26e0	\N	\N
2f1ac0bf-663d-45d2-85d1-cc96a4cc439d	BG 1_with_sample_sin_meter.xlsx	81241023-9bac-4e7f-b200-5617c4567a82	committed	5601	5392	209	0	{"sheetMessengerMap":{"EMP015":null,"EMP017":null,"EMP002":{"id":"b37183be-35d0-4ff1-9e11-1e1da8d485b7","fullName":"Ryan Bang","branchId":"4595ca95-c6f3-41ee-a147-0eeb66e05be6","isActive":true},"EMP003":{"id":"4c2444aa-6340-4e24-b037-847faac1ecc7","fullName":"OLIVER REYES JR","branchId":"4595ca95-c6f3-41ee-a147-0eeb66e05be6","isActive":true},"EMP004":null,"EMP005":null,"EMP012":null,"EMP014":null,"ZACARIAS":null,"TIGLAO 2025":null}}	2026-07-06 07:35:12.643592+00	2026-07-06 07:35:18.569912+00	\N	\N	82bf6049-ecff-4da9-9637-91e2a5cc26e0	\N	\N
7b89b278-af77-48e0-b4d3-25be0341817e	BG 1.xlsx	81241023-9bac-4e7f-b200-5617c4567a82	failed	10373	10145	228	0	Expired: never committed within the 7-day review window.	2026-06-26 02:15:30.504881+00	2026-07-06 07:50:42.337938+00	\N	\N	82bf6049-ecff-4da9-9637-91e2a5cc26e0	\N	\N
6cc63890-f5b2-4cf0-a4ec-391cbb5fdbf2	BG_1_with_route_sequence_sample.xlsx	81241023-9bac-4e7f-b200-5617c4567a82	committed	5601	5392	209	0	{"sheetMessengerMap":{"EMP015":null,"EMP017":null,"EMP002":{"id":"b37183be-35d0-4ff1-9e11-1e1da8d485b7","fullName":"Ryan Bang","branchId":"4595ca95-c6f3-41ee-a147-0eeb66e05be6","isActive":true},"EMP003":{"id":"4c2444aa-6340-4e24-b037-847faac1ecc7","fullName":"OLIVER REYES JR","branchId":"4595ca95-c6f3-41ee-a147-0eeb66e05be6","isActive":true},"EMP004":null,"EMP005":null,"EMP012":null,"EMP014":null,"ZACARIAS":null,"TIGLAO 2025":null}}	2026-07-07 00:44:45.595889+00	2026-07-07 00:44:48.52774+00	\N	\N	82bf6049-ecff-4da9-9637-91e2a5cc26e0	\N	\N
9822c07b-00da-430b-801c-096bc9518e41	BG_1_with_route_sequence_sample.xlsx	81241023-9bac-4e7f-b200-5617c4567a82	committed	5601	5392	209	0	{"sheetMessengerMap":{"EMP015":null,"EMP017":null,"EMP002":{"id":"b37183be-35d0-4ff1-9e11-1e1da8d485b7","fullName":"Ryan Bang","branchId":"4595ca95-c6f3-41ee-a147-0eeb66e05be6","isActive":true},"EMP003":{"id":"4c2444aa-6340-4e24-b037-847faac1ecc7","fullName":"OLIVER REYES JR","branchId":"4595ca95-c6f3-41ee-a147-0eeb66e05be6","isActive":true},"EMP004":null,"EMP005":null,"EMP012":null,"EMP014":null,"ZACARIAS":null,"TIGLAO 2025":null}}	2026-07-07 00:53:51.519351+00	2026-07-07 00:53:57.257152+00	\N	\N	82bf6049-ecff-4da9-9637-91e2a5cc26e0	\N	\N
0940e144-77df-403e-8517-012dcf13bbcb	BG_1_with_route_sequence_sample.xlsx	81241023-9bac-4e7f-b200-5617c4567a82	committed	5601	5392	209	0	{"sheetMessengerMap":{"EMP015":null,"EMP017":null,"EMP002":{"id":"b37183be-35d0-4ff1-9e11-1e1da8d485b7","fullName":"Ryan Bang","branchId":"4595ca95-c6f3-41ee-a147-0eeb66e05be6","isActive":true},"EMP003":{"id":"4c2444aa-6340-4e24-b037-847faac1ecc7","fullName":"OLIVER REYES JR","branchId":"4595ca95-c6f3-41ee-a147-0eeb66e05be6","isActive":true},"EMP004":null,"EMP005":null,"EMP012":null,"EMP014":null,"ZACARIAS":null,"TIGLAO 2025":null}}	2026-07-07 05:28:34.316285+00	2026-07-07 05:28:39.034999+00	\N	\N	82bf6049-ecff-4da9-9637-91e2a5cc26e0	\N	\N
f77e6de4-ce5c-4d1e-989d-b439b4c3032e	BG_1_with_route_sequence_sample.xlsx	81241023-9bac-4e7f-b200-5617c4567a82	committed	5601	5392	209	0	{"sheetMessengerMap":{"EMP015":null,"EMP017":null,"EMP002":{"id":"b37183be-35d0-4ff1-9e11-1e1da8d485b7","fullName":"Ryan Bang","branchId":"4595ca95-c6f3-41ee-a147-0eeb66e05be6","isActive":true},"EMP003":{"id":"4c2444aa-6340-4e24-b037-847faac1ecc7","fullName":"OLIVER REYES JR","branchId":"4595ca95-c6f3-41ee-a147-0eeb66e05be6","isActive":true},"EMP004":null,"EMP005":null,"EMP012":null,"EMP014":null,"ZACARIAS":null,"TIGLAO 2025":null}}	2026-07-07 06:02:50.429126+00	2026-07-07 06:02:52.972018+00	\N	\N	82bf6049-ecff-4da9-9637-91e2a5cc26e0	\N	\N
3bf840ed-6f56-447e-9d06-197727bc6ff4	BG_1_with_route_sequence_sample.xlsx	81241023-9bac-4e7f-b200-5617c4567a82	committed	5601	5392	209	0	{"sheetMessengerMap":{"EMP015":null,"EMP017":null,"EMP002":{"id":"b37183be-35d0-4ff1-9e11-1e1da8d485b7","fullName":"Ryan Bang","branchId":"4595ca95-c6f3-41ee-a147-0eeb66e05be6","isActive":true},"EMP003":{"id":"4c2444aa-6340-4e24-b037-847faac1ecc7","fullName":"OLIVER REYES JR","branchId":"4595ca95-c6f3-41ee-a147-0eeb66e05be6","isActive":true},"EMP004":null,"EMP005":null,"EMP012":null,"EMP014":null,"ZACARIAS":null,"TIGLAO 2025":null}}	2026-07-07 06:03:07.977819+00	2026-07-07 06:03:09.981842+00	\N	\N	ee791073-3ca5-4501-95db-5f3ead5afa07	\N	\N
05b98677-a19b-407b-b9ac-ec66cf2c5838	BG 1_with_sample_sin_meter.xlsx	81241023-9bac-4e7f-b200-5617c4567a82	failed	5601	5392	209	0	Expired: never committed within the 7-day review window.	2026-07-05 11:39:54.07273+00	2026-07-24 15:52:55.113233+00	\N	\N	82bf6049-ecff-4da9-9637-91e2a5cc26e0	\N	\N
0e40122f-b53d-4944-b3e5-41d35e9082b3	BG_1_with_route_sequence_sample.xlsx	81241023-9bac-4e7f-b200-5617c4567a82	committed	5601	5392	209	0	{"sheetMessengerMap":{"EMP015":null,"EMP017":null,"EMP002":{"id":"b37183be-35d0-4ff1-9e11-1e1da8d485b7","fullName":"Ryan Bang","branchId":"4595ca95-c6f3-41ee-a147-0eeb66e05be6","isActive":true},"EMP003":{"id":"4c2444aa-6340-4e24-b037-847faac1ecc7","fullName":"OLIVER REYES JR","branchId":"4595ca95-c6f3-41ee-a147-0eeb66e05be6","isActive":true},"EMP004":null,"EMP005":null,"EMP012":null,"EMP014":null,"ZACARIAS":null,"TIGLAO 2025":null}}	2026-07-07 07:33:32.57649+00	2026-07-07 07:33:35.907631+00	\N	\N	82bf6049-ecff-4da9-9637-91e2a5cc26e0	\N	\N
e4a36820-bc22-447b-a032-3079686336ca	BG_1_with_route_sequence_sample.xlsx	81241023-9bac-4e7f-b200-5617c4567a82	committed	5601	5392	209	0	{"sheetMessengerMap":{"EMP015":null,"EMP017":null,"EMP002":{"id":"b37183be-35d0-4ff1-9e11-1e1da8d485b7","fullName":"Ryan Bang","branchId":"4595ca95-c6f3-41ee-a147-0eeb66e05be6","isActive":true},"EMP003":{"id":"4c2444aa-6340-4e24-b037-847faac1ecc7","fullName":"OLIVER REYES JR","branchId":"4595ca95-c6f3-41ee-a147-0eeb66e05be6","isActive":true},"EMP004":null,"EMP005":null,"EMP012":null,"EMP014":null,"ZACARIAS":null,"TIGLAO 2025":null}}	2026-07-07 07:33:45.713146+00	2026-07-07 07:33:47.400507+00	\N	\N	ee791073-3ca5-4501-95db-5f3ead5afa07	\N	\N
5e54d63f-83fc-4392-a833-284cfd9371e4	BG_1_with_route_sequence_sample.xlsx	81241023-9bac-4e7f-b200-5617c4567a82	committed	5601	5392	209	0	{"sheetMessengerMap":{"EMP015":null,"EMP017":null,"EMP002":{"id":"b37183be-35d0-4ff1-9e11-1e1da8d485b7","fullName":"Ryan Bang","branchId":"4595ca95-c6f3-41ee-a147-0eeb66e05be6","isActive":true},"EMP003":{"id":"4c2444aa-6340-4e24-b037-847faac1ecc7","fullName":"OLIVER REYES JR","branchId":"4595ca95-c6f3-41ee-a147-0eeb66e05be6","isActive":true},"EMP004":null,"EMP005":null,"EMP012":null,"EMP014":null,"ZACARIAS":null,"TIGLAO 2025":null}}	2026-07-25 06:16:43.533747+00	2026-07-25 06:16:46.186954+00	\N	\N	26bded93-008e-43e7-ac61-d6fa488f3aab	\N	\N
\.


--
-- Data for Name: import_staging; Type: TABLE DATA; Schema: public; Owner: mmegsi_user
--

COPY public.import_staging (id, batch_id, sheet_name, row_number, sequence_no, raw_name, raw_address, status, error_note, created_at, sin_number, meter_no, route) FROM stdin;
\.


--
-- Data for Name: login_history; Type: TABLE DATA; Schema: public; Owner: mmegsi_user
--

COPY public.login_history (id, user_id, username, ip_address, user_agent, success, fail_reason, logged_at) FROM stdin;
1	5812b1b1-28bd-4679-856f-0cfe1a635f74	SuperAdmin	::1	PostmanRuntime/7.51.1	t	\N	2026-06-14 16:07:26.250601+00
2	5812b1b1-28bd-4679-856f-0cfe1a635f74	SuperAdmin	::1	PostmanRuntime/7.51.1	t	\N	2026-06-14 16:07:28.408834+00
3	5812b1b1-28bd-4679-856f-0cfe1a635f74	SuperAdmin	::1	PostmanRuntime/7.51.1	t	\N	2026-06-14 16:10:21.701598+00
4	5812b1b1-28bd-4679-856f-0cfe1a635f74	SuperAdmin	::1	PostmanRuntime/7.51.1	t	\N	2026-06-14 16:13:30.017487+00
5	5812b1b1-28bd-4679-856f-0cfe1a635f74	SuperAdmin	::1	PostmanRuntime/7.51.1	t	\N	2026-06-14 16:15:18.277833+00
6	5812b1b1-28bd-4679-856f-0cfe1a635f74	SuperAdmin	::1	PostmanRuntime/7.51.1	t	\N	2026-06-14 16:15:19.493742+00
7	5812b1b1-28bd-4679-856f-0cfe1a635f74	SuperAdmin	::1	PostmanRuntime/7.51.1	t	\N	2026-06-14 16:15:20.284428+00
8	5812b1b1-28bd-4679-856f-0cfe1a635f74	SuperAdmin	::1	PostmanRuntime/7.51.1	t	\N	2026-06-14 16:15:21.020638+00
9	5812b1b1-28bd-4679-856f-0cfe1a635f74	SuperAdmin	::1	PostmanRuntime/7.51.1	t	\N	2026-06-14 16:16:13.210064+00
10	5812b1b1-28bd-4679-856f-0cfe1a635f74	SuperAdmin	::1	PostmanRuntime/7.51.1	t	\N	2026-06-14 16:17:22.230801+00
11	5812b1b1-28bd-4679-856f-0cfe1a635f74	SuperAdmin	::1	PostmanRuntime/7.51.1	t	\N	2026-06-14 16:18:34.453295+00
12	5812b1b1-28bd-4679-856f-0cfe1a635f74	SuperAdmin	::1	PostmanRuntime/7.51.1	t	\N	2026-06-14 16:19:20.683667+00
13	5812b1b1-28bd-4679-856f-0cfe1a635f74	SuperAdmin	::1	PostmanRuntime/7.51.1	t	\N	2026-06-14 16:20:18.992823+00
14	5812b1b1-28bd-4679-856f-0cfe1a635f74	SuperAdmin	::1	PostmanRuntime/7.51.1	t	\N	2026-06-14 16:22:16.661776+00
15	\N	superadmin	::ffff:127.0.0.1	Mozilla/5.0 (Windows NT 10.0; Win64; x64; rv:151.0) Gecko/20100101 Firefox/151.0	f	User not found	2026-06-15 04:26:21.536739+00
16	5812b1b1-28bd-4679-856f-0cfe1a635f74	SuperAdmin	::1	PostmanRuntime/7.51.1	t	\N	2026-06-15 04:26:36.87735+00
17	5812b1b1-28bd-4679-856f-0cfe1a635f74	SuperAdmin	::ffff:127.0.0.1	Mozilla/5.0 (Windows NT 10.0; Win64; x64; rv:151.0) Gecko/20100101 Firefox/151.0	t	\N	2026-06-15 04:26:42.917145+00
18	5812b1b1-28bd-4679-856f-0cfe1a635f74	SuperAdmin	::1	PostmanRuntime/7.51.1	t	\N	2026-06-15 04:40:01.073967+00
19	5812b1b1-28bd-4679-856f-0cfe1a635f74	SuperAdmin	::1	PostmanRuntime/7.51.1	t	\N	2026-06-15 04:40:52.19673+00
20	5812b1b1-28bd-4679-856f-0cfe1a635f74	SuperAdmin	::1	PostmanRuntime/7.51.1	t	\N	2026-06-15 04:41:08.571256+00
21	5812b1b1-28bd-4679-856f-0cfe1a635f74	SuperAdmin	::1	PostmanRuntime/7.51.1	t	\N	2026-06-15 04:56:32.874936+00
22	5812b1b1-28bd-4679-856f-0cfe1a635f74	SuperAdmin	::1	PostmanRuntime/7.51.1	t	\N	2026-06-15 04:58:44.363483+00
23	5812b1b1-28bd-4679-856f-0cfe1a635f74	SuperAdmin	::1	PostmanRuntime/7.51.1	t	\N	2026-06-15 06:29:16.570635+00
24	5812b1b1-28bd-4679-856f-0cfe1a635f74	SuperAdmin	::1	PostmanRuntime/7.51.1	t	\N	2026-06-15 06:30:52.80811+00
25	5812b1b1-28bd-4679-856f-0cfe1a635f74	SuperAdmin	::1	PostmanRuntime/7.51.1	t	\N	2026-06-15 06:32:49.899599+00
26	5812b1b1-28bd-4679-856f-0cfe1a635f74	SuperAdmin	::1	PostmanRuntime/7.51.1	t	\N	2026-06-15 06:33:48.664915+00
27	5812b1b1-28bd-4679-856f-0cfe1a635f74	SuperAdmin	::1	PostmanRuntime/7.51.1	t	\N	2026-06-15 06:34:44.945428+00
28	5812b1b1-28bd-4679-856f-0cfe1a635f74	SuperAdmin	::1	PostmanRuntime/7.51.1	t	\N	2026-06-15 06:35:21.594497+00
29	5812b1b1-28bd-4679-856f-0cfe1a635f74	SuperAdmin	::1	PostmanRuntime/7.51.1	t	\N	2026-06-15 06:36:27.598376+00
30	5812b1b1-28bd-4679-856f-0cfe1a635f74	SuperAdmin	::1	PostmanRuntime/7.51.1	t	\N	2026-06-15 06:45:46.151642+00
31	5812b1b1-28bd-4679-856f-0cfe1a635f74	SuperAdmin	::1	PostmanRuntime/7.51.1	t	\N	2026-06-15 06:50:35.23799+00
32	5812b1b1-28bd-4679-856f-0cfe1a635f74	SuperAdmin	::1	PostmanRuntime/7.51.1	t	\N	2026-06-15 06:52:15.936699+00
33	5812b1b1-28bd-4679-856f-0cfe1a635f74	SuperAdmin	::1	PostmanRuntime/7.51.1	t	\N	2026-06-15 06:52:24.439122+00
34	5812b1b1-28bd-4679-856f-0cfe1a635f74	SuperAdmin	::1	PostmanRuntime/7.51.1	t	\N	2026-06-15 06:52:32.739574+00
35	5812b1b1-28bd-4679-856f-0cfe1a635f74	SuperAdmin	::1	PostmanRuntime/7.51.1	t	\N	2026-06-15 06:55:34.589276+00
36	5812b1b1-28bd-4679-856f-0cfe1a635f74	SuperAdmin	::1	PostmanRuntime/7.51.1	t	\N	2026-06-15 06:55:46.292032+00
37	5812b1b1-28bd-4679-856f-0cfe1a635f74	SuperAdmin	::1	PostmanRuntime/7.51.1	t	\N	2026-06-15 06:56:18.749488+00
38	5812b1b1-28bd-4679-856f-0cfe1a635f74	SuperAdmin	::1	PostmanRuntime/7.51.1	t	\N	2026-06-15 06:56:37.818345+00
39	5812b1b1-28bd-4679-856f-0cfe1a635f74	SuperAdmin	::1	PostmanRuntime/7.51.1	t	\N	2026-06-15 06:58:44.875176+00
40	5812b1b1-28bd-4679-856f-0cfe1a635f74	SuperAdmin	::1	PostmanRuntime/7.51.1	t	\N	2026-06-15 06:59:04.12713+00
41	5812b1b1-28bd-4679-856f-0cfe1a635f74	SuperAdmin	::1	PostmanRuntime/7.51.1	t	\N	2026-06-15 07:16:01.684388+00
42	\N	superadmin	::ffff:127.0.0.1	Mozilla/5.0 (Windows NT 10.0; Win64; x64; rv:151.0) Gecko/20100101 Firefox/151.0	f	User not found	2026-06-15 07:17:00.883317+00
43	5812b1b1-28bd-4679-856f-0cfe1a635f74	SuperAdmin	::ffff:127.0.0.1	Mozilla/5.0 (Windows NT 10.0; Win64; x64; rv:151.0) Gecko/20100101 Firefox/151.0	t	\N	2026-06-15 07:17:16.400097+00
44	5812b1b1-28bd-4679-856f-0cfe1a635f74	SuperAdmin	::ffff:127.0.0.1	Mozilla/5.0 (Windows NT 10.0; Win64; x64; rv:151.0) Gecko/20100101 Firefox/151.0	t	\N	2026-06-15 07:18:10.50161+00
45	5812b1b1-28bd-4679-856f-0cfe1a635f74	SuperAdmin	::ffff:127.0.0.1	Mozilla/5.0 (Windows NT 10.0; Win64; x64; rv:151.0) Gecko/20100101 Firefox/151.0	t	\N	2026-06-15 07:19:01.019728+00
46	5812b1b1-28bd-4679-856f-0cfe1a635f74	SuperAdmin	::1	PostmanRuntime/7.51.1	t	\N	2026-06-15 07:33:59.317597+00
47	5812b1b1-28bd-4679-856f-0cfe1a635f74	SuperAdmin	::1	PostmanRuntime/7.51.1	f	Wrong password	2026-06-15 07:40:35.779826+00
48	5812b1b1-28bd-4679-856f-0cfe1a635f74	SuperAdmin	::1	PostmanRuntime/7.51.1	t	\N	2026-06-15 07:44:46.005315+00
49	5812b1b1-28bd-4679-856f-0cfe1a635f74	SuperAdmin	::1	PostmanRuntime/7.51.1	t	\N	2026-06-15 07:56:52.249846+00
50	5812b1b1-28bd-4679-856f-0cfe1a635f74	SuperAdmin	::1	PostmanRuntime/7.51.1	t	\N	2026-06-15 08:02:01.798949+00
51	5812b1b1-28bd-4679-856f-0cfe1a635f74	SuperAdmin	::1	PostmanRuntime/7.51.1	t	\N	2026-06-15 08:02:03.308763+00
52	5812b1b1-28bd-4679-856f-0cfe1a635f74	SuperAdmin	::1	PostmanRuntime/7.51.1	t	\N	2026-06-15 08:02:15.79806+00
53	5812b1b1-28bd-4679-856f-0cfe1a635f74	SuperAdmin	::1	PostmanRuntime/7.51.1	t	\N	2026-06-15 08:20:33.923998+00
54	5812b1b1-28bd-4679-856f-0cfe1a635f74	SuperAdmin	::1	PostmanRuntime/7.51.1	t	\N	2026-06-15 08:36:14.687204+00
55	5812b1b1-28bd-4679-856f-0cfe1a635f74	SuperAdmin	::1	PostmanRuntime/7.51.1	t	\N	2026-06-15 09:01:22.604136+00
56	5812b1b1-28bd-4679-856f-0cfe1a635f74	SuperAdmin	::1	PostmanRuntime/7.51.1	t	\N	2026-06-18 15:30:26.824714+00
57	5812b1b1-28bd-4679-856f-0cfe1a635f74	SuperAdmin	::1	PostmanRuntime/7.51.1	t	\N	2026-06-18 15:45:38.238545+00
58	5812b1b1-28bd-4679-856f-0cfe1a635f74	SuperAdmin	::1	PostmanRuntime/7.51.1	t	\N	2026-06-19 03:50:19.817432+00
59	5812b1b1-28bd-4679-856f-0cfe1a635f74	SuperAdmin	::1	PostmanRuntime/7.51.1	t	\N	2026-06-19 04:16:27.414561+00
60	5812b1b1-28bd-4679-856f-0cfe1a635f74	SuperAdmin	::1	PostmanRuntime/7.51.1	t	\N	2026-06-19 06:12:00.376289+00
61	5812b1b1-28bd-4679-856f-0cfe1a635f74	SuperAdmin	::1	PostmanRuntime/7.51.1	t	\N	2026-06-19 06:21:50.517537+00
62	5812b1b1-28bd-4679-856f-0cfe1a635f74	SuperAdmin	::1	PostmanRuntime/7.51.1	t	\N	2026-06-19 06:37:08.115978+00
63	5812b1b1-28bd-4679-856f-0cfe1a635f74	SuperAdmin	::1	PostmanRuntime/7.51.1	t	\N	2026-06-19 06:53:09.369251+00
64	5812b1b1-28bd-4679-856f-0cfe1a635f74	SuperAdmin	::1	PostmanRuntime/7.51.1	t	\N	2026-06-19 07:05:12.542508+00
65	5812b1b1-28bd-4679-856f-0cfe1a635f74	SuperAdmin	::1	PostmanRuntime/7.51.1	t	\N	2026-06-19 13:58:23.613166+00
66	81241023-9bac-4e7f-b200-5617c4567a82	austinray981	::1	PostmanRuntime/7.51.1	t	\N	2026-06-19 14:30:59.336588+00
67	81241023-9bac-4e7f-b200-5617c4567a82	austinray981	::1	PostmanRuntime/7.51.1	t	\N	2026-06-19 14:31:45.70597+00
68	81241023-9bac-4e7f-b200-5617c4567a82	austinray981	::1	PostmanRuntime/7.51.1	t	\N	2026-06-19 14:32:37.32899+00
69	81241023-9bac-4e7f-b200-5617c4567a82	austinray981	::1	PostmanRuntime/7.51.1	t	\N	2026-06-19 14:33:57.466877+00
70	81241023-9bac-4e7f-b200-5617c4567a82	austinray981	::1	PostmanRuntime/7.51.1	t	\N	2026-06-21 05:36:16.27486+00
71	81241023-9bac-4e7f-b200-5617c4567a82	austinray981	::1	PostmanRuntime/7.51.1	t	\N	2026-06-23 05:58:34.91895+00
72	81241023-9bac-4e7f-b200-5617c4567a82	austinray981	::1	PostmanRuntime/7.51.1	t	\N	2026-06-23 06:03:13.12394+00
73	81241023-9bac-4e7f-b200-5617c4567a82	austinray981	::1	PostmanRuntime/7.51.1	t	\N	2026-06-23 06:03:37.05931+00
74	81241023-9bac-4e7f-b200-5617c4567a82	austinray981	::1	PostmanRuntime/7.51.1	t	\N	2026-06-23 06:43:25.848476+00
75	81241023-9bac-4e7f-b200-5617c4567a82	austinray981	::ffff:127.0.0.1	Mozilla/5.0 (Windows NT 10.0; Win64; x64; rv:152.0) Gecko/20100101 Firefox/152.0	t	\N	2026-06-23 06:43:47.252869+00
76	81241023-9bac-4e7f-b200-5617c4567a82	austinray981	::ffff:127.0.0.1	Mozilla/5.0 (Windows NT 10.0; Win64; x64; rv:152.0) Gecko/20100101 Firefox/152.0	t	\N	2026-06-23 07:20:41.188314+00
77	\N	EMP001	::ffff:127.0.0.1	Mozilla/5.0 (Windows NT 10.0; Win64; x64; rv:152.0) Gecko/20100101 Firefox/152.0	f	User not found	2026-06-23 07:22:18.953144+00
78	\N	EMP001	::ffff:127.0.0.1	Mozilla/5.0 (Windows NT 10.0; Win64; x64; rv:152.0) Gecko/20100101 Firefox/152.0	f	User not found	2026-06-23 07:22:20.066822+00
79	\N	EMP001	::ffff:127.0.0.1	Mozilla/5.0 (Windows NT 10.0; Win64; x64; rv:152.0) Gecko/20100101 Firefox/152.0	f	User not found	2026-06-23 07:22:20.678507+00
80	\N	EMP001	::ffff:127.0.0.1	Mozilla/5.0 (Windows NT 10.0; Win64; x64; rv:152.0) Gecko/20100101 Firefox/152.0	f	User not found	2026-06-23 07:22:21.232672+00
81	\N	EMP001	::ffff:127.0.0.1	Mozilla/5.0 (Windows NT 10.0; Win64; x64; rv:152.0) Gecko/20100101 Firefox/152.0	f	User not found	2026-06-23 07:22:21.692295+00
82	\N	EMP001	::ffff:127.0.0.1	Mozilla/5.0 (Windows NT 10.0; Win64; x64; rv:152.0) Gecko/20100101 Firefox/152.0	f	User not found	2026-06-23 07:22:22.140888+00
83	\N	EMP001	::ffff:127.0.0.1	Mozilla/5.0 (Windows NT 10.0; Win64; x64; rv:152.0) Gecko/20100101 Firefox/152.0	f	User not found	2026-06-23 07:22:22.996132+00
84	\N	EMP001	::ffff:127.0.0.1	Mozilla/5.0 (Windows NT 10.0; Win64; x64; rv:152.0) Gecko/20100101 Firefox/152.0	f	User not found	2026-06-23 07:22:23.279339+00
85	\N	EMP001	::ffff:127.0.0.1	Mozilla/5.0 (Windows NT 10.0; Win64; x64; rv:152.0) Gecko/20100101 Firefox/152.0	f	User not found	2026-06-23 07:22:23.988698+00
86	\N	EMP001	::ffff:127.0.0.1	Mozilla/5.0 (Windows NT 10.0; Win64; x64; rv:152.0) Gecko/20100101 Firefox/152.0	f	User not found	2026-06-23 07:22:24.336546+00
87	\N	EMP001	::ffff:127.0.0.1	Mozilla/5.0 (Windows NT 10.0; Win64; x64; rv:152.0) Gecko/20100101 Firefox/152.0	f	User not found	2026-06-23 07:22:24.521728+00
88	\N	EMP001	::ffff:127.0.0.1	Mozilla/5.0 (Windows NT 10.0; Win64; x64; rv:152.0) Gecko/20100101 Firefox/152.0	f	User not found	2026-06-23 07:22:30.250003+00
89	\N	EMP001	::ffff:127.0.0.1	Mozilla/5.0 (Windows NT 10.0; Win64; x64; rv:152.0) Gecko/20100101 Firefox/152.0	f	User not found	2026-06-23 07:22:31.859142+00
90	\N	EMP001	::ffff:127.0.0.1	Mozilla/5.0 (Windows NT 10.0; Win64; x64; rv:152.0) Gecko/20100101 Firefox/152.0	f	User not found	2026-06-23 07:22:32.411833+00
91	\N	EMP001	::ffff:127.0.0.1	Mozilla/5.0 (Windows NT 10.0; Win64; x64; rv:152.0) Gecko/20100101 Firefox/152.0	f	User not found	2026-06-23 07:22:36.831424+00
92	\N	EMP001	::ffff:127.0.0.1	Mozilla/5.0 (Windows NT 10.0; Win64; x64; rv:152.0) Gecko/20100101 Firefox/152.0	f	User not found	2026-06-23 07:22:37.288712+00
93	\N	EMP001	::ffff:127.0.0.1	Mozilla/5.0 (Windows NT 10.0; Win64; x64; rv:152.0) Gecko/20100101 Firefox/152.0	f	User not found	2026-06-23 07:22:37.466597+00
94	\N	EMP001	::ffff:127.0.0.1	Mozilla/5.0 (Windows NT 10.0; Win64; x64; rv:152.0) Gecko/20100101 Firefox/152.0	f	User not found	2026-06-23 07:22:37.610657+00
95	\N	EMP001	::ffff:127.0.0.1	Mozilla/5.0 (Windows NT 10.0; Win64; x64; rv:152.0) Gecko/20100101 Firefox/152.0	f	User not found	2026-06-23 07:22:37.784245+00
96	\N	EMP001	::ffff:127.0.0.1	Mozilla/5.0 (Windows NT 10.0; Win64; x64; rv:152.0) Gecko/20100101 Firefox/152.0	f	User not found	2026-06-23 10:17:46.073558+00
97	81241023-9bac-4e7f-b200-5617c4567a82	austinray981	::ffff:127.0.0.1	Mozilla/5.0 (Windows NT 10.0; Win64; x64; rv:152.0) Gecko/20100101 Firefox/152.0	t	\N	2026-06-23 10:17:59.129136+00
98	81241023-9bac-4e7f-b200-5617c4567a82	austinray981	::ffff:127.0.0.1	Mozilla/5.0 (Windows NT 10.0; Win64; x64; rv:152.0) Gecko/20100101 Firefox/152.0	t	\N	2026-06-23 14:05:44.863955+00
99	0156e34c-d0ee-4c3d-a8bc-64dd6f3474ce	austinray980	::1	PostmanRuntime/7.51.1	f	Wrong password	2026-06-24 16:37:16.405731+00
100	0156e34c-d0ee-4c3d-a8bc-64dd6f3474ce	austinray980	::1	PostmanRuntime/7.51.1	f	Wrong password	2026-06-24 16:37:36.037699+00
101	0156e34c-d0ee-4c3d-a8bc-64dd6f3474ce	austinray980	::1	PostmanRuntime/7.51.1	f	Wrong password	2026-06-24 16:37:45.032105+00
102	0156e34c-d0ee-4c3d-a8bc-64dd6f3474ce	austinray980	::1	PostmanRuntime/7.51.1	f	Wrong password	2026-06-24 16:37:46.791148+00
103	0156e34c-d0ee-4c3d-a8bc-64dd6f3474ce	austinray980	::1	PostmanRuntime/7.51.1	f	Wrong password	2026-06-24 16:37:50.100605+00
104	0156e34c-d0ee-4c3d-a8bc-64dd6f3474ce	austinray980	::1	PostmanRuntime/7.51.1	f	Wrong password	2026-06-24 16:37:55.271878+00
105	5812b1b1-28bd-4679-856f-0cfe1a635f74	SuperAdmin	::1	PostmanRuntime/7.51.1	f	Wrong password	2026-06-24 16:38:07.251052+00
106	9911cd9d-92ff-403f-8a34-0e23d34194be	austinray110	::1	PostmanRuntime/7.51.1	f	Wrong password	2026-06-24 16:38:23.718954+00
107	9911cd9d-92ff-403f-8a34-0e23d34194be	austinray110	::1	PostmanRuntime/7.51.1	f	Wrong password	2026-06-24 16:39:35.299743+00
108	0381c952-e65c-4d85-bbf2-18dcbf582e7c	austinray29	::1	PostmanRuntime/7.51.1	f	Wrong password	2026-06-24 16:39:41.61635+00
109	0156e34c-d0ee-4c3d-a8bc-64dd6f3474ce	austinray980	::1	PostmanRuntime/7.51.1	f	Wrong password	2026-06-24 16:39:55.605271+00
110	2022a81a-68c4-4df2-a6c0-0f1f218d0942	supervisor01	::1	PostmanRuntime/7.51.1	f	Wrong password	2026-06-24 16:40:14.956902+00
111	81241023-9bac-4e7f-b200-5617c4567a82	austinray981	::1	PostmanRuntime/7.51.1	t	\N	2026-06-24 16:40:22.408289+00
112	81241023-9bac-4e7f-b200-5617c4567a82	austinray981	::1	PostmanRuntime/7.51.1	f	Wrong password	2026-06-24 16:41:40.747373+00
113	81241023-9bac-4e7f-b200-5617c4567a82	austinray981	::1	PostmanRuntime/7.51.1	t	\N	2026-06-24 16:41:51.059401+00
114	81241023-9bac-4e7f-b200-5617c4567a82	austinray981	::ffff:127.0.0.1	Mozilla/5.0 (Windows NT 10.0; Win64; x64; rv:152.0) Gecko/20100101 Firefox/152.0	f	Wrong password	2026-06-24 16:44:35.699455+00
115	81241023-9bac-4e7f-b200-5617c4567a82	austinray981	::ffff:127.0.0.1	Mozilla/5.0 (Windows NT 10.0; Win64; x64; rv:152.0) Gecko/20100101 Firefox/152.0	f	Wrong password	2026-06-24 16:44:39.708354+00
116	81241023-9bac-4e7f-b200-5617c4567a82	austinray981	::ffff:127.0.0.1	Mozilla/5.0 (Windows NT 10.0; Win64; x64; rv:152.0) Gecko/20100101 Firefox/152.0	f	Wrong password	2026-06-24 16:44:40.775931+00
117	81241023-9bac-4e7f-b200-5617c4567a82	austinray981	::1	PostmanRuntime/7.51.1	f	Wrong password	2026-06-24 16:44:46.660382+00
118	81241023-9bac-4e7f-b200-5617c4567a82	austinray981	::1	PostmanRuntime/7.51.1	f	Wrong password	2026-06-24 16:44:48.138858+00
119	81241023-9bac-4e7f-b200-5617c4567a82	austinray981	::1	PostmanRuntime/7.51.1	f	Wrong password	2026-06-24 16:44:48.941+00
120	81241023-9bac-4e7f-b200-5617c4567a82	austinray981	::1	PostmanRuntime/7.51.1	f	Wrong password	2026-06-24 16:44:49.920136+00
121	81241023-9bac-4e7f-b200-5617c4567a82	austinray981	::1	PostmanRuntime/7.51.1	f	Wrong password	2026-06-24 16:44:50.494622+00
122	81241023-9bac-4e7f-b200-5617c4567a82	austinray981	::1	PostmanRuntime/7.51.1	t	\N	2026-06-24 16:46:51.460268+00
123	81241023-9bac-4e7f-b200-5617c4567a82	austinray981	::ffff:127.0.0.1	Mozilla/5.0 (Windows NT 10.0; Win64; x64; rv:152.0) Gecko/20100101 Firefox/152.0	t	\N	2026-06-24 16:46:58.303324+00
124	81241023-9bac-4e7f-b200-5617c4567a82	austinray981	::ffff:127.0.0.1	Mozilla/5.0 (Windows NT 10.0; Win64; x64; rv:152.0) Gecko/20100101 Firefox/152.0	t	\N	2026-06-24 17:33:16.810079+00
125	81241023-9bac-4e7f-b200-5617c4567a82	austinray981	::ffff:127.0.0.1	Mozilla/5.0 (Windows NT 10.0; Win64; x64; rv:152.0) Gecko/20100101 Firefox/152.0	t	\N	2026-06-25 03:24:59.146358+00
126	81241023-9bac-4e7f-b200-5617c4567a82	austinray981	::1	PostmanRuntime/7.51.1	t	\N	2026-06-25 03:40:42.011031+00
127	81241023-9bac-4e7f-b200-5617c4567a82	austinray981	::ffff:127.0.0.1	Mozilla/5.0 (Windows NT 10.0; Win64; x64; rv:152.0) Gecko/20100101 Firefox/152.0	t	\N	2026-06-25 03:43:17.799796+00
128	81241023-9bac-4e7f-b200-5617c4567a82	austinray981	::1	PostmanRuntime/7.51.1	f	Account deactivated	2026-06-25 04:05:40.636579+00
129	81241023-9bac-4e7f-b200-5617c4567a82	austinray981	::1	PostmanRuntime/7.51.1	f	Account deactivated	2026-06-25 04:05:42.252517+00
130	81241023-9bac-4e7f-b200-5617c4567a82	austinray981	::ffff:127.0.0.1	Mozilla/5.0 (Windows NT 10.0; Win64; x64; rv:152.0) Gecko/20100101 Firefox/152.0	t	\N	2026-06-25 04:10:22.494709+00
131	81241023-9bac-4e7f-b200-5617c4567a82	austinray981	::ffff:127.0.0.1	Mozilla/5.0 (Windows NT 10.0; Win64; x64; rv:152.0) Gecko/20100101 Firefox/152.0	t	\N	2026-06-25 04:41:41.689878+00
132	81241023-9bac-4e7f-b200-5617c4567a82	austinray981	::1	PostmanRuntime/7.51.1	t	\N	2026-06-25 04:41:48.854918+00
133	81241023-9bac-4e7f-b200-5617c4567a82	austinray981	::ffff:127.0.0.1	Mozilla/5.0 (Windows NT 10.0; Win64; x64; rv:152.0) Gecko/20100101 Firefox/152.0	t	\N	2026-06-25 04:42:15.118376+00
134	\N	austin981	::ffff:127.0.0.1	Mozilla/5.0 (Windows NT 10.0; Win64; x64; rv:152.0) Gecko/20100101 Firefox/152.0	f	User not found	2026-06-25 06:32:04.872614+00
135	\N	austin981	::ffff:127.0.0.1	Mozilla/5.0 (Windows NT 10.0; Win64; x64; rv:152.0) Gecko/20100101 Firefox/152.0	f	User not found	2026-06-25 06:32:05.619192+00
136	81241023-9bac-4e7f-b200-5617c4567a82	austinray981	::ffff:127.0.0.1	Mozilla/5.0 (Windows NT 10.0; Win64; x64; rv:152.0) Gecko/20100101 Firefox/152.0	t	\N	2026-06-25 06:32:10.503894+00
137	81241023-9bac-4e7f-b200-5617c4567a82	austinray981	::1	PostmanRuntime/7.51.1	t	\N	2026-06-25 06:32:55.027953+00
138	81241023-9bac-4e7f-b200-5617c4567a82	austinray981	::1	PostmanRuntime/7.51.1	t	\N	2026-06-25 06:33:08.621816+00
139	81241023-9bac-4e7f-b200-5617c4567a82	austinray981	::ffff:127.0.0.1	Mozilla/5.0 (Windows NT 10.0; Win64; x64; rv:152.0) Gecko/20100101 Firefox/152.0	t	\N	2026-06-25 06:33:47.577882+00
140	81241023-9bac-4e7f-b200-5617c4567a82	austinray981	::ffff:127.0.0.1	Mozilla/5.0 (Windows NT 10.0; Win64; x64; rv:152.0) Gecko/20100101 Firefox/152.0	t	\N	2026-06-25 07:52:41.392212+00
141	81241023-9bac-4e7f-b200-5617c4567a82	austinray981	::ffff:127.0.0.1	Mozilla/5.0 (Windows NT 10.0; Win64; x64; rv:152.0) Gecko/20100101 Firefox/152.0	t	\N	2026-06-25 08:18:31.177333+00
142	81241023-9bac-4e7f-b200-5617c4567a82	austinray981	::ffff:127.0.0.1	Mozilla/5.0 (Windows NT 10.0; Win64; x64; rv:152.0) Gecko/20100101 Firefox/152.0	t	\N	2026-06-25 11:12:14.918808+00
143	81241023-9bac-4e7f-b200-5617c4567a82	austinray981	::ffff:127.0.0.1	Mozilla/5.0 (Windows NT 10.0; Win64; x64; rv:152.0) Gecko/20100101 Firefox/152.0	t	\N	2026-06-25 13:27:16.617364+00
144	81241023-9bac-4e7f-b200-5617c4567a82	austinray981	::ffff:127.0.0.1	Mozilla/5.0 (Windows NT 10.0; Win64; x64; rv:152.0) Gecko/20100101 Firefox/152.0	t	\N	2026-06-25 15:02:52.255205+00
145	81241023-9bac-4e7f-b200-5617c4567a82	austinray981	::ffff:127.0.0.1	Mozilla/5.0 (Windows NT 10.0; Win64; x64; rv:152.0) Gecko/20100101 Firefox/152.0	t	\N	2026-06-25 15:04:28.354124+00
146	81241023-9bac-4e7f-b200-5617c4567a82	austinray981	::ffff:127.0.0.1	Mozilla/5.0 (Windows NT 10.0; Win64; x64; rv:152.0) Gecko/20100101 Firefox/152.0	t	\N	2026-06-25 15:05:29.503045+00
147	81241023-9bac-4e7f-b200-5617c4567a82	austinray981	::ffff:127.0.0.1	Mozilla/5.0 (Windows NT 10.0; Win64; x64; rv:152.0) Gecko/20100101 Firefox/152.0	t	\N	2026-06-25 15:06:58.944263+00
148	\N	EMP001	::ffff:127.0.0.1	Mozilla/5.0 (Windows NT 10.0; Win64; x64; rv:152.0) Gecko/20100101 Firefox/152.0	f	User not found	2026-06-25 15:07:32.384588+00
149	\N	EMP001	::ffff:127.0.0.1	Mozilla/5.0 (Windows NT 10.0; Win64; x64; rv:152.0) Gecko/20100101 Firefox/152.0	f	User not found	2026-06-25 15:07:33.745157+00
150	\N	EMP001	::ffff:127.0.0.1	Mozilla/5.0 (Windows NT 10.0; Win64; x64; rv:152.0) Gecko/20100101 Firefox/152.0	f	User not found	2026-06-25 15:07:34.24807+00
151	\N	EMP001	::ffff:127.0.0.1	Mozilla/5.0 (Windows NT 10.0; Win64; x64; rv:152.0) Gecko/20100101 Firefox/152.0	f	User not found	2026-06-25 15:07:34.646844+00
152	\N	EMP001	::ffff:127.0.0.1	Mozilla/5.0 (Windows NT 10.0; Win64; x64; rv:152.0) Gecko/20100101 Firefox/152.0	f	User not found	2026-06-25 15:07:35.02214+00
153	\N	EMP001	::ffff:127.0.0.1	Mozilla/5.0 (Windows NT 10.0; Win64; x64; rv:152.0) Gecko/20100101 Firefox/152.0	f	User not found	2026-06-25 15:07:35.409144+00
154	\N	EMP001	::ffff:127.0.0.1	Mozilla/5.0 (Windows NT 10.0; Win64; x64; rv:152.0) Gecko/20100101 Firefox/152.0	f	User not found	2026-06-25 15:07:35.836834+00
155	\N	EMP001	::ffff:127.0.0.1	Mozilla/5.0 (Windows NT 10.0; Win64; x64; rv:152.0) Gecko/20100101 Firefox/152.0	f	User not found	2026-06-25 15:07:38.444529+00
156	\N	EMP001	::ffff:127.0.0.1	Mozilla/5.0 (Windows NT 10.0; Win64; x64; rv:152.0) Gecko/20100101 Firefox/152.0	f	User not found	2026-06-25 15:07:44.507006+00
157	\N	EMP001	::ffff:127.0.0.1	Mozilla/5.0 (Windows NT 10.0; Win64; x64; rv:152.0) Gecko/20100101 Firefox/152.0	f	User not found	2026-06-25 15:07:45.465987+00
158	81241023-9bac-4e7f-b200-5617c4567a82	austinray981	::ffff:127.0.0.1	Mozilla/5.0 (Windows NT 10.0; Win64; x64; rv:152.0) Gecko/20100101 Firefox/152.0	t	\N	2026-06-25 15:07:51.351973+00
159	81241023-9bac-4e7f-b200-5617c4567a82	austinray981	::ffff:127.0.0.1	Mozilla/5.0 (Windows NT 10.0; Win64; x64; rv:152.0) Gecko/20100101 Firefox/152.0	t	\N	2026-06-25 15:08:37.601064+00
160	81241023-9bac-4e7f-b200-5617c4567a82	austinray981	::ffff:127.0.0.1	Mozilla/5.0 (Windows NT 10.0; Win64; x64; rv:152.0) Gecko/20100101 Firefox/152.0	t	\N	2026-06-26 00:55:47.926472+00
161	81241023-9bac-4e7f-b200-5617c4567a82	austinray981	::ffff:127.0.0.1	Mozilla/5.0 (Windows NT 10.0; Win64; x64; rv:152.0) Gecko/20100101 Firefox/152.0	t	\N	2026-06-26 02:51:57.224994+00
162	81241023-9bac-4e7f-b200-5617c4567a82	austinray981	::ffff:127.0.0.1	Mozilla/5.0 (Windows NT 10.0; Win64; x64; rv:152.0) Gecko/20100101 Firefox/152.0	t	\N	2026-06-26 03:17:50.913642+00
163	81241023-9bac-4e7f-b200-5617c4567a82	austinray981	::ffff:127.0.0.1	Mozilla/5.0 (Windows NT 10.0; Win64; x64; rv:152.0) Gecko/20100101 Firefox/152.0	t	\N	2026-06-26 08:35:47.486985+00
164	81241023-9bac-4e7f-b200-5617c4567a82	austinray981	::ffff:127.0.0.1	Mozilla/5.0 (Windows NT 10.0; Win64; x64; rv:152.0) Gecko/20100101 Firefox/152.0	t	\N	2026-06-26 10:03:45.755605+00
165	81241023-9bac-4e7f-b200-5617c4567a82	austinray981	::1	PostmanRuntime/7.51.1	t	\N	2026-06-29 15:54:47.154295+00
166	81241023-9bac-4e7f-b200-5617c4567a82	austinray981	::1	Mozilla/5.0 (Windows NT 10.0; Win64; x64) AppleWebKit/537.36 (KHTML, like Gecko) Chrome/149.0.0.0 Safari/537.36 Edg/149.0.0.0	t	\N	2026-06-29 15:54:50.827328+00
167	81241023-9bac-4e7f-b200-5617c4567a82	austinray981	::1	Mozilla/5.0 (Windows NT 10.0; Win64; x64) AppleWebKit/537.36 (KHTML, like Gecko) Chrome/149.0.0.0 Safari/537.36 Edg/149.0.0.0	t	\N	2026-06-29 16:39:18.172336+00
168	81241023-9bac-4e7f-b200-5617c4567a82	austinray981	::ffff:127.0.0.1	Mozilla/5.0 (Windows NT 10.0; Win64; x64; rv:152.0) Gecko/20100101 Firefox/152.0	t	\N	2026-06-30 01:56:20.633701+00
169	81241023-9bac-4e7f-b200-5617c4567a82	austinray981	::1	PostmanRuntime/7.51.1	t	\N	2026-06-30 02:03:28.695187+00
170	81241023-9bac-4e7f-b200-5617c4567a82	austinray981	::ffff:127.0.0.1	Mozilla/5.0 (Windows NT 10.0; Win64; x64; rv:152.0) Gecko/20100101 Firefox/152.0	t	\N	2026-06-30 02:06:31.791174+00
171	81241023-9bac-4e7f-b200-5617c4567a82	austinray981	::ffff:127.0.0.1	Mozilla/5.0 (Windows NT 10.0; Win64; x64; rv:152.0) Gecko/20100101 Firefox/152.0	t	\N	2026-06-30 04:41:02.018937+00
172	81241023-9bac-4e7f-b200-5617c4567a82	austinray981	::ffff:127.0.0.1	Mozilla/5.0 (Windows NT 10.0; Win64; x64; rv:152.0) Gecko/20100101 Firefox/152.0	t	\N	2026-06-30 12:57:31.231109+00
173	81241023-9bac-4e7f-b200-5617c4567a82	austinray981	::1	PostmanRuntime/7.51.1	t	\N	2026-07-05 11:24:03.230874+00
174	81241023-9bac-4e7f-b200-5617c4567a82	austinray981	::ffff:127.0.0.1	Mozilla/5.0 (Windows NT 10.0; Win64; x64; rv:152.0) Gecko/20100101 Firefox/152.0	t	\N	2026-07-05 11:24:13.569284+00
175	81241023-9bac-4e7f-b200-5617c4567a82	austinray981	::ffff:127.0.0.1	Mozilla/5.0 (Windows NT 10.0; Win64; x64; rv:152.0) Gecko/20100101 Firefox/152.0	t	\N	2026-07-06 04:53:40.339761+00
176	81241023-9bac-4e7f-b200-5617c4567a82	austinray981	::ffff:127.0.0.1	Mozilla/5.0 (Windows NT 10.0; Win64; x64; rv:152.0) Gecko/20100101 Firefox/152.0	t	\N	2026-07-06 07:29:41.049906+00
177	81241023-9bac-4e7f-b200-5617c4567a82	austinray981	::ffff:127.0.0.1	Mozilla/5.0 (Windows NT 10.0; Win64; x64; rv:152.0) Gecko/20100101 Firefox/152.0	t	\N	2026-07-06 07:29:50.469046+00
178	81241023-9bac-4e7f-b200-5617c4567a82	austinray981	::ffff:127.0.0.1	Mozilla/5.0 (Windows NT 10.0; Win64; x64; rv:152.0) Gecko/20100101 Firefox/152.0	t	\N	2026-07-06 07:30:02.406817+00
179	81241023-9bac-4e7f-b200-5617c4567a82	austinray981	::ffff:127.0.0.1	Mozilla/5.0 (Windows NT 10.0; Win64; x64; rv:152.0) Gecko/20100101 Firefox/152.0	t	\N	2026-07-06 07:49:54.387385+00
180	81241023-9bac-4e7f-b200-5617c4567a82	austinray981	::ffff:127.0.0.1	Mozilla/5.0 (Windows NT 10.0; Win64; x64; rv:152.0) Gecko/20100101 Firefox/152.0	t	\N	2026-07-06 09:03:35.13249+00
181	81241023-9bac-4e7f-b200-5617c4567a82	austinray981	::ffff:127.0.0.1	Mozilla/5.0 (Windows NT 10.0; Win64; x64; rv:152.0) Gecko/20100101 Firefox/152.0	t	\N	2026-07-06 15:31:56.535075+00
182	81241023-9bac-4e7f-b200-5617c4567a82	austinray981	::ffff:127.0.0.1	Mozilla/5.0 (Windows NT 10.0; Win64; x64; rv:152.0) Gecko/20100101 Firefox/152.0	t	\N	2026-07-06 16:34:41.090062+00
183	81241023-9bac-4e7f-b200-5617c4567a82	austinray981	::ffff:127.0.0.1	Mozilla/5.0 (Windows NT 10.0; Win64; x64; rv:152.0) Gecko/20100101 Firefox/152.0	t	\N	2026-07-07 00:30:02.153581+00
184	81241023-9bac-4e7f-b200-5617c4567a82	austinray981	::ffff:127.0.0.1	Mozilla/5.0 (Windows NT 10.0; Win64; x64; rv:152.0) Gecko/20100101 Firefox/152.0	t	\N	2026-07-07 05:28:19.886018+00
185	81241023-9bac-4e7f-b200-5617c4567a82	austinray981	::ffff:127.0.0.1	Mozilla/5.0 (Windows NT 10.0; Win64; x64; rv:152.0) Gecko/20100101 Firefox/152.0	t	\N	2026-07-07 06:02:29.322825+00
186	81241023-9bac-4e7f-b200-5617c4567a82	austinray981	::ffff:127.0.0.1	Mozilla/5.0 (Windows NT 10.0; Win64; x64; rv:152.0) Gecko/20100101 Firefox/152.0	t	\N	2026-07-07 06:02:35.890049+00
187	81241023-9bac-4e7f-b200-5617c4567a82	austinray981	::ffff:127.0.0.1	Mozilla/5.0 (Windows NT 10.0; Win64; x64; rv:152.0) Gecko/20100101 Firefox/152.0	f	Wrong password	2026-07-07 06:33:38.565009+00
188	81241023-9bac-4e7f-b200-5617c4567a82	austinray981	::ffff:127.0.0.1	Mozilla/5.0 (Windows NT 10.0; Win64; x64; rv:152.0) Gecko/20100101 Firefox/152.0	t	\N	2026-07-07 06:33:41.220215+00
189	\N	austinrat981	::ffff:127.0.0.1	Mozilla/5.0 (Windows NT 10.0; Win64; x64; rv:152.0) Gecko/20100101 Firefox/152.0	f	User not found	2026-07-07 07:31:04.862738+00
190	81241023-9bac-4e7f-b200-5617c4567a82	austinray981	::ffff:127.0.0.1	Mozilla/5.0 (Windows NT 10.0; Win64; x64; rv:152.0) Gecko/20100101 Firefox/152.0	t	\N	2026-07-07 07:31:09.559746+00
191	81241023-9bac-4e7f-b200-5617c4567a82	austinray981	::ffff:127.0.0.1	Mozilla/5.0 (Windows NT 10.0; Win64; x64; rv:152.0) Gecko/20100101 Firefox/152.0	t	\N	2026-07-07 07:51:00.604763+00
192	81241023-9bac-4e7f-b200-5617c4567a82	austinray981	::ffff:127.0.0.1	Mozilla/5.0 (Windows NT 10.0; Win64; x64; rv:152.0) Gecko/20100101 Firefox/152.0	t	\N	2026-07-08 00:34:59.73126+00
193	81241023-9bac-4e7f-b200-5617c4567a82	austinray981	::ffff:127.0.0.1	Mozilla/5.0 (Windows NT 10.0; Win64; x64; rv:152.0) Gecko/20100101 Firefox/152.0	t	\N	2026-07-08 01:17:26.748118+00
194	81241023-9bac-4e7f-b200-5617c4567a82	austinray981	::ffff:127.0.0.1	Mozilla/5.0 (Windows NT 10.0; Win64; x64; rv:152.0) Gecko/20100101 Firefox/152.0	t	\N	2026-07-08 01:47:47.739006+00
195	81241023-9bac-4e7f-b200-5617c4567a82	austinray981	::ffff:127.0.0.1	Mozilla/5.0 (Windows NT 10.0; Win64; x64; rv:152.0) Gecko/20100101 Firefox/152.0	t	\N	2026-07-08 01:51:02.819539+00
196	81241023-9bac-4e7f-b200-5617c4567a82	austinray981	::ffff:127.0.0.1	Mozilla/5.0 (Windows NT 10.0; Win64; x64; rv:152.0) Gecko/20100101 Firefox/152.0	t	\N	2026-07-08 02:06:18.506408+00
197	81241023-9bac-4e7f-b200-5617c4567a82	austinray981	::ffff:127.0.0.1	Mozilla/5.0 (Windows NT 10.0; Win64; x64; rv:152.0) Gecko/20100101 Firefox/152.0	t	\N	2026-07-08 02:08:56.055966+00
198	81241023-9bac-4e7f-b200-5617c4567a82	austinray981	::ffff:127.0.0.1	Mozilla/5.0 (Windows NT 10.0; Win64; x64; rv:152.0) Gecko/20100101 Firefox/152.0	t	\N	2026-07-08 03:24:00.056924+00
199	81241023-9bac-4e7f-b200-5617c4567a82	austinray981	::ffff:127.0.0.1	Mozilla/5.0 (Windows NT 10.0; Win64; x64; rv:152.0) Gecko/20100101 Firefox/152.0	t	\N	2026-07-08 05:21:43.527066+00
200	81241023-9bac-4e7f-b200-5617c4567a82	austinray981	::ffff:127.0.0.1	Mozilla/5.0 (Windows NT 10.0; Win64; x64; rv:152.0) Gecko/20100101 Firefox/152.0	t	\N	2026-07-08 05:59:23.216806+00
201	81241023-9bac-4e7f-b200-5617c4567a82	austinray981	::ffff:127.0.0.1	Mozilla/5.0 (Windows NT 10.0; Win64; x64; rv:152.0) Gecko/20100101 Firefox/152.0	t	\N	2026-07-11 03:24:33.171948+00
202	81241023-9bac-4e7f-b200-5617c4567a82	austinray981	::ffff:127.0.0.1	Mozilla/5.0 (Windows NT 10.0; Win64; x64; rv:152.0) Gecko/20100101 Firefox/152.0	t	\N	2026-07-11 04:29:15.856168+00
203	b37183be-35d0-4ff1-9e11-1e1da8d485b7	ryan	::ffff:127.0.0.1	Mozilla/5.0 (iPhone; CPU iPhone OS 12_0 like Mac OS X) AppleWebKit/604.1.38 (KHTML, like Gecko) Version/12.0 Mobile/15A372 Safari/604.1	t	\N	2026-07-11 04:30:40.625373+00
204	81241023-9bac-4e7f-b200-5617c4567a82	austinray981	::ffff:127.0.0.1	Mozilla/5.0 (Windows NT 10.0; Win64; x64; rv:152.0) Gecko/20100101 Firefox/152.0	t	\N	2026-07-11 04:32:45.460484+00
205	81241023-9bac-4e7f-b200-5617c4567a82	austinray981	::ffff:127.0.0.1	Mozilla/5.0 (Windows NT 10.0; Win64; x64; rv:152.0) Gecko/20100101 Firefox/152.0	t	\N	2026-07-11 04:32:58.789487+00
206	b37183be-35d0-4ff1-9e11-1e1da8d485b7	ryan	::ffff:127.0.0.1	Mozilla/5.0 (Windows NT 10.0; Win64; x64; rv:153.0) Gecko/20100101 Firefox/153.0	t	\N	2026-07-24 15:55:03.989403+00
207	b37183be-35d0-4ff1-9e11-1e1da8d485b7	ryan	::ffff:127.0.0.1	Mozilla/5.0 (Windows NT 10.0; Win64; x64; rv:153.0) Gecko/20100101 Firefox/153.0	t	\N	2026-07-24 15:55:35.806187+00
208	81241023-9bac-4e7f-b200-5617c4567a82	austinray981	::ffff:127.0.0.1	Mozilla/5.0 (Windows NT 10.0; Win64; x64; rv:153.0) Gecko/20100101 Firefox/153.0	t	\N	2026-07-24 15:56:52.70449+00
209	81241023-9bac-4e7f-b200-5617c4567a82	austinray981	::ffff:127.0.0.1	Mozilla/5.0 (Windows NT 10.0; Win64; x64; rv:153.0) Gecko/20100101 Firefox/153.0	t	\N	2026-07-25 03:35:28.302595+00
210	81241023-9bac-4e7f-b200-5617c4567a82	austinray981	::ffff:127.0.0.1	Mozilla/5.0 (Windows NT 10.0; Win64; x64; rv:153.0) Gecko/20100101 Firefox/153.0	t	\N	2026-07-25 03:56:35.159431+00
211	81241023-9bac-4e7f-b200-5617c4567a82	austinray981	::ffff:127.0.0.1	Mozilla/5.0 (Windows NT 10.0; Win64; x64; rv:153.0) Gecko/20100101 Firefox/153.0	t	\N	2026-07-25 04:08:13.274493+00
212	81241023-9bac-4e7f-b200-5617c4567a82	austinray981	127.0.0.1	Mozilla/5.0 (Windows NT 10.0; Win64; x64; rv:153.0) Gecko/20100101 Firefox/153.0	t	\N	2026-07-25 06:15:07.261862+00
213	81241023-9bac-4e7f-b200-5617c4567a82	austinray981	127.0.0.1	Mozilla/5.0 (Windows NT 10.0; Win64; x64; rv:153.0) Gecko/20100101 Firefox/153.0	t	\N	2026-07-25 06:15:18.789186+00
\.


--
-- Data for Name: messenger_branch_priorities; Type: TABLE DATA; Schema: public; Owner: mmegsi_user
--

COPY public.messenger_branch_priorities (id, messenger_id, branch_id, priority, created_at, updated_at) FROM stdin;
6f071418-67d1-4264-a38b-d85d2bc0bada	b37183be-35d0-4ff1-9e11-1e1da8d485b7	82bf6049-ecff-4da9-9637-91e2a5cc26e0	1	2026-07-07 07:34:14.496252+00	2026-07-07 07:34:14.496252+00
cc035223-0e2d-4602-bb75-1449c98db046	b37183be-35d0-4ff1-9e11-1e1da8d485b7	ee791073-3ca5-4501-95db-5f3ead5afa07	2	2026-07-07 07:34:14.496252+00	2026-07-07 07:34:14.496252+00
\.


--
-- Data for Name: messenger_coverage; Type: TABLE DATA; Schema: public; Owner: mmegsi_user
--

COPY public.messenger_coverage (id, branch_id, absent_messenger_id, absent_messenger_name, covering_messenger_id, covering_messenger_name, effective_from, effective_to, reason, assigned_by, assigned_by_name, created_at) FROM stdin;
\.


--
-- Data for Name: parcel_photos; Type: TABLE DATA; Schema: public; Owner: mmegsi_user
--

COPY public.parcel_photos (id, parcel_type_id, file_name, file_url, file_size_kb, uploaded_by, created_at) FROM stdin;
\.


--
-- Data for Name: parcel_types; Type: TABLE DATA; Schema: public; Owner: mmegsi_user
--

COPY public.parcel_types (id, type, client_id, material, penalty_if_lost, hotline, contract_end, status, created_at, updated_at) FROM stdin;
\.


--
-- Data for Name: subscribers; Type: TABLE DATA; Schema: public; Owner: mmegsi_user
--

COPY public.subscribers (id, full_name, branch_id, client_id, sin, meter_no, address, latitude, longitude, is_active, created_at, updated_at) FROM stdin;
\.


--
-- Data for Name: undelivered_reasons; Type: TABLE DATA; Schema: public; Owner: mmegsi_user
--

COPY public.undelivered_reasons (id, reason, client_id, status, created_at, updated_at) FROM stdin;
\.


--
-- Data for Name: user_token_cutoff; Type: TABLE DATA; Schema: public; Owner: mmegsi_user
--

COPY public.user_token_cutoff (user_id, cutoff_at) FROM stdin;
b37183be-35d0-4ff1-9e11-1e1da8d485b7	2026-07-24 15:55:34.802826+00
81241023-9bac-4e7f-b200-5617c4567a82	2026-07-25 06:15:17.781685+00
5812b1b1-28bd-4679-856f-0cfe1a635f74	2026-06-19 13:58:22.600054+00
\.


--
-- Data for Name: zone_coverage; Type: TABLE DATA; Schema: public; Owner: mmegsi_user
--

COPY public.zone_coverage (id, zone_id, branch_id, regular_messenger_id, regular_messenger_name, covering_messenger_id, covering_messenger_name, effective_from, effective_to, reason, assigned_by, assigned_by_name, created_at, updated_at) FROM stdin;
\.



--
-- Name: _migrations _migrations_pkey; Type: CONSTRAINT; Schema: public; Owner: mmegsi_user
--

ALTER TABLE ONLY public._migrations
    ADD CONSTRAINT _migrations_pkey PRIMARY KEY (name);


--
-- Name: app_content app_content_pkey; Type: CONSTRAINT; Schema: public; Owner: mmegsi_user
--

ALTER TABLE ONLY public.app_content
    ADD CONSTRAINT app_content_pkey PRIMARY KEY (id);


--
-- Name: app_content app_content_slug_unique; Type: CONSTRAINT; Schema: public; Owner: mmegsi_user
--

ALTER TABLE ONLY public.app_content
    ADD CONSTRAINT app_content_slug_unique UNIQUE (slug);


--
-- Name: audit_log audit_log_pkey; Type: CONSTRAINT; Schema: public; Owner: mmegsi_user
--

ALTER TABLE ONLY public.audit_log
    ADD CONSTRAINT audit_log_pkey PRIMARY KEY (id);


--
-- Name: bill_recipient_deliveries bill_recipient_deliveries_client_uuid_key; Type: CONSTRAINT; Schema: public; Owner: mmegsi_user
--

ALTER TABLE ONLY public.bill_recipient_deliveries
    ADD CONSTRAINT bill_recipient_deliveries_client_uuid_key UNIQUE (client_uuid);


--
-- Name: bill_recipient_deliveries bill_recipient_deliveries_pkey; Type: CONSTRAINT; Schema: public; Owner: mmegsi_user
--

ALTER TABLE ONLY public.bill_recipient_deliveries
    ADD CONSTRAINT bill_recipient_deliveries_pkey PRIMARY KEY (id);


--
-- Name: bill_recipients bill_recipients_pkey; Type: CONSTRAINT; Schema: public; Owner: mmegsi_user
--

ALTER TABLE ONLY public.bill_recipients
    ADD CONSTRAINT bill_recipients_pkey PRIMARY KEY (id);


--
-- Name: branch_clients branch_clients_pkey; Type: CONSTRAINT; Schema: public; Owner: mmegsi_user
--

ALTER TABLE ONLY public.branch_clients
    ADD CONSTRAINT branch_clients_pkey PRIMARY KEY (branch_id, client_id);


--
-- Name: branch_photos branch_photos_pkey; Type: CONSTRAINT; Schema: public; Owner: mmegsi_user
--

ALTER TABLE ONLY public.branch_photos
    ADD CONSTRAINT branch_photos_pkey PRIMARY KEY (id);


--
-- Name: branch_zones branch_zones_pkey; Type: CONSTRAINT; Schema: public; Owner: mmegsi_user
--

ALTER TABLE ONLY public.branch_zones
    ADD CONSTRAINT branch_zones_pkey PRIMARY KEY (id);


--
-- Name: branches branches_name_key; Type: CONSTRAINT; Schema: public; Owner: mmegsi_user
--

ALTER TABLE ONLY public.branches
    ADD CONSTRAINT branches_name_key UNIQUE (name);


--
-- Name: branches branches_pkey; Type: CONSTRAINT; Schema: public; Owner: mmegsi_user
--

ALTER TABLE ONLY public.branches
    ADD CONSTRAINT branches_pkey PRIMARY KEY (id);


--
-- Name: clients clients_name_key; Type: CONSTRAINT; Schema: public; Owner: mmegsi_user
--

ALTER TABLE ONLY public.clients
    ADD CONSTRAINT clients_name_key UNIQUE (name);


--
-- Name: clients clients_pkey; Type: CONSTRAINT; Schema: public; Owner: mmegsi_user
--

ALTER TABLE ONLY public.clients
    ADD CONSTRAINT clients_pkey PRIMARY KEY (id);


--
-- Name: delivery_items delivery_items_delivery_run_id_subscriber_id_key; Type: CONSTRAINT; Schema: public; Owner: mmegsi_user
--

ALTER TABLE ONLY public.delivery_items
    ADD CONSTRAINT delivery_items_delivery_run_id_subscriber_id_key UNIQUE (delivery_run_id, subscriber_id);


--
-- Name: delivery_items delivery_items_pkey; Type: CONSTRAINT; Schema: public; Owner: mmegsi_user
--

ALTER TABLE ONLY public.delivery_items
    ADD CONSTRAINT delivery_items_pkey PRIMARY KEY (id);


--
-- Name: delivery_proof_photos delivery_proof_photos_pkey; Type: CONSTRAINT; Schema: public; Owner: mmegsi_user
--

ALTER TABLE ONLY public.delivery_proof_photos
    ADD CONSTRAINT delivery_proof_photos_pkey PRIMARY KEY (id);


--
-- Name: delivery_runs delivery_runs_pkey; Type: CONSTRAINT; Schema: public; Owner: mmegsi_user
--

ALTER TABLE ONLY public.delivery_runs
    ADD CONSTRAINT delivery_runs_pkey PRIMARY KEY (id);


--
-- Name: delivery_undelivered_log delivery_undelivered_log_pkey; Type: CONSTRAINT; Schema: public; Owner: mmegsi_user
--

ALTER TABLE ONLY public.delivery_undelivered_log
    ADD CONSTRAINT delivery_undelivered_log_pkey PRIMARY KEY (id);


--
-- Name: import_batches import_batches_pkey; Type: CONSTRAINT; Schema: public; Owner: mmegsi_user
--

ALTER TABLE ONLY public.import_batches
    ADD CONSTRAINT import_batches_pkey PRIMARY KEY (id);


--
-- Name: import_staging import_staging_pkey; Type: CONSTRAINT; Schema: public; Owner: mmegsi_user
--

ALTER TABLE ONLY public.import_staging
    ADD CONSTRAINT import_staging_pkey PRIMARY KEY (id);


--
-- Name: login_history login_history_pkey; Type: CONSTRAINT; Schema: public; Owner: mmegsi_user
--

ALTER TABLE ONLY public.login_history
    ADD CONSTRAINT login_history_pkey PRIMARY KEY (id);


--
-- Name: messenger_branch_priorities messenger_branch_priorities_messenger_id_branch_id_key; Type: CONSTRAINT; Schema: public; Owner: mmegsi_user
--

ALTER TABLE ONLY public.messenger_branch_priorities
    ADD CONSTRAINT messenger_branch_priorities_messenger_id_branch_id_key UNIQUE (messenger_id, branch_id);


--
-- Name: messenger_branch_priorities messenger_branch_priorities_pkey; Type: CONSTRAINT; Schema: public; Owner: mmegsi_user
--

ALTER TABLE ONLY public.messenger_branch_priorities
    ADD CONSTRAINT messenger_branch_priorities_pkey PRIMARY KEY (id);


--
-- Name: messenger_coverage messenger_coverage_pkey; Type: CONSTRAINT; Schema: public; Owner: mmegsi_user
--

ALTER TABLE ONLY public.messenger_coverage
    ADD CONSTRAINT messenger_coverage_pkey PRIMARY KEY (id);


--
-- Name: parcel_photos parcel_photos_pkey; Type: CONSTRAINT; Schema: public; Owner: mmegsi_user
--

ALTER TABLE ONLY public.parcel_photos
    ADD CONSTRAINT parcel_photos_pkey PRIMARY KEY (id);


--
-- Name: parcel_types parcel_types_pkey; Type: CONSTRAINT; Schema: public; Owner: mmegsi_user
--

ALTER TABLE ONLY public.parcel_types
    ADD CONSTRAINT parcel_types_pkey PRIMARY KEY (id);


--
-- Name: subscribers subscribers_pkey; Type: CONSTRAINT; Schema: public; Owner: mmegsi_user
--

ALTER TABLE ONLY public.subscribers
    ADD CONSTRAINT subscribers_pkey PRIMARY KEY (id);


--
-- Name: subscribers subscribers_sin_key; Type: CONSTRAINT; Schema: public; Owner: mmegsi_user
--

ALTER TABLE ONLY public.subscribers
    ADD CONSTRAINT subscribers_sin_key UNIQUE (sin);


--
-- Name: undelivered_reasons undelivered_reasons_pkey; Type: CONSTRAINT; Schema: public; Owner: mmegsi_user
--

ALTER TABLE ONLY public.undelivered_reasons
    ADD CONSTRAINT undelivered_reasons_pkey PRIMARY KEY (id);


--
-- Name: user_token_cutoff user_token_cutoff_pkey; Type: CONSTRAINT; Schema: public; Owner: mmegsi_user
--

ALTER TABLE ONLY public.user_token_cutoff
    ADD CONSTRAINT user_token_cutoff_pkey PRIMARY KEY (user_id);


--
-- Name: zone_coverage zone_coverage_pkey; Type: CONSTRAINT; Schema: public; Owner: mmegsi_user
--

ALTER TABLE ONLY public.zone_coverage
    ADD CONSTRAINT zone_coverage_pkey PRIMARY KEY (id);


--
-- Name: idx_app_content_type; Type: INDEX; Schema: public; Owner: mmegsi_user
--

CREATE INDEX idx_app_content_type ON public.app_content USING btree (type);


--
-- Name: idx_audit_created_at; Type: INDEX; Schema: public; Owner: mmegsi_user
--

CREATE INDEX idx_audit_created_at ON public.audit_log USING btree (created_at);


--
-- Name: idx_audit_table_name; Type: INDEX; Schema: public; Owner: mmegsi_user
--

CREATE INDEX idx_audit_table_name ON public.audit_log USING btree (table_name);


--
-- Name: idx_audit_user_id; Type: INDEX; Schema: public; Owner: mmegsi_user
--

CREATE INDEX idx_audit_user_id ON public.audit_log USING btree (user_id);


--
-- Name: idx_bill_recipients_branch_id; Type: INDEX; Schema: public; Owner: mmegsi_user
--

CREATE INDEX idx_bill_recipients_branch_id ON public.bill_recipients USING btree (branch_id);


--
-- Name: idx_bill_recipients_employee_id; Type: INDEX; Schema: public; Owner: mmegsi_user
--

CREATE INDEX idx_bill_recipients_employee_id ON public.bill_recipients USING btree (employee_id);


--
-- Name: idx_bill_recipients_meter_no; Type: INDEX; Schema: public; Owner: mmegsi_user
--

CREATE INDEX idx_bill_recipients_meter_no ON public.bill_recipients USING btree (meter_no);


--
-- Name: idx_bill_recipients_meter_norm; Type: INDEX; Schema: public; Owner: mmegsi_user
--

CREATE INDEX idx_bill_recipients_meter_norm ON public.bill_recipients USING btree (upper(TRIM(BOTH FROM meter_no)));


--
-- Name: idx_bill_recipients_name_trgm; Type: INDEX; Schema: public; Owner: mmegsi_user
--

CREATE INDEX idx_bill_recipients_name_trgm ON public.bill_recipients USING gin (name public.gin_trgm_ops);


--
-- Name: idx_bill_recipients_route_label; Type: INDEX; Schema: public; Owner: mmegsi_user
--

CREATE INDEX idx_bill_recipients_route_label ON public.bill_recipients USING btree (route);


--
-- Name: idx_bill_recipients_sin_norm; Type: INDEX; Schema: public; Owner: mmegsi_user
--

CREATE INDEX idx_bill_recipients_sin_norm ON public.bill_recipients USING btree (upper(TRIM(BOTH FROM sin_number)));


--
-- Name: idx_bill_recipients_sin_trgm; Type: INDEX; Schema: public; Owner: mmegsi_user
--

CREATE INDEX idx_bill_recipients_sin_trgm ON public.bill_recipients USING gin (sin_number public.gin_trgm_ops);


--
-- Name: idx_bill_recipients_source_batch; Type: INDEX; Schema: public; Owner: mmegsi_user
--

CREATE INDEX idx_bill_recipients_source_batch ON public.bill_recipients USING btree (source_batch);


--
-- Name: idx_bill_recipients_unique_sin; Type: INDEX; Schema: public; Owner: mmegsi_user
--

CREATE UNIQUE INDEX idx_bill_recipients_unique_sin ON public.bill_recipients USING btree (branch_id, sin_number) WHERE (sin_number IS NOT NULL);


--
-- Name: idx_bill_recipients_unique_subscriber; Type: INDEX; Schema: public; Owner: mmegsi_user
--

CREATE UNIQUE INDEX idx_bill_recipients_unique_subscriber ON public.bill_recipients USING btree (branch_id, lower(TRIM(BOTH FROM name)), lower(TRIM(BOTH FROM address)));


--
-- Name: idx_bill_recipients_zone_id; Type: INDEX; Schema: public; Owner: mmegsi_user
--

CREATE INDEX idx_bill_recipients_zone_id ON public.bill_recipients USING btree (zone_id);


--
-- Name: idx_branch_photos_branch_id; Type: INDEX; Schema: public; Owner: mmegsi_user
--

CREATE INDEX idx_branch_photos_branch_id ON public.branch_photos USING btree (branch_id);


--
-- Name: idx_branch_zones_branch_id; Type: INDEX; Schema: public; Owner: mmegsi_user
--

CREATE INDEX idx_branch_zones_branch_id ON public.branch_zones USING btree (branch_id);


--
-- Name: idx_branch_zones_messenger_id; Type: INDEX; Schema: public; Owner: mmegsi_user
--

CREATE INDEX idx_branch_zones_messenger_id ON public.branch_zones USING btree (assigned_messenger_id);


--
-- Name: idx_brd_bill_recipient; Type: INDEX; Schema: public; Owner: mmegsi_user
--

CREATE INDEX idx_brd_bill_recipient ON public.bill_recipient_deliveries USING btree (bill_recipient_id);


--
-- Name: idx_brd_delivered_at; Type: INDEX; Schema: public; Owner: mmegsi_user
--

CREATE INDEX idx_brd_delivered_at ON public.bill_recipient_deliveries USING btree (delivered_at);


--
-- Name: idx_brd_messenger; Type: INDEX; Schema: public; Owner: mmegsi_user
--

CREATE INDEX idx_brd_messenger ON public.bill_recipient_deliveries USING btree (messenger_id);


--
-- Name: idx_import_batches_branch_id; Type: INDEX; Schema: public; Owner: mmegsi_user
--

CREATE INDEX idx_import_batches_branch_id ON public.import_batches USING btree (branch_id);


--
-- Name: idx_import_batches_status; Type: INDEX; Schema: public; Owner: mmegsi_user
--

CREATE INDEX idx_import_batches_status ON public.import_batches USING btree (status);


--
-- Name: idx_import_batches_uploaded_by; Type: INDEX; Schema: public; Owner: mmegsi_user
--

CREATE INDEX idx_import_batches_uploaded_by ON public.import_batches USING btree (uploaded_by);


--
-- Name: idx_items_run_id; Type: INDEX; Schema: public; Owner: mmegsi_user
--

CREATE INDEX idx_items_run_id ON public.delivery_items USING btree (delivery_run_id);


--
-- Name: idx_items_status; Type: INDEX; Schema: public; Owner: mmegsi_user
--

CREATE INDEX idx_items_status ON public.delivery_items USING btree (status);


--
-- Name: idx_items_subscriber; Type: INDEX; Schema: public; Owner: mmegsi_user
--

CREATE INDEX idx_items_subscriber ON public.delivery_items USING btree (subscriber_id);


--
-- Name: idx_login_history_logged_at; Type: INDEX; Schema: public; Owner: mmegsi_user
--

CREATE INDEX idx_login_history_logged_at ON public.login_history USING btree (logged_at);


--
-- Name: idx_login_history_user_id; Type: INDEX; Schema: public; Owner: mmegsi_user
--

CREATE INDEX idx_login_history_user_id ON public.login_history USING btree (user_id);


--
-- Name: idx_messenger_branch_priorities_messenger; Type: INDEX; Schema: public; Owner: mmegsi_user
--

CREATE INDEX idx_messenger_branch_priorities_messenger ON public.messenger_branch_priorities USING btree (messenger_id, priority);


--
-- Name: idx_messenger_coverage_covering; Type: INDEX; Schema: public; Owner: mmegsi_user
--

CREATE INDEX idx_messenger_coverage_covering ON public.messenger_coverage USING btree (covering_messenger_id, effective_from, effective_to);


--
-- Name: idx_messenger_coverage_lookup; Type: INDEX; Schema: public; Owner: mmegsi_user
--

CREATE INDEX idx_messenger_coverage_lookup ON public.messenger_coverage USING btree (branch_id, absent_messenger_id, effective_from, effective_to);


--
-- Name: idx_proof_photos_item_id; Type: INDEX; Schema: public; Owner: mmegsi_user
--

CREATE INDEX idx_proof_photos_item_id ON public.delivery_proof_photos USING btree (delivery_item_id);


--
-- Name: idx_runs_branch_id; Type: INDEX; Schema: public; Owner: mmegsi_user
--

CREATE INDEX idx_runs_branch_id ON public.delivery_runs USING btree (branch_id);


--
-- Name: idx_runs_branch_period_status; Type: INDEX; Schema: public; Owner: mmegsi_user
--

CREATE INDEX idx_runs_branch_period_status ON public.delivery_runs USING btree (branch_id, period_month, status);


--
-- Name: idx_runs_period_month; Type: INDEX; Schema: public; Owner: mmegsi_user
--

CREATE INDEX idx_runs_period_month ON public.delivery_runs USING btree (period_month);


--
-- Name: idx_runs_run_date; Type: INDEX; Schema: public; Owner: mmegsi_user
--

CREATE INDEX idx_runs_run_date ON public.delivery_runs USING btree (run_date);


--
-- Name: idx_staging_batch_id; Type: INDEX; Schema: public; Owner: mmegsi_user
--

CREATE INDEX idx_staging_batch_id ON public.import_staging USING btree (batch_id);


--
-- Name: idx_staging_status; Type: INDEX; Schema: public; Owner: mmegsi_user
--

CREATE INDEX idx_staging_status ON public.import_staging USING btree (status);


--
-- Name: idx_subscribers_branch_id; Type: INDEX; Schema: public; Owner: mmegsi_user
--

CREATE INDEX idx_subscribers_branch_id ON public.subscribers USING btree (branch_id);


--
-- Name: idx_subscribers_meter_no; Type: INDEX; Schema: public; Owner: mmegsi_user
--

CREATE INDEX idx_subscribers_meter_no ON public.subscribers USING btree (meter_no);


--
-- Name: idx_subscribers_meter_norm; Type: INDEX; Schema: public; Owner: mmegsi_user
--

CREATE INDEX idx_subscribers_meter_norm ON public.subscribers USING btree (upper(TRIM(BOTH FROM meter_no)));


--
-- Name: idx_subscribers_sin; Type: INDEX; Schema: public; Owner: mmegsi_user
--

CREATE INDEX idx_subscribers_sin ON public.subscribers USING btree (sin);


--
-- Name: idx_subscribers_sin_norm; Type: INDEX; Schema: public; Owner: mmegsi_user
--

CREATE INDEX idx_subscribers_sin_norm ON public.subscribers USING btree (upper(TRIM(BOTH FROM sin)));


--
-- Name: idx_undelivered_log_item_id; Type: INDEX; Schema: public; Owner: mmegsi_user
--

CREATE INDEX idx_undelivered_log_item_id ON public.delivery_undelivered_log USING btree (delivery_item_id);


--
-- Name: idx_undelivered_log_reason; Type: INDEX; Schema: public; Owner: mmegsi_user
--

CREATE INDEX idx_undelivered_log_reason ON public.delivery_undelivered_log USING btree (reason_id);


--
-- Name: idx_zone_coverage_branch_id; Type: INDEX; Schema: public; Owner: mmegsi_user
--

CREATE INDEX idx_zone_coverage_branch_id ON public.zone_coverage USING btree (branch_id);


--
-- Name: idx_zone_coverage_covering; Type: INDEX; Schema: public; Owner: mmegsi_user
--

CREATE INDEX idx_zone_coverage_covering ON public.zone_coverage USING btree (covering_messenger_id);


--
-- Name: idx_zone_coverage_effective; Type: INDEX; Schema: public; Owner: mmegsi_user
--

CREATE INDEX idx_zone_coverage_effective ON public.zone_coverage USING btree (effective_from, effective_to);


--
-- Name: idx_zone_coverage_zone_id; Type: INDEX; Schema: public; Owner: mmegsi_user
--

CREATE INDEX idx_zone_coverage_zone_id ON public.zone_coverage USING btree (zone_id);


--
-- Name: uidx_app_content_slug; Type: INDEX; Schema: public; Owner: mmegsi_user
--

CREATE UNIQUE INDEX uidx_app_content_slug ON public.app_content USING btree (slug) WHERE (slug IS NOT NULL);


--
-- Name: uq_branch_zones_branch_name; Type: INDEX; Schema: public; Owner: mmegsi_user
--

CREATE UNIQUE INDEX uq_branch_zones_branch_name ON public.branch_zones USING btree (branch_id, lower(TRIM(BOTH FROM name)));


--
-- Name: bill_recipients trg_bill_recipients_employee_must_be_messenger; Type: TRIGGER; Schema: public; Owner: mmegsi_user
--

CREATE TRIGGER trg_bill_recipients_employee_must_be_messenger BEFORE INSERT OR UPDATE OF employee_id ON public.bill_recipients FOR EACH ROW EXECUTE FUNCTION public.fn_bill_recipients_employee_must_be_messenger();


--
-- Name: messenger_branch_priorities trg_messenger_branch_priorities_must_be_messenger; Type: TRIGGER; Schema: public; Owner: mmegsi_user
--

CREATE TRIGGER trg_messenger_branch_priorities_must_be_messenger BEFORE INSERT OR UPDATE ON public.messenger_branch_priorities FOR EACH ROW EXECUTE FUNCTION public.fn_messenger_branch_priorities_must_be_messenger();


--
-- Name: messenger_coverage trg_messenger_coverage_must_be_messengers; Type: TRIGGER; Schema: public; Owner: mmegsi_user
--

CREATE TRIGGER trg_messenger_coverage_must_be_messengers BEFORE INSERT OR UPDATE ON public.messenger_coverage FOR EACH ROW EXECUTE FUNCTION public.fn_messenger_coverage_must_be_messengers();


--
-- Name: app_content app_content_created_by_fkey; Type: FK CONSTRAINT; Schema: public; Owner: mmegsi_user
--

ALTER TABLE ONLY public.app_content
    ADD CONSTRAINT app_content_created_by_fkey FOREIGN KEY (created_by) REFERENCES public.users(id) ON DELETE SET NULL;


--
-- Name: audit_log audit_log_user_id_fkey; Type: FK CONSTRAINT; Schema: public; Owner: mmegsi_user
--

ALTER TABLE ONLY public.audit_log
    ADD CONSTRAINT audit_log_user_id_fkey FOREIGN KEY (user_id) REFERENCES public.users(id) ON DELETE SET NULL;


--
-- Name: bill_recipient_deliveries bill_recipient_deliveries_bill_recipient_id_fkey; Type: FK CONSTRAINT; Schema: public; Owner: mmegsi_user
--

ALTER TABLE ONLY public.bill_recipient_deliveries
    ADD CONSTRAINT bill_recipient_deliveries_bill_recipient_id_fkey FOREIGN KEY (bill_recipient_id) REFERENCES public.bill_recipients(id) ON DELETE CASCADE;


--
-- Name: bill_recipient_deliveries bill_recipient_deliveries_messenger_id_fkey; Type: FK CONSTRAINT; Schema: public; Owner: mmegsi_user
--

ALTER TABLE ONLY public.bill_recipient_deliveries
    ADD CONSTRAINT bill_recipient_deliveries_messenger_id_fkey FOREIGN KEY (messenger_id) REFERENCES public.users(id);


--
-- Name: bill_recipients bill_recipients_branch_id_fkey; Type: FK CONSTRAINT; Schema: public; Owner: mmegsi_user
--

ALTER TABLE ONLY public.bill_recipients
    ADD CONSTRAINT bill_recipients_branch_id_fkey FOREIGN KEY (branch_id) REFERENCES public.branches(id) ON DELETE SET NULL;


--
-- Name: bill_recipients bill_recipients_employee_id_fkey; Type: FK CONSTRAINT; Schema: public; Owner: mmegsi_user
--

ALTER TABLE ONLY public.bill_recipients
    ADD CONSTRAINT bill_recipients_employee_id_fkey FOREIGN KEY (employee_id) REFERENCES public.users(id) ON DELETE SET NULL;


--
-- Name: bill_recipients bill_recipients_source_batch_fkey; Type: FK CONSTRAINT; Schema: public; Owner: mmegsi_user
--

ALTER TABLE ONLY public.bill_recipients
    ADD CONSTRAINT bill_recipients_source_batch_fkey FOREIGN KEY (source_batch) REFERENCES public.import_batches(id) ON DELETE SET NULL;


--
-- Name: bill_recipients bill_recipients_zone_id_fkey; Type: FK CONSTRAINT; Schema: public; Owner: mmegsi_user
--

ALTER TABLE ONLY public.bill_recipients
    ADD CONSTRAINT bill_recipients_zone_id_fkey FOREIGN KEY (zone_id) REFERENCES public.branch_zones(id) ON DELETE SET NULL;


--
-- Name: branch_clients branch_clients_branch_id_fkey; Type: FK CONSTRAINT; Schema: public; Owner: mmegsi_user
--

ALTER TABLE ONLY public.branch_clients
    ADD CONSTRAINT branch_clients_branch_id_fkey FOREIGN KEY (branch_id) REFERENCES public.branches(id) ON DELETE CASCADE;


--
-- Name: branch_clients branch_clients_client_id_fkey; Type: FK CONSTRAINT; Schema: public; Owner: mmegsi_user
--

ALTER TABLE ONLY public.branch_clients
    ADD CONSTRAINT branch_clients_client_id_fkey FOREIGN KEY (client_id) REFERENCES public.clients(id) ON DELETE CASCADE;


--
-- Name: branch_photos branch_photos_branch_id_fkey; Type: FK CONSTRAINT; Schema: public; Owner: mmegsi_user
--

ALTER TABLE ONLY public.branch_photos
    ADD CONSTRAINT branch_photos_branch_id_fkey FOREIGN KEY (branch_id) REFERENCES public.branches(id) ON DELETE CASCADE;


--
-- Name: branch_photos branch_photos_uploaded_by_fkey; Type: FK CONSTRAINT; Schema: public; Owner: mmegsi_user
--

ALTER TABLE ONLY public.branch_photos
    ADD CONSTRAINT branch_photos_uploaded_by_fkey FOREIGN KEY (uploaded_by) REFERENCES public.users(id);


--
-- Name: branch_zones branch_zones_branch_id_fkey; Type: FK CONSTRAINT; Schema: public; Owner: mmegsi_user
--

ALTER TABLE ONLY public.branch_zones
    ADD CONSTRAINT branch_zones_branch_id_fkey FOREIGN KEY (branch_id) REFERENCES public.branches(id) ON DELETE CASCADE;


--
-- Name: delivery_items delivery_items_delivery_run_id_fkey; Type: FK CONSTRAINT; Schema: public; Owner: mmegsi_user
--

ALTER TABLE ONLY public.delivery_items
    ADD CONSTRAINT delivery_items_delivery_run_id_fkey FOREIGN KEY (delivery_run_id) REFERENCES public.delivery_runs(id) ON DELETE CASCADE;


--
-- Name: delivery_items delivery_items_subscriber_id_fkey; Type: FK CONSTRAINT; Schema: public; Owner: mmegsi_user
--

ALTER TABLE ONLY public.delivery_items
    ADD CONSTRAINT delivery_items_subscriber_id_fkey FOREIGN KEY (subscriber_id) REFERENCES public.subscribers(id);


--
-- Name: delivery_proof_photos delivery_proof_photos_delivery_item_id_fkey; Type: FK CONSTRAINT; Schema: public; Owner: mmegsi_user
--

ALTER TABLE ONLY public.delivery_proof_photos
    ADD CONSTRAINT delivery_proof_photos_delivery_item_id_fkey FOREIGN KEY (delivery_item_id) REFERENCES public.delivery_items(id) ON DELETE CASCADE;


--
-- Name: delivery_proof_photos delivery_proof_photos_uploaded_by_fkey; Type: FK CONSTRAINT; Schema: public; Owner: mmegsi_user
--

ALTER TABLE ONLY public.delivery_proof_photos
    ADD CONSTRAINT delivery_proof_photos_uploaded_by_fkey FOREIGN KEY (uploaded_by) REFERENCES public.users(id) ON DELETE SET NULL;


--
-- Name: delivery_runs delivery_runs_branch_id_fkey; Type: FK CONSTRAINT; Schema: public; Owner: mmegsi_user
--

ALTER TABLE ONLY public.delivery_runs
    ADD CONSTRAINT delivery_runs_branch_id_fkey FOREIGN KEY (branch_id) REFERENCES public.branches(id);


--
-- Name: delivery_runs delivery_runs_created_by_fkey; Type: FK CONSTRAINT; Schema: public; Owner: mmegsi_user
--

ALTER TABLE ONLY public.delivery_runs
    ADD CONSTRAINT delivery_runs_created_by_fkey FOREIGN KEY (created_by) REFERENCES public.users(id) ON DELETE SET NULL;


--
-- Name: delivery_runs delivery_runs_messenger_id_fkey; Type: FK CONSTRAINT; Schema: public; Owner: mmegsi_user
--

ALTER TABLE ONLY public.delivery_runs
    ADD CONSTRAINT delivery_runs_messenger_id_fkey FOREIGN KEY (messenger_id) REFERENCES public.users(id) ON DELETE SET NULL;


--
-- Name: delivery_runs delivery_runs_parcel_type_id_fkey; Type: FK CONSTRAINT; Schema: public; Owner: mmegsi_user
--

ALTER TABLE ONLY public.delivery_runs
    ADD CONSTRAINT delivery_runs_parcel_type_id_fkey FOREIGN KEY (parcel_type_id) REFERENCES public.parcel_types(id);


--
-- Name: delivery_undelivered_log delivery_undelivered_log_delivery_item_id_fkey; Type: FK CONSTRAINT; Schema: public; Owner: mmegsi_user
--

ALTER TABLE ONLY public.delivery_undelivered_log
    ADD CONSTRAINT delivery_undelivered_log_delivery_item_id_fkey FOREIGN KEY (delivery_item_id) REFERENCES public.delivery_items(id) ON DELETE CASCADE;


--
-- Name: delivery_undelivered_log delivery_undelivered_log_reason_id_fkey; Type: FK CONSTRAINT; Schema: public; Owner: mmegsi_user
--

ALTER TABLE ONLY public.delivery_undelivered_log
    ADD CONSTRAINT delivery_undelivered_log_reason_id_fkey FOREIGN KEY (reason_id) REFERENCES public.undelivered_reasons(id);


--
-- Name: import_batches import_batches_assigned_messenger_id_fkey; Type: FK CONSTRAINT; Schema: public; Owner: mmegsi_user
--

ALTER TABLE ONLY public.import_batches
    ADD CONSTRAINT import_batches_assigned_messenger_id_fkey FOREIGN KEY (assigned_messenger_id) REFERENCES public.users(id) ON DELETE SET NULL;


--
-- Name: import_batches import_batches_branch_id_fkey; Type: FK CONSTRAINT; Schema: public; Owner: mmegsi_user
--

ALTER TABLE ONLY public.import_batches
    ADD CONSTRAINT import_batches_branch_id_fkey FOREIGN KEY (branch_id) REFERENCES public.branches(id) ON DELETE SET NULL;


--
-- Name: import_batches import_batches_uploaded_by_fkey; Type: FK CONSTRAINT; Schema: public; Owner: mmegsi_user
--

ALTER TABLE ONLY public.import_batches
    ADD CONSTRAINT import_batches_uploaded_by_fkey FOREIGN KEY (uploaded_by) REFERENCES public.users(id) ON DELETE SET NULL;


--
-- Name: import_staging import_staging_batch_id_fkey; Type: FK CONSTRAINT; Schema: public; Owner: mmegsi_user
--

ALTER TABLE ONLY public.import_staging
    ADD CONSTRAINT import_staging_batch_id_fkey FOREIGN KEY (batch_id) REFERENCES public.import_batches(id) ON DELETE CASCADE;


--
-- Name: login_history login_history_user_id_fkey; Type: FK CONSTRAINT; Schema: public; Owner: mmegsi_user
--

ALTER TABLE ONLY public.login_history
    ADD CONSTRAINT login_history_user_id_fkey FOREIGN KEY (user_id) REFERENCES public.users(id) ON DELETE SET NULL;


--
-- Name: messenger_branch_priorities messenger_branch_priorities_branch_id_fkey; Type: FK CONSTRAINT; Schema: public; Owner: mmegsi_user
--

ALTER TABLE ONLY public.messenger_branch_priorities
    ADD CONSTRAINT messenger_branch_priorities_branch_id_fkey FOREIGN KEY (branch_id) REFERENCES public.branches(id) ON DELETE CASCADE;


--
-- Name: messenger_branch_priorities messenger_branch_priorities_messenger_id_fkey; Type: FK CONSTRAINT; Schema: public; Owner: mmegsi_user
--

ALTER TABLE ONLY public.messenger_branch_priorities
    ADD CONSTRAINT messenger_branch_priorities_messenger_id_fkey FOREIGN KEY (messenger_id) REFERENCES public.users(id) ON DELETE CASCADE;


--
-- Name: messenger_coverage messenger_coverage_absent_messenger_id_fkey; Type: FK CONSTRAINT; Schema: public; Owner: mmegsi_user
--

ALTER TABLE ONLY public.messenger_coverage
    ADD CONSTRAINT messenger_coverage_absent_messenger_id_fkey FOREIGN KEY (absent_messenger_id) REFERENCES public.users(id);


--
-- Name: messenger_coverage messenger_coverage_assigned_by_fkey; Type: FK CONSTRAINT; Schema: public; Owner: mmegsi_user
--

ALTER TABLE ONLY public.messenger_coverage
    ADD CONSTRAINT messenger_coverage_assigned_by_fkey FOREIGN KEY (assigned_by) REFERENCES public.users(id);


--
-- Name: messenger_coverage messenger_coverage_branch_id_fkey; Type: FK CONSTRAINT; Schema: public; Owner: mmegsi_user
--

ALTER TABLE ONLY public.messenger_coverage
    ADD CONSTRAINT messenger_coverage_branch_id_fkey FOREIGN KEY (branch_id) REFERENCES public.branches(id) ON DELETE CASCADE;


--
-- Name: messenger_coverage messenger_coverage_covering_messenger_id_fkey; Type: FK CONSTRAINT; Schema: public; Owner: mmegsi_user
--

ALTER TABLE ONLY public.messenger_coverage
    ADD CONSTRAINT messenger_coverage_covering_messenger_id_fkey FOREIGN KEY (covering_messenger_id) REFERENCES public.users(id);


--
-- Name: parcel_photos parcel_photos_parcel_type_id_fkey; Type: FK CONSTRAINT; Schema: public; Owner: mmegsi_user
--

ALTER TABLE ONLY public.parcel_photos
    ADD CONSTRAINT parcel_photos_parcel_type_id_fkey FOREIGN KEY (parcel_type_id) REFERENCES public.parcel_types(id) ON DELETE CASCADE;


--
-- Name: parcel_photos parcel_photos_uploaded_by_fkey; Type: FK CONSTRAINT; Schema: public; Owner: mmegsi_user
--

ALTER TABLE ONLY public.parcel_photos
    ADD CONSTRAINT parcel_photos_uploaded_by_fkey FOREIGN KEY (uploaded_by) REFERENCES public.users(id);


--
-- Name: parcel_types parcel_types_client_id_fkey; Type: FK CONSTRAINT; Schema: public; Owner: mmegsi_user
--

ALTER TABLE ONLY public.parcel_types
    ADD CONSTRAINT parcel_types_client_id_fkey FOREIGN KEY (client_id) REFERENCES public.clients(id);


--
-- Name: subscribers subscribers_branch_id_fkey; Type: FK CONSTRAINT; Schema: public; Owner: mmegsi_user
--

ALTER TABLE ONLY public.subscribers
    ADD CONSTRAINT subscribers_branch_id_fkey FOREIGN KEY (branch_id) REFERENCES public.branches(id);


--
-- Name: subscribers subscribers_client_id_fkey; Type: FK CONSTRAINT; Schema: public; Owner: mmegsi_user
--

ALTER TABLE ONLY public.subscribers
    ADD CONSTRAINT subscribers_client_id_fkey FOREIGN KEY (client_id) REFERENCES public.clients(id);


--
-- Name: undelivered_reasons undelivered_reasons_client_id_fkey; Type: FK CONSTRAINT; Schema: public; Owner: mmegsi_user
--

ALTER TABLE ONLY public.undelivered_reasons
    ADD CONSTRAINT undelivered_reasons_client_id_fkey FOREIGN KEY (client_id) REFERENCES public.clients(id);


--
-- Name: user_token_cutoff user_token_cutoff_user_id_fkey; Type: FK CONSTRAINT; Schema: public; Owner: mmegsi_user
--

ALTER TABLE ONLY public.user_token_cutoff
    ADD CONSTRAINT user_token_cutoff_user_id_fkey FOREIGN KEY (user_id) REFERENCES public.users(id) ON DELETE CASCADE;


--
-- Name: zone_coverage zone_coverage_assigned_by_fkey; Type: FK CONSTRAINT; Schema: public; Owner: mmegsi_user
--

ALTER TABLE ONLY public.zone_coverage
    ADD CONSTRAINT zone_coverage_assigned_by_fkey FOREIGN KEY (assigned_by) REFERENCES public.users(id) ON DELETE SET NULL;


--
-- Name: zone_coverage zone_coverage_branch_id_fkey; Type: FK CONSTRAINT; Schema: public; Owner: mmegsi_user
--

ALTER TABLE ONLY public.zone_coverage
    ADD CONSTRAINT zone_coverage_branch_id_fkey FOREIGN KEY (branch_id) REFERENCES public.branches(id) ON DELETE CASCADE;


--
-- Name: zone_coverage zone_coverage_covering_messenger_id_fkey; Type: FK CONSTRAINT; Schema: public; Owner: mmegsi_user
--

ALTER TABLE ONLY public.zone_coverage
    ADD CONSTRAINT zone_coverage_covering_messenger_id_fkey FOREIGN KEY (covering_messenger_id) REFERENCES public.users(id) ON DELETE CASCADE;


--
-- Name: zone_coverage zone_coverage_regular_messenger_id_fkey; Type: FK CONSTRAINT; Schema: public; Owner: mmegsi_user
--

ALTER TABLE ONLY public.zone_coverage
    ADD CONSTRAINT zone_coverage_regular_messenger_id_fkey FOREIGN KEY (regular_messenger_id) REFERENCES public.users(id) ON DELETE SET NULL;


--
-- Name: zone_coverage zone_coverage_zone_id_fkey; Type: FK CONSTRAINT; Schema: public; Owner: mmegsi_user
--

ALTER TABLE ONLY public.zone_coverage
    ADD CONSTRAINT zone_coverage_zone_id_fkey FOREIGN KEY (zone_id) REFERENCES public.branch_zones(id) ON DELETE CASCADE;